000
CDUS43 KFSD 150645
CLIFSD


CLIMATE REPORT
NATIONAL WEATHER SERVICE SIOUX FALLS SD
144 AM CDT MON SEP 15 2014


...................................

...THE SIOUX FALLS SD CLIMATE SUMMARY FOR SEPTEMBER 14 2014...

CLIMATE NORMAL PERIOD 1981 TO 2010
CLIMATE RECORD PERIOD 1893 TO 2014


WEATHER ITEM   OBSERVED TIME   RECORD YEAR NORMAL DEPARTURE LAST
                VALUE   (LST)  VALUE       VALUE  FROM      YEAR
                                                  NORMAL
..................................................................
TEMPERATURE (F)
 YESTERDAY
  MAXIMUM         67    408 PM  97    1939  74     -7       71
  MINIMUM         40    636 AM  33    1949  50    -10       54
  AVERAGE         54                        62     -8       63

PRECIPITATION (IN)
  YESTERDAY        0.07          2.00 1928   0.09  -0.02      T
  MONTH TO DATE    1.61                      1.35   0.26     0.21
  SINCE SEP 1      1.61                      1.35   0.26     0.21
  SINCE JAN 1     26.04                     20.74   5.30    20.63

SNOWFALL (IN)
  YESTERDAY        0.0           0.0    MM   0.0    0.0      0.0
  MONTH TO DATE    0.0                       0.0    0.0      0.0
  SINCE SEP 1      0.0                       0.0    0.0      0.0
  SINCE JUL 1      T                         0.0    0.0      0.0
  SNOW DEPTH       0

DEGREE DAYS
 HEATING
  YESTERDAY       11                         5      6        2
  MONTH TO DATE   83                        46     37        9
  SINCE SEP 1     83                        46     37        9
  SINCE JUL 1    101                        77     24       43

 COOLING
  YESTERDAY        0                         2     -2        0
  MONTH TO DATE   22                        44    -22       94
  SINCE SEP 1     22                        44    -22       94
  SINCE JAN 1    573                       669    -96      748
..................................................................


WIND (MPH)
  HIGHEST WIND SPEED    14   HIGHEST WIND DIRECTION     S (200)
  HIGHEST GUST SPEED    18   HIGHEST GUST DIRECTION     S (200)
  AVERAGE WIND SPEED     4.0


SKY COVER
  POSSIBLE SUNSHINE  MM
  AVERAGE SKY COVER 0.6


WEATHER CONDITIONS
 THE FOLLOWING WEATHER WAS RECORDED YESTERDAY.
  LIGHT RAIN
  FOG


RELATIVE HUMIDITY (PERCENT)
 HIGHEST   100           700 AM
 LOWEST     43           200 PM
 AVERAGE    72

..........................................................


THE SIOUX FALLS SD CLIMATE NORMALS FOR TODAY
                         NORMAL    RECORD    YEAR
 MAXIMUM TEMPERATURE (F)   74        99      1955
 MINIMUM TEMPERATURE (F)   50        28      1916


SUNRISE AND SUNSET
SEPTEMBER 15 2014.....SUNRISE   706 AM CDT   SUNSET   737 PM CDT
SEPTEMBER 16 2014.....SUNRISE   707 AM CDT   SUNSET   735 PM CDT


-  INDICATES NEGATIVE NUMBERS.
R  INDICATES RECORD WAS SET OR TIED.
MM INDICATES DATA IS MISSING.
T  INDICATES TRACE AMOUNT.




$$
