000
CDUS43 KFSD 250627
CLIFSD


CLIMATE REPORT
NATIONAL WEATHER SERVICE SIOUX FALLS SD
126 AM CDT MON AUG 25 2014


...................................

...THE SIOUX FALLS SD CLIMATE SUMMARY FOR AUGUST 24 2014...

CLIMATE NORMAL PERIOD 1981 TO 2010
CLIMATE RECORD PERIOD 1893 TO 2014


WEATHER ITEM   OBSERVED TIME   RECORD YEAR NORMAL DEPARTURE LAST
                VALUE   (LST)  VALUE       VALUE  FROM      YEAR
                                                  NORMAL
..................................................................
TEMPERATURE (F)
 YESTERDAY
  MAXIMUM         81    309 PM 109    1936  81      0       88
  MINIMUM         65   1159 PM  39    1934  58      7       72
  AVERAGE         73                        69      4       80

PRECIPITATION (IN)
  YESTERDAY        0.82          1.62 1906   0.09   0.73     0.20
  MONTH TO DATE    4.01                      2.36   1.65     2.64
  SINCE JUN 1     18.51                      9.37   9.14     7.52
  SINCE JAN 1     23.49                     18.70   4.79    19.83

SNOWFALL (IN)
  YESTERDAY        0.0           0.0    MM   0.0    0.0      0.0
  MONTH TO DATE    0.0                       0.0    0.0      0.0
  SINCE JUN 1      T                         0.0    0.0      0.0
  SINCE JUL 1      T                         0.0    0.0      0.0
  SNOW DEPTH       0

DEGREE DAYS
 HEATING
  YESTERDAY        0                         1     -1        0
  MONTH TO DATE    0                        11    -11       15
  SINCE JUN 1     47                        70    -23      103
  SINCE JUL 1     15                        19     -4       34

 COOLING
  YESTERDAY        8                         5      3       15
  MONTH TO DATE  165                       165      0      118
  SINCE JUN 1    473                       556    -83      503
  SINCE JAN 1    526                       592    -66      545
..................................................................


WIND (MPH)
  HIGHEST WIND SPEED    39   HIGHEST WIND DIRECTION     S (190)
  HIGHEST GUST SPEED    60   HIGHEST GUST DIRECTION    SW (210)
  AVERAGE WIND SPEED     6.8


SKY COVER
  POSSIBLE SUNSHINE  MM
  AVERAGE SKY COVER 0.6


WEATHER CONDITIONS
 THE FOLLOWING WEATHER WAS RECORDED YESTERDAY.
  HEAVY RAIN
  RAIN
  LIGHT RAIN
  FOG


RELATIVE HUMIDITY (PERCENT)
 HIGHEST    90           400 AM
 LOWEST     54           200 PM
 AVERAGE    72

..........................................................


THE SIOUX FALLS SD CLIMATE NORMALS FOR TODAY
                         NORMAL    RECORD    YEAR
 MAXIMUM TEMPERATURE (F)   80       103      1955
 MINIMUM TEMPERATURE (F)   58        39      1910


SUNRISE AND SUNSET
AUGUST 25 2014........SUNRISE   643 AM CDT   SUNSET   814 PM CDT
AUGUST 26 2014........SUNRISE   644 AM CDT   SUNSET   813 PM CDT


-  INDICATES NEGATIVE NUMBERS.
R  INDICATES RECORD WAS SET OR TIED.
MM INDICATES DATA IS MISSING.
T  INDICATES TRACE AMOUNT.




$$
