000
CDUS43 KFSD 270657
CLIFSD


CLIMATE REPORT
NATIONAL WEATHER SERVICE SIOUX FALLS SD
155 AM CDT FRI MAR 27 2015


...................................

...THE SIOUX FALLS SD CLIMATE SUMMARY FOR MARCH 26 2015...

CLIMATE NORMAL PERIOD 1981 TO 2010
CLIMATE RECORD PERIOD 1893 TO 2015


WEATHER ITEM   OBSERVED TIME   RECORD YEAR NORMAL DEPARTURE LAST
                VALUE   (LST)  VALUE       VALUE  FROM      YEAR
                                                  NORMAL
..................................................................
TEMPERATURE (F)
 YESTERDAY
  MAXIMUM         40    429 PM  78    1910  48     -8       64
  MINIMUM         22   1159 PM  -4    1894  27     -5       22
  AVERAGE         31                        37     -6       43

PRECIPITATION (IN)
  YESTERDAY        0.00          1.08 1936   0.08  -0.08     0.00
  MONTH TO DATE    0.33                      1.34  -1.01     0.55
  SINCE MAR 1      0.33                      1.34  -1.01     0.55
  SINCE JAN 1      1.55                      2.50  -0.95     1.54

SNOWFALL (IN)
  YESTERDAY        0.0           9.0  1936   0.2   -0.2      0.0
  MONTH TO DATE    1.7                       7.2   -5.5      6.3
  SINCE MAR 1      1.7                       7.2   -5.5      6.3
  SINCE JUL 1     31.9                      38.7   -6.8     40.5
  SNOW DEPTH       0

DEGREE DAYS
 HEATING
  YESTERDAY       34                        28      6       22
  MONTH TO DATE  714                       863   -149      970
  SINCE MAR 1    714                       863   -149      970
  SINCE JUL 1   6463                      6713   -250     7317

 COOLING
  YESTERDAY        0                         0      0        0
  MONTH TO DATE    0                         0      0        0
  SINCE MAR 1      0                         0      0        0
  SINCE JAN 1      0                         0      0        0
..................................................................


WIND (MPH)
  HIGHEST WIND SPEED    18   HIGHEST WIND DIRECTION     N (360)
  HIGHEST GUST SPEED    24   HIGHEST GUST DIRECTION     N (350)
  AVERAGE WIND SPEED     9.4


SKY COVER
  POSSIBLE SUNSHINE  MM
  AVERAGE SKY COVER 0.5


WEATHER CONDITIONS
 THE FOLLOWING WEATHER WAS RECORDED YESTERDAY.
  NO SIGNIFICANT WEATHER WAS OBSERVED.


RELATIVE HUMIDITY (PERCENT)
 HIGHEST    81           100 AM
 LOWEST     48           200 PM
 AVERAGE    65

..........................................................


THE SIOUX FALLS SD CLIMATE NORMALS FOR TODAY
                         NORMAL    RECORD    YEAR
 MAXIMUM TEMPERATURE (F)   49        80      1905
 MINIMUM TEMPERATURE (F)   27        -2      1899


SUNRISE AND SUNSET
MARCH 27 2015.........SUNRISE   718 AM CDT   SUNSET   747 PM CDT
MARCH 28 2015.........SUNRISE   716 AM CDT   SUNSET   749 PM CDT


-  INDICATES NEGATIVE NUMBERS.
R  INDICATES RECORD WAS SET OR TIED.
MM INDICATES DATA IS MISSING.
T  INDICATES TRACE AMOUNT.




$$
