000
CDUS43 KFSD 240637
CLIFSD


CLIMATE REPORT
NATIONAL WEATHER SERVICE SIOUX FALLS SD
1235 AM CST MON NOV 24 2014


...................................

...THE SIOUX FALLS SD CLIMATE SUMMARY FOR NOVEMBER 23 2014...

CLIMATE NORMAL PERIOD 1981 TO 2010
CLIMATE RECORD PERIOD 1893 TO 2014


WEATHER ITEM   OBSERVED TIME   RECORD YEAR NORMAL DEPARTURE LAST
                VALUE   (LST)  VALUE       VALUE  FROM      YEAR
                                                  NORMAL
..................................................................
TEMPERATURE (F)
 YESTERDAY
  MAXIMUM         44    241 PM  60    1902  38      6       18
  MINIMUM         24   1159 PM -11    1898  19      5        1
  AVERAGE         34                        28      6       10

PRECIPITATION (IN)
  YESTERDAY        0.13          1.92 2001   0.05   0.08     0.00
  MONTH TO DATE    0.47                      1.08  -0.61     0.46
  SINCE SEP 1      3.42                      6.02  -2.60     4.24
  SINCE JAN 1     27.85                     25.41   2.44    24.66

SNOWFALL (IN)
  YESTERDAY        0.0           5.2  1996   0.3   -0.3      0.0
  MONTH TO DATE    6.8                       5.2    1.6      7.5
  SINCE SEP 1      6.8                       6.5    0.3      7.9
  SINCE JUL 1      6.8                       6.5    0.3      7.9
  SNOW DEPTH       T

DEGREE DAYS
 HEATING
  YESTERDAY       31                        37     -6       55
  MONTH TO DATE  843                       698    145      705
  SINCE SEP 1   1423                      1407     16     1306
  SINCE JUL 1   1441                      1438      3     1340

 COOLING
  YESTERDAY        0                         0      0        0
  MONTH TO DATE    0                         0      0        0
  SINCE SEP 1     59                        65     -6      133
  SINCE JAN 1    610                       690    -80      787
..................................................................


WIND (MPH)
  HIGHEST WIND SPEED    31   HIGHEST WIND DIRECTION    NW (320)
  HIGHEST GUST SPEED    38   HIGHEST GUST DIRECTION    NW (320)
  AVERAGE WIND SPEED    15.2


SKY COVER
  POSSIBLE SUNSHINE  MM
  AVERAGE SKY COVER 0.9


WEATHER CONDITIONS
 THE FOLLOWING WEATHER WAS RECORDED YESTERDAY.
  LIGHT RAIN
  FOG


RELATIVE HUMIDITY (PERCENT)
 HIGHEST   100           400 AM
 LOWEST     62           300 PM
 AVERAGE    81

..........................................................


THE SIOUX FALLS SD CLIMATE NORMALS FOR TODAY
                         NORMAL    RECORD    YEAR
 MAXIMUM TEMPERATURE (F)   37        67      1990
 MINIMUM TEMPERATURE (F)   18       -10      1996


SUNRISE AND SUNSET
NOVEMBER 24 2014......SUNRISE   732 AM CST   SUNSET   455 PM CST
NOVEMBER 25 2014......SUNRISE   733 AM CST   SUNSET   454 PM CST


-  INDICATES NEGATIVE NUMBERS.
R  INDICATES RECORD WAS SET OR TIED.
MM INDICATES DATA IS MISSING.
T  INDICATES TRACE AMOUNT.




$$
