226
CDUS43 KFSD 210625
CLIFSD


CLIMATE REPORT
NATIONAL WEATHER SERVICE SIOUX FALLS SD
1225 AM CST SUN JAN 21 2018


...................................

...THE SIOUX FALLS SD CLIMATE SUMMARY FOR JANUARY 20 2018...

CLIMATE NORMAL PERIOD 1981 TO 2010
CLIMATE RECORD PERIOD 1893 TO 2018


WEATHER ITEM   OBSERVED TIME   RECORD YEAR NORMAL DEPARTURE LAST
                VALUE   (LST)  VALUE       VALUE  FROM      YEAR
                                                  NORMAL
..................................................................
TEMPERATURE (F)
 YESTERDAY
  MAXIMUM         45    255 PM  57    1944  26     19       40
  MINIMUM         22    831 AM -24    1970   7     15       37
                                      1954
  AVERAGE         34                        17     17       39

PRECIPITATION (IN)
  YESTERDAY        0.00          0.49 1937   0.02  -0.02      T
  MONTH TO DATE    0.08                      0.36  -0.28     0.14
  SINCE DEC 1      0.76                      1.05  -0.29     2.06
  SINCE JAN 1      0.08                      0.36  -0.28     0.14

SNOWFALL (IN)
  YESTERDAY        0.0           5.3  1998   0.2   -0.2      0.0
  MONTH TO DATE    1.6                       4.9   -3.3      2.1
  SINCE DEC 1     12.0                      13.1   -1.1     13.0
  SINCE JUL 1     12.2                      21.8   -9.6     19.0
  SNOW DEPTH       T

DEGREE DAYS
 HEATING
  YESTERDAY       31                        48    -17       26
  MONTH TO DATE 1030                       978     52      964
  SINCE DEC 1   2382                      2399    -17     2353
  SINCE JUL 1   3791                      4111   -320     3488

 COOLING
  YESTERDAY        0                         0      0        0
  MONTH TO DATE    0                         0      0        0
  SINCE DEC 1      0                         0      0        0
  SINCE JAN 1      0                         0      0        0
..................................................................


WIND (MPH)
  HIGHEST WIND SPEED     9   HIGHEST WIND DIRECTION     N (350)
  HIGHEST GUST SPEED    10   HIGHEST GUST DIRECTION     N (360)
  AVERAGE WIND SPEED     2.0


SKY COVER
  POSSIBLE SUNSHINE  MM
  AVERAGE SKY COVER 0.7


WEATHER CONDITIONS
 THE FOLLOWING WEATHER WAS RECORDED YESTERDAY.
  NO SIGNIFICANT WEATHER WAS OBSERVED.


RELATIVE HUMIDITY (PERCENT)
 HIGHEST   100           600 AM
 LOWEST     65           100 PM
 AVERAGE    83

..........................................................


THE SIOUX FALLS SD CLIMATE NORMALS FOR TODAY
                         NORMAL    RECORD    YEAR
 MAXIMUM TEMPERATURE (F)   27        53      1900
 MINIMUM TEMPERATURE (F)    7       -31      1970


SUNRISE AND SUNSET
JANUARY 21 2018.......SUNRISE   753 AM CST   SUNSET   524 PM CST
JANUARY 22 2018.......SUNRISE   753 AM CST   SUNSET   525 PM CST


-  INDICATES NEGATIVE NUMBERS.
R  INDICATES RECORD WAS SET OR TIED.
MM INDICATES DATA IS MISSING.
T  INDICATES TRACE AMOUNT.




$$
