179
CDUS43 KFSD 182224
CLIFSD


CLIMATE REPORT
NATIONAL WEATHER SERVICE SIOUX FALLS SD
524 PM CDT SUN JUN 18 2017


...................................

...THE SIOUX FALLS SD CLIMATE SUMMARY FOR JUNE 18 2017...
VALID TODAY AS OF 0500 PM LOCAL TIME.

CLIMATE NORMAL PERIOD 1981 TO 2010
CLIMATE RECORD PERIOD 1893 TO 2017


WEATHER ITEM   OBSERVED TIME   RECORD YEAR NORMAL DEPARTURE LAST
                VALUE   (LST)  VALUE       VALUE  FROM      YEAR
                                                  NORMAL
..................................................................
TEMPERATURE (F)
 TODAY
  MAXIMUM         74    300 PM 101    1953  80     -6       82
  MINIMUM         55        MM  42    1926  57     -2       67
                                      1902
  AVERAGE         65                        69     -4       75

PRECIPITATION (IN)
  TODAY            0.00          1.94 1955   0.13  -0.13      T
  MONTH TO DATE    1.56                      2.39  -0.83     1.00
  SINCE JUN 1      1.56                      2.39  -0.83     1.00
  SINCE JAN 1      9.31                     11.72  -2.41    12.50

SNOWFALL (IN)
  TODAY            0.0           0.0    MM   0.0    0.0      0.0
  MONTH TO DATE    0.0                       0.0    0.0      0.0
  SINCE JUN 1      0.0                       0.0    0.0      0.0
  SINCE JUL 1     42.9                      44.5   -1.6     68.5
  SNOW DEPTH       0

DEGREE DAYS
 HEATING
  TODAY            0                         1     -1        0
  MONTH TO DATE    3                        43    -40        9
  SINCE JUN 1      3                        43    -40        9
  SINCE JUL 1   6440                      7698  -1258     6504

 COOLING
  TODAY            0                         5     -5       10
  MONTH TO DATE  166                        60    106      156
  SINCE JUN 1    166                        60    106      156
  SINCE JAN 1    192                        96     96      189
..................................................................


WIND (MPH)
  HIGHEST WIND SPEED    18   HIGHEST WIND DIRECTION    NW (320)
  HIGHEST GUST SPEED    27   HIGHEST GUST DIRECTION    NW (320)
  AVERAGE WIND SPEED    13.2


SKY COVER
  POSSIBLE SUNSHINE  MM
  AVERAGE SKY COVER 0.3


WEATHER CONDITIONS
 THE FOLLOWING WEATHER WAS RECORDED TODAY.
  NO SIGNIFICANT WEATHER WAS OBSERVED.


RELATIVE HUMIDITY (PERCENT)
 HIGHEST    93           300 AM
 LOWEST     49           300 PM
 AVERAGE    71

..........................................................


THE SIOUX FALLS SD CLIMATE NORMALS FOR TOMORROW
                         NORMAL    RECORD    YEAR
 MAXIMUM TEMPERATURE (F)   81       105      1988
 MINIMUM TEMPERATURE (F)   58        38      1976


SUNRISE AND SUNSET
JUNE 18 2017..........SUNRISE   545 AM CDT   SUNSET   911 PM CDT
JUNE 19 2017..........SUNRISE   545 AM CDT   SUNSET   911 PM CDT


-  INDICATES NEGATIVE NUMBERS.
R  INDICATES RECORD WAS SET OR TIED.
MM INDICATES DATA IS MISSING.
T  INDICATES TRACE AMOUNT.




$$
