000
CDUS43 KFSD 090635
CLIFSD


CLIMATE REPORT
NATIONAL WEATHER SERVICE SIOUX FALLS SD
135 AM CDT WED AUG 9 2017


...................................

...THE SIOUX FALLS SD CLIMATE SUMMARY FOR AUGUST 8 2017...

CLIMATE NORMAL PERIOD 1981 TO 2010
CLIMATE RECORD PERIOD 1893 TO 2017


WEATHER ITEM   OBSERVED TIME   RECORD YEAR NORMAL DEPARTURE LAST
                VALUE   (LST)  VALUE       VALUE  FROM      YEAR
                                                  NORMAL
..................................................................
TEMPERATURE (F)
 YESTERDAY
  MAXIMUM         80    327 PM 100    1995  83     -3       81
  MINIMUM         51    545 AM  44    1932  61    -10       58
  AVERAGE         66                        72     -6       70

PRECIPITATION (IN)
  YESTERDAY        0.00          2.02 1931   0.09  -0.09     0.00
  MONTH TO DATE    0.08                      0.81  -0.73     0.01
  SINCE JUN 1      4.50                      7.82  -3.32     4.05
  SINCE JAN 1     12.25                     17.15  -4.90    15.55

SNOWFALL (IN)
  YESTERDAY        0.0           0.0    MM   0.0    0.0      0.0
  MONTH TO DATE    0.0                       0.0    0.0      0.0
  SINCE JUN 1      0.0                       0.0    0.0      0.0
  SINCE JUL 1      0.0                       0.0    0.0      0.0
  SNOW DEPTH       0

DEGREE DAYS
 HEATING
  YESTERDAY        0                         0      0        0
  MONTH TO DATE    6                         0      6        0
  SINCE JUN 1     32                        59    -27       14
  SINCE JUL 1      6                         8     -2        5

 COOLING
  YESTERDAY        1                         7     -6        5
  MONTH TO DATE   21                        62    -41       61
  SINCE JUN 1    556                       453    103      572
  SINCE JAN 1    582                       489     93      605
..................................................................


WIND (MPH)
  HIGHEST WIND SPEED    15   HIGHEST WIND DIRECTION     S (170)
  HIGHEST GUST SPEED    20   HIGHEST GUST DIRECTION     S (170)
  AVERAGE WIND SPEED     6.6


SKY COVER
  POSSIBLE SUNSHINE  MM
  AVERAGE SKY COVER 0.4


WEATHER CONDITIONS
 THE FOLLOWING WEATHER WAS RECORDED YESTERDAY.
  FOG


RELATIVE HUMIDITY (PERCENT)
 HIGHEST   100          1200 AM
 LOWEST     52           100 PM
 AVERAGE    76

..........................................................


THE SIOUX FALLS SD CLIMATE NORMALS FOR TODAY
                         NORMAL    RECORD    YEAR
 MAXIMUM TEMPERATURE (F)   83       105      1947
 MINIMUM TEMPERATURE (F)   61        42      1927


SUNRISE AND SUNSET
AUGUST  9 2017........SUNRISE   625 AM CDT   SUNSET   839 PM CDT
AUGUST 10 2017........SUNRISE   626 AM CDT   SUNSET   837 PM CDT


-  INDICATES NEGATIVE NUMBERS.
R  INDICATES RECORD WAS SET OR TIED.
MM INDICATES DATA IS MISSING.
T  INDICATES TRACE AMOUNT.




$$
