000
CDUS43 KFSD 070631
CLIFSD


CLIMATE REPORT
NATIONAL WEATHER SERVICE SIOUX FALLS SD
130 AM CDT MON JUL 7 2014


...................................

...THE SIOUX FALLS SD CLIMATE SUMMARY FOR JULY 6 2014...

CLIMATE NORMAL PERIOD 1981 TO 2010
CLIMATE RECORD PERIOD 1893 TO 2014


WEATHER ITEM   OBSERVED TIME   RECORD YEAR NORMAL DEPARTURE LAST
                VALUE   (LST)  VALUE       VALUE  FROM      YEAR
                                                  NORMAL
..................................................................
TEMPERATURE (F)
 YESTERDAY
  MAXIMUM         92   1232 PM 105    1936  84      8       86
  MINIMUM         67   1158 PM  46    1942  62      5       72
  AVERAGE         80                        73      7       79

PRECIPITATION (IN)
  YESTERDAY        0.00          1.92 1929   0.10  -0.10     0.00
  MONTH TO DATE    0.01                      0.63  -0.62     0.05
  SINCE JUN 1     13.71                      4.55   9.16     4.33
  SINCE JAN 1     18.69                     13.88   4.81    16.64

SNOWFALL (IN)
  YESTERDAY        0.0           0.0    MM   0.0    0.0      0.0
  MONTH TO DATE    0.0                       0.0    0.0      0.0
  SINCE JUN 1      T                         0.0    0.0      0.0
  SINCE JUL 1      0.0                       0.0    0.0      0.0
  SNOW DEPTH       0

DEGREE DAYS
 HEATING
  YESTERDAY        0                         0      0        0
  MONTH TO DATE    4                         0      4        0
  SINCE JUN 1     36                        51    -15       69
  SINCE JUL 1      4                         0      4        0

 COOLING
  YESTERDAY       15                         8      7       14
  MONTH TO DATE   39                        47     -8       45
  SINCE JUN 1    175                       182     -7      181
  SINCE JAN 1    228                       218     10      223
..................................................................


WIND (MPH)
  HIGHEST WIND SPEED    24   HIGHEST WIND DIRECTION    NW (330)
  HIGHEST GUST SPEED    29   HIGHEST GUST DIRECTION    NW (320)
  AVERAGE WIND SPEED    10.8


SKY COVER
  POSSIBLE SUNSHINE  MM
  AVERAGE SKY COVER 0.3


WEATHER CONDITIONS
 THE FOLLOWING WEATHER WAS RECORDED YESTERDAY.
  FOG


RELATIVE HUMIDITY (PERCENT)
 HIGHEST    93           300 AM
 LOWEST     29           300 PM
 AVERAGE    61

..........................................................


THE SIOUX FALLS SD CLIMATE NORMALS FOR TODAY
                         NORMAL    RECORD    YEAR
 MAXIMUM TEMPERATURE (F)   84       100      1988
                                             1974
                                             1897
 MINIMUM TEMPERATURE (F)   62        42      1894


SUNRISE AND SUNSET
JULY  7 2014..........SUNRISE   553 AM CDT   SUNSET   910 PM CDT
JULY  8 2014..........SUNRISE   554 AM CDT   SUNSET   910 PM CDT


-  INDICATES NEGATIVE NUMBERS.
R  INDICATES RECORD WAS SET OR TIED.
MM INDICATES DATA IS MISSING.
T  INDICATES TRACE AMOUNT.




$$
