000
CDUS43 KFSD 270632
CLIFSD


CLIMATE REPORT
NATIONAL WEATHER SERVICE SIOUX FALLS SD
130 AM CDT WED APR 27 2016


...................................

...THE SIOUX FALLS SD CLIMATE SUMMARY FOR APRIL 26 2016...

CLIMATE NORMAL PERIOD 1981 TO 2010
CLIMATE RECORD PERIOD 1893 TO 2016


WEATHER ITEM   OBSERVED TIME   RECORD YEAR NORMAL DEPARTURE LAST
                VALUE   (LST)  VALUE       VALUE  FROM      YEAR
                                                  NORMAL
..................................................................
TEMPERATURE (F)
 YESTERDAY
  MAXIMUM         54   1231 PM  88    1987  63     -9       67
                                      1901
  MINIMUM         42    403 AM  21    1931  39      3       34
  AVERAGE         48                        51     -3       51

PRECIPITATION (IN)
  YESTERDAY        0.01          1.56 1964   0.10  -0.09     0.00
  MONTH TO DATE    2.35                      2.59  -0.24     1.00
  SINCE MAR 1      4.44                      4.35   0.09     1.33
  SINCE JAN 1      6.12                      5.51   0.61     2.55

SNOWFALL (IN)
  YESTERDAY        0.0           2.9  1988   0.1   -0.1      0.0
  MONTH TO DATE    T                         4.3   -4.3       T
  SINCE MAR 1     12.2                      12.7   -0.5      1.7
  SINCE JUL 1     68.5                      44.2   24.3     31.9
  SNOW DEPTH       0

DEGREE DAYS
 HEATING
  YESTERDAY       17                        14      3       14
  MONTH TO DATE  395                       508   -113      381
  SINCE MAR 1   1159                      1503   -344     1201
  SINCE JUL 1   6195                      7353  -1158     6950

 COOLING
  YESTERDAY        0                         0      0        0
  MONTH TO DATE    0                         0      0        4
  SINCE MAR 1      0                         0      0        4
  SINCE JAN 1      0                         0      0        4
..................................................................


WIND (MPH)
  HIGHEST WIND SPEED    23   HIGHEST WIND DIRECTION     E (80)
  HIGHEST GUST SPEED    31   HIGHEST GUST DIRECTION     E (80)
  AVERAGE WIND SPEED    12.9


SKY COVER
  POSSIBLE SUNSHINE  MM
  AVERAGE SKY COVER 1.0


WEATHER CONDITIONS
 THE FOLLOWING WEATHER WAS RECORDED YESTERDAY.
  THUNDERSTORM
  LIGHT RAIN
  FOG


RELATIVE HUMIDITY (PERCENT)
 HIGHEST    93           600 PM
 LOWEST     71          1100 AM
 AVERAGE    82

..........................................................


THE SIOUX FALLS SD CLIMATE NORMALS FOR TODAY
                         NORMAL    RECORD    YEAR
 MAXIMUM TEMPERATURE (F)   64        91      1981
 MINIMUM TEMPERATURE (F)   39        21      1909


SUNRISE AND SUNSET
APRIL 27 2016.........SUNRISE   625 AM CDT   SUNSET   825 PM CDT
APRIL 28 2016.........SUNRISE   623 AM CDT   SUNSET   826 PM CDT


-  INDICATES NEGATIVE NUMBERS.
R  INDICATES RECORD WAS SET OR TIED.
MM INDICATES DATA IS MISSING.
T  INDICATES TRACE AMOUNT.




$$
