000
CDUS43 KFSD 160628
CLIFSD


CLIMATE REPORT
NATIONAL WEATHER SERVICE SIOUX FALLS SD
125 AM CDT MON OCT 16 2017


...................................

...THE SIOUX FALLS SD CLIMATE SUMMARY FOR OCTOBER 15 2017...

CLIMATE NORMAL PERIOD 1981 TO 2010
CLIMATE RECORD PERIOD 1893 TO 2017


WEATHER ITEM   OBSERVED TIME   RECORD YEAR NORMAL DEPARTURE LAST
                VALUE   (LST)  VALUE       VALUE  FROM      YEAR
                                                  NORMAL
..................................................................
TEMPERATURE (F)
 YESTERDAY
  MAXIMUM         60    351 PM  92    1958  60      0       69
  MINIMUM         34    703 AM  23    1974  36     -2       45
                                      1972
                                      1952
  AVERAGE         47                        48     -1       57

PRECIPITATION (IN)
  YESTERDAY        0.00          1.49 2007   0.07  -0.07      T
  MONTH TO DATE    5.24                      1.24   4.00     3.04
  SINCE SEP 1      6.86                      4.01   2.85    10.59
  SINCE JAN 1     24.45                     23.40   1.05    28.45

SNOWFALL (IN)
  YESTERDAY        0.0           T    2001   0.1   -0.1      0.0
                                      1992
                                      1969
  MONTH TO DATE    T                         0.3   -0.3       T
  SINCE SEP 1      T                         0.3   -0.3       T
  SINCE JUL 1      T                         0.3   -0.3       T
  SNOW DEPTH       0

DEGREE DAYS
 HEATING
  YESTERDAY       18                        17      1        8
  MONTH TO DATE  172                       210    -38      172
  SINCE SEP 1    258                       383   -125      242
  SINCE JUL 1    264                       414   -150      250

 COOLING
  YESTERDAY        0                         0      0        0
  MONTH TO DATE    2                         0      2        2
  SINCE SEP 1    100                        60     40       99
  SINCE JAN 1    774                       685     89      879
..................................................................


WIND (MPH)
  HIGHEST WIND SPEED    21   HIGHEST WIND DIRECTION     W (290)
  HIGHEST GUST SPEED    29   HIGHEST GUST DIRECTION     W (280)
  AVERAGE WIND SPEED     8.4


SKY COVER
  POSSIBLE SUNSHINE  MM
  AVERAGE SKY COVER 0.2


WEATHER CONDITIONS
 THE FOLLOWING WEATHER WAS RECORDED YESTERDAY.
  NO SIGNIFICANT WEATHER WAS OBSERVED.


RELATIVE HUMIDITY (PERCENT)
 HIGHEST   100           300 AM
 LOWEST     39           300 PM
 AVERAGE    70

..........................................................


THE SIOUX FALLS SD CLIMATE NORMALS FOR TODAY
                         NORMAL    RECORD    YEAR
 MAXIMUM TEMPERATURE (F)   60        89      1910
 MINIMUM TEMPERATURE (F)   36        19      1976


SUNRISE AND SUNSET
OCTOBER 16 2017.......SUNRISE   743 AM CDT   SUNSET   641 PM CDT
OCTOBER 17 2017.......SUNRISE   744 AM CDT   SUNSET   640 PM CDT


-  INDICATES NEGATIVE NUMBERS.
R  INDICATES RECORD WAS SET OR TIED.
MM INDICATES DATA IS MISSING.
T  INDICATES TRACE AMOUNT.




$$
