000
CDUS43 KFSD 232222
CLIFSD


CLIMATE REPORT
NATIONAL WEATHER SERVICE SIOUX FALLS SD
522 PM CDT THU JUL 23 2015


...................................

...THE SIOUX FALLS SD CLIMATE SUMMARY FOR JULY 23 2015...
VALID TODAY AS OF 0500 PM LOCAL TIME.

CLIMATE NORMAL PERIOD 1981 TO 2010
CLIMATE RECORD PERIOD 1893 TO 2015


WEATHER ITEM   OBSERVED TIME   RECORD YEAR NORMAL DEPARTURE LAST
                VALUE   (LST)  VALUE       VALUE  FROM      YEAR
                                                  NORMAL
..................................................................
TEMPERATURE (F)
 TODAY
  MAXIMUM         86    126 PM 105    1941  84      2       81
  MINIMUM         64    537 AM  42    1904  62      2       57
  AVERAGE         75                        73      2       69

PRECIPITATION (IN)
  TODAY            0.00          2.36 2001   0.10  -0.10     0.00
  MONTH TO DATE    2.11                      2.31  -0.20     0.46
  SINCE JUN 1      6.40                      6.23   0.17    14.16
  SINCE JAN 1     12.95                     15.56  -2.61    19.14

SNOWFALL (IN)
  TODAY            0.0           0.0    MM   0.0    0.0      0.0
  MONTH TO DATE    0.0                       0.0    0.0      0.0
  SINCE JUN 1      0.0                       0.0    0.0       T
  SINCE JUL 1      0.0                       0.0    0.0      0.0
  SNOW DEPTH       0

DEGREE DAYS
 HEATING
  TODAY            0                         0      0        0
  MONTH TO DATE    6                         0      6       13
  SINCE JUN 1     15                        51    -36       45
  SINCE JUL 1      6                         0      6       13

 COOLING
  TODAY           10                         8      2        4
  MONTH TO DATE  159                       192    -33      141
  SINCE JUN 1    298                       327    -29      277
  SINCE JAN 1    320                       363    -43      330
..................................................................


WIND (MPH)
  HIGHEST WIND SPEED    24   HIGHEST WIND DIRECTION     S (170)
  HIGHEST GUST SPEED    31   HIGHEST GUST DIRECTION     S (170)
  AVERAGE WIND SPEED    13.6


SKY COVER
  POSSIBLE SUNSHINE  MM
  AVERAGE SKY COVER 0.4


WEATHER CONDITIONS
 THE FOLLOWING WEATHER WAS RECORDED TODAY.
  NO SIGNIFICANT WEATHER WAS OBSERVED.


RELATIVE HUMIDITY (PERCENT)
 HIGHEST    87           300 AM
 LOWEST     61           100 PM
 AVERAGE    74

..........................................................


THE SIOUX FALLS SD CLIMATE NORMALS FOR TOMORROW
                         NORMAL    RECORD    YEAR
 MAXIMUM TEMPERATURE (F)   84       105      1940
 MINIMUM TEMPERATURE (F)   62        43      1904


SUNRISE AND SUNSET
JULY 23 2015..........SUNRISE   607 AM CDT   SUNSET   859 PM CDT
JULY 24 2015..........SUNRISE   608 AM CDT   SUNSET   859 PM CDT


-  INDICATES NEGATIVE NUMBERS.
R  INDICATES RECORD WAS SET OR TIED.
MM INDICATES DATA IS MISSING.
T  INDICATES TRACE AMOUNT.




$$
