000
CDUS43 KFSD 130633
CLIFSD


CLIMATE REPORT
NATIONAL WEATHER SERVICE SIOUX FALLS SD
132 AM CDT FRI MAY 13 2016


...................................

...THE SIOUX FALLS SD CLIMATE SUMMARY FOR MAY 12 2016...

CLIMATE NORMAL PERIOD 1981 TO 2010
CLIMATE RECORD PERIOD 1893 TO 2016


WEATHER ITEM   OBSERVED TIME   RECORD YEAR NORMAL DEPARTURE LAST
                VALUE   (LST)  VALUE       VALUE  FROM      YEAR
                                                  NORMAL
..................................................................
TEMPERATURE (F)
 YESTERDAY
  MAXIMUM         62    355 PM  93    1907  69     -7       62
  MINIMUM         42   1159 PM  20    1946  45     -3       35
  AVERAGE         52                        57     -5       49

PRECIPITATION (IN)
  YESTERDAY        0.00          1.96 1935   0.10  -0.10     0.00
  MONTH TO DATE    0.63                      1.26  -0.63     1.11
  SINCE MAR 1      7.34                      6.03   1.31     2.44
  SINCE JAN 1      9.02                      7.19   1.83     3.66

SNOWFALL (IN)
  YESTERDAY        0.0           2.0  1943   0.0    0.0      0.0
  MONTH TO DATE    0.0                       0.4   -0.4      0.0
  SINCE MAR 1     12.2                      13.4   -1.2      1.7
  SINCE JUL 1     68.5                      44.9   23.6     31.9
  SNOW DEPTH       0

DEGREE DAYS
 HEATING
  YESTERDAY       13                         9      4       16
  MONTH TO DATE  101                       127    -26       97
  SINCE MAR 1   1347                      1684   -337     1348
  SINCE JUL 1   6383                      7534  -1151     7097

 COOLING
  YESTERDAY        0                         1     -1        0
  MONTH TO DATE    6                         8     -2        6
  SINCE MAR 1      6                        13     -7       10
  SINCE JAN 1      6                        13     -7       10
..................................................................


WIND (MPH)
  HIGHEST WIND SPEED    24   HIGHEST WIND DIRECTION    NW (310)
  HIGHEST GUST SPEED    33   HIGHEST GUST DIRECTION    NW (320)
  AVERAGE WIND SPEED    12.0


SKY COVER
  POSSIBLE SUNSHINE  MM
  AVERAGE SKY COVER 0.5


WEATHER CONDITIONS
 THE FOLLOWING WEATHER WAS RECORDED YESTERDAY.
  NO SIGNIFICANT WEATHER WAS OBSERVED.


RELATIVE HUMIDITY (PERCENT)
 HIGHEST    83          1000 PM
 LOWEST     46           600 PM
 AVERAGE    65

..........................................................


THE SIOUX FALLS SD CLIMATE NORMALS FOR TODAY
                         NORMAL    RECORD    YEAR
 MAXIMUM TEMPERATURE (F)   69        92      1987
 MINIMUM TEMPERATURE (F)   45        24      1997


SUNRISE AND SUNSET
MAY 13 2016...........SUNRISE   604 AM CDT   SUNSET   843 PM CDT
MAY 14 2016...........SUNRISE   603 AM CDT   SUNSET   845 PM CDT


-  INDICATES NEGATIVE NUMBERS.
R  INDICATES RECORD WAS SET OR TIED.
MM INDICATES DATA IS MISSING.
T  INDICATES TRACE AMOUNT.




$$
