000
CDUS43 KFSD 240636
CLIFSD


CLIMATE REPORT
NATIONAL WEATHER SERVICE SIOUX FALLS SD
1235 AM CST SAT JAN 24 2015


...................................

...THE SIOUX FALLS SD CLIMATE SUMMARY FOR JANUARY 23 2015...

CLIMATE NORMAL PERIOD 1981 TO 2010
CLIMATE RECORD PERIOD 1893 TO 2015


WEATHER ITEM   OBSERVED TIME   RECORD YEAR NORMAL DEPARTURE LAST
                VALUE   (LST)  VALUE       VALUE  FROM      YEAR
                                                  NORMAL
..................................................................
TEMPERATURE (F)
 YESTERDAY
  MAXIMUM         43    222 PM  57    1981  27     16       11
  MINIMUM         27    755 AM -23    1948   7     20      -14
                                      1936
  AVERAGE         35                        17     18       -1

PRECIPITATION (IN)
  YESTERDAY        0.00          0.32 2010   0.02  -0.02     0.00
  MONTH TO DATE    0.47                      0.42   0.05     0.21
  SINCE DEC 1      1.80                      1.11   0.69     1.34
  SINCE JAN 1      0.47                      0.42   0.05     0.21

SNOWFALL (IN)
  YESTERDAY        0.0           4.6  1969   0.2   -0.2      0.0
  MONTH TO DATE    6.3                       5.6    0.7      3.7
  SINCE DEC 1     12.2                      13.8   -1.6     16.3
  SINCE JUL 1     20.5                      22.5   -2.0     24.2
  SNOW DEPTH       T

DEGREE DAYS
 HEATING
  YESTERDAY       30                        48    -18       66
  MONTH TO DATE 1107                      1122    -15     1193
  SINCE DEC 1   2356                      2543   -187     2840
  SINCE JUL 1   4112                      4255   -143     4461

 COOLING
  YESTERDAY        0                         0      0        0
  MONTH TO DATE    0                         0      0        0
  SINCE DEC 1      0                         0      0        0
  SINCE JAN 1      0                         0      0        0
..................................................................


WIND (MPH)
  HIGHEST WIND SPEED    18   HIGHEST WIND DIRECTION     S (200)
  HIGHEST GUST SPEED    25   HIGHEST GUST DIRECTION     S (200)
  AVERAGE WIND SPEED     9.4


SKY COVER
  POSSIBLE SUNSHINE  MM
  AVERAGE SKY COVER 0.3


WEATHER CONDITIONS
 THE FOLLOWING WEATHER WAS RECORDED YESTERDAY.
  NO SIGNIFICANT WEATHER WAS OBSERVED.


RELATIVE HUMIDITY (PERCENT)
 HIGHEST    89           700 PM
 LOWEST     57           200 PM
 AVERAGE    73

..........................................................


THE SIOUX FALLS SD CLIMATE NORMALS FOR TODAY
                         NORMAL    RECORD    YEAR
 MAXIMUM TEMPERATURE (F)   27        66      1981
 MINIMUM TEMPERATURE (F)    7       -32      1904
                                             1894


SUNRISE AND SUNSET
JANUARY 24 2015.......SUNRISE   751 AM CST   SUNSET   527 PM CST
JANUARY 25 2015.......SUNRISE   750 AM CST   SUNSET   529 PM CST


-  INDICATES NEGATIVE NUMBERS.
R  INDICATES RECORD WAS SET OR TIED.
MM INDICATES DATA IS MISSING.
T  INDICATES TRACE AMOUNT.




$$
