000
CDUS43 KFSD 220635
CLIFSD


CLIMATE REPORT
NATIONAL WEATHER SERVICE SIOUX FALLS SD
1234 AM CST SUN FEB 22 2015


...................................

...THE SIOUX FALLS SD CLIMATE SUMMARY FOR FEBRUARY 21 2015...

CLIMATE NORMAL PERIOD 1981 TO 2010
CLIMATE RECORD PERIOD 1893 TO 2015


WEATHER ITEM   OBSERVED TIME   RECORD YEAR NORMAL DEPARTURE LAST
                VALUE   (LST)  VALUE       VALUE  FROM      YEAR
                                                  NORMAL
..................................................................
TEMPERATURE (F)
 YESTERDAY
  MAXIMUM         31   1208 AM  64    1977  33     -2       31
  MINIMUM          7   1159 PM -19    1918  14     -7       14
  AVERAGE         19                        23     -4       23

PRECIPITATION (IN)
  YESTERDAY        T             0.95 1913   0.03  -0.03     0.00
  MONTH TO DATE    0.26                      0.41  -0.15     0.50
  SINCE DEC 1      2.40                      1.66   0.74     1.94
  SINCE JAN 1      1.07                      0.97   0.10     0.81

SNOWFALL (IN)
  YESTERDAY        T             5.0  1920   0.3   -0.3      0.0
                                      1913
  MONTH TO DATE    4.1                       5.1   -1.0      6.9
  SINCE DEC 1     19.8                      21.0   -1.2     24.2
  SINCE JUL 1     28.1                      29.7   -1.6     32.1
  SNOW DEPTH       T

DEGREE DAYS
 HEATING
  YESTERDAY       46                        42      4       42
  MONTH TO DATE 1003                       939     64     1090
  SINCE DEC 1   3617                      3859   -242     4333
  SINCE JUL 1   5373                      5571   -198     5954

 COOLING
  YESTERDAY        0                         0      0        0
  MONTH TO DATE    0                         0      0        0
  SINCE DEC 1      0                         0      0        0
  SINCE JAN 1      0                         0      0        0
..................................................................


WIND (MPH)
  HIGHEST WIND SPEED    23   HIGHEST WIND DIRECTION     N (340)
  HIGHEST GUST SPEED    33   HIGHEST GUST DIRECTION    NE (30)
  AVERAGE WIND SPEED    14.5


SKY COVER
  POSSIBLE SUNSHINE  MM
  AVERAGE SKY COVER 0.7


WEATHER CONDITIONS
 THE FOLLOWING WEATHER WAS RECORDED YESTERDAY.
  LIGHT SNOW
  FOG


RELATIVE HUMIDITY (PERCENT)
 HIGHEST    92          1200 AM
 LOWEST     45           300 PM
 AVERAGE    69

..........................................................


THE SIOUX FALLS SD CLIMATE NORMALS FOR TODAY
                         NORMAL    RECORD    YEAR
 MAXIMUM TEMPERATURE (F)   34        70      1982
 MINIMUM TEMPERATURE (F)   14       -17      1989


SUNRISE AND SUNSET
FEBRUARY 22 2015......SUNRISE   715 AM CST   SUNSET   606 PM CST
FEBRUARY 23 2015......SUNRISE   714 AM CST   SUNSET   608 PM CST


-  INDICATES NEGATIVE NUMBERS.
R  INDICATES RECORD WAS SET OR TIED.
MM INDICATES DATA IS MISSING.
T  INDICATES TRACE AMOUNT.




$$
