000
CDUS43 KFSD 300700
CLIFSD


CLIMATE REPORT
NATIONAL WEATHER SERVICE SIOUX FALLS SD
159 AM CDT SAT AUG 30 2014


...................................

...THE SIOUX FALLS SD CLIMATE SUMMARY FOR AUGUST 29 2014...

CLIMATE NORMAL PERIOD 1981 TO 2010
CLIMATE RECORD PERIOD 1893 TO 2014


WEATHER ITEM   OBSERVED TIME   RECORD YEAR NORMAL DEPARTURE LAST
                VALUE   (LST)  VALUE       VALUE  FROM      YEAR
                                                  NORMAL
..................................................................
TEMPERATURE (F)
 YESTERDAY
  MAXIMUM         76    103 PM 100    2012  80     -4       91
  MINIMUM         65   1108 PM  34    1893  57      8       69
  AVERAGE         71                        68      3       80

PRECIPITATION (IN)
  YESTERDAY        0.55          2.91 1942   0.10   0.45     0.00
  MONTH TO DATE    4.95                      2.84   2.11     2.64
  SINCE JUN 1     19.45                      9.85   9.60     7.52
  SINCE JAN 1     24.43                     19.18   5.25    19.83

SNOWFALL (IN)
  YESTERDAY        0.0           0.0    MM   0.0    0.0      0.0
  MONTH TO DATE    0.0                       0.0    0.0      0.0
  SINCE JUN 1      T                         0.0    0.0      0.0
  SINCE JUL 1      T                         0.0    0.0      0.0
  SNOW DEPTH       0

DEGREE DAYS
 HEATING
  YESTERDAY        0                         2     -2        0
  MONTH TO DATE    3                        17    -14       15
  SINCE JUN 1     50                        76    -26      103
  SINCE JUL 1     18                        25     -7       34

 COOLING
  YESTERDAY        6                         5      1       15
  MONTH TO DATE  180                       190    -10      205
  SINCE JUN 1    488                       581    -93      590
  SINCE JAN 1    541                       617    -76      632
..................................................................


WIND (MPH)
  HIGHEST WIND SPEED    28   HIGHEST WIND DIRECTION    NW (300)
  HIGHEST GUST SPEED    43   HIGHEST GUST DIRECTION    NW (310)
  AVERAGE WIND SPEED     4.1


SKY COVER
  POSSIBLE SUNSHINE  MM
  AVERAGE SKY COVER 0.9


WEATHER CONDITIONS
 THE FOLLOWING WEATHER WAS RECORDED YESTERDAY.
  THUNDERSTORM
  HEAVY RAIN
  LIGHT RAIN
  FOG


RELATIVE HUMIDITY (PERCENT)
 HIGHEST   100           800 PM
 LOWEST     82           100 PM
 AVERAGE    91

..........................................................


THE SIOUX FALLS SD CLIMATE NORMALS FOR TODAY
                         NORMAL    RECORD    YEAR
 MAXIMUM TEMPERATURE (F)   79       104      2012
 MINIMUM TEMPERATURE (F)   57        37      1893


SUNRISE AND SUNSET
AUGUST 30 2014........SUNRISE   648 AM CDT   SUNSET   806 PM CDT
AUGUST 31 2014........SUNRISE   650 AM CDT   SUNSET   804 PM CDT


-  INDICATES NEGATIVE NUMBERS.
R  INDICATES RECORD WAS SET OR TIED.
MM INDICATES DATA IS MISSING.
T  INDICATES TRACE AMOUNT.




$$
