000
CDUS43 KFSD 230640
CLIFSD


CLIMATE REPORT
NATIONAL WEATHER SERVICE SIOUX FALLS SD
139 AM CDT SAT APR 23 2016


...................................

...THE SIOUX FALLS SD CLIMATE SUMMARY FOR APRIL 22 2016...

CLIMATE NORMAL PERIOD 1981 TO 2010
CLIMATE RECORD PERIOD 1893 TO 2016


WEATHER ITEM   OBSERVED TIME   RECORD YEAR NORMAL DEPARTURE LAST
                VALUE   (LST)  VALUE       VALUE  FROM      YEAR
                                                  NORMAL
..................................................................
TEMPERATURE (F)
 YESTERDAY
  MAXIMUM         63    437 PM  93    1960  62      1       56
  MINIMUM         33    555 AM  23    1956  37     -4       26
                                      1927
                                      1909
  AVERAGE         48                        49     -1       41

PRECIPITATION (IN)
  YESTERDAY        0.00          3.72 2001   0.10  -0.10     0.00
  MONTH TO DATE    1.82                      2.17  -0.35     0.65
  SINCE MAR 1      3.91                      3.93  -0.02     0.98
  SINCE JAN 1      5.59                      5.09   0.50     2.20

SNOWFALL (IN)
  YESTERDAY        0.0           4.7  1988   0.1   -0.1      0.0
  MONTH TO DATE    T                         3.9   -3.9       T
  SINCE MAR 1     12.2                      12.3   -0.1      1.7
  SINCE JUL 1     68.5                      43.8   24.7     31.9
  SNOW DEPTH       0

DEGREE DAYS
 HEATING
  YESTERDAY       17                        16      1       24
  MONTH TO DATE  361                       449    -88      336
  SINCE MAR 1   1125                      1444   -319     1156
  SINCE JUL 1   6161                      7294  -1133     6905

 COOLING
  YESTERDAY        0                         0      0        0
  MONTH TO DATE    0                         0      0        4
  SINCE MAR 1      0                         0      0        4
  SINCE JAN 1      0                         0      0        4
..................................................................


WIND (MPH)
  HIGHEST WIND SPEED    15   HIGHEST WIND DIRECTION     N (10)
  HIGHEST GUST SPEED    19   HIGHEST GUST DIRECTION     N (10)
  AVERAGE WIND SPEED     6.6


SKY COVER
  POSSIBLE SUNSHINE  MM
  AVERAGE SKY COVER 0.2


WEATHER CONDITIONS
 THE FOLLOWING WEATHER WAS RECORDED YESTERDAY.
  NO SIGNIFICANT WEATHER WAS OBSERVED.


RELATIVE HUMIDITY (PERCENT)
 HIGHEST    96           600 AM
 LOWEST     46           300 PM
 AVERAGE    71

..........................................................


THE SIOUX FALLS SD CLIMATE NORMALS FOR TODAY
                         NORMAL    RECORD    YEAR
 MAXIMUM TEMPERATURE (F)   62        91      2009
 MINIMUM TEMPERATURE (F)   38        20      1996
                                             1967


SUNRISE AND SUNSET
APRIL 23 2016.........SUNRISE   631 AM CDT   SUNSET   820 PM CDT
APRIL 24 2016.........SUNRISE   629 AM CDT   SUNSET   822 PM CDT


-  INDICATES NEGATIVE NUMBERS.
R  INDICATES RECORD WAS SET OR TIED.
MM INDICATES DATA IS MISSING.
T  INDICATES TRACE AMOUNT.




$$
