000
CDUS43 KFSD 290704
CLIFSD


CLIMATE REPORT
NATIONAL WEATHER SERVICE SIOUX FALLS SD
203 AM CDT WED JUL 29 2015


...................................

...THE SIOUX FALLS SD CLIMATE SUMMARY FOR JULY 28 2015...

CLIMATE NORMAL PERIOD 1981 TO 2010
CLIMATE RECORD PERIOD 1893 TO 2015


WEATHER ITEM   OBSERVED TIME   RECORD YEAR NORMAL DEPARTURE LAST
                VALUE   (LST)  VALUE       VALUE  FROM      YEAR
                                                  NORMAL
..................................................................
TEMPERATURE (F)
 YESTERDAY
  MAXIMUM         80    316 PM 102    1975  84     -4       75
                                      1917
  MINIMUM         61   1146 PM  44    2013  62     -1       55
  AVERAGE         71                        73     -2       65

PRECIPITATION (IN)
  YESTERDAY        0.48          2.60 1948   0.09   0.39     0.00
  MONTH TO DATE    4.19                      2.79   1.40     0.80
  SINCE JUN 1      8.48                      6.71   1.77    14.50
  SINCE JAN 1     15.03                     16.04  -1.01    19.48

SNOWFALL (IN)
  YESTERDAY        0.0           0.0    MM   0.0    0.0      0.0
  MONTH TO DATE    0.0                       0.0    0.0       T
  SINCE JUN 1      0.0                       0.0    0.0       T
  SINCE JUL 1      0.0                       0.0    0.0       T
  SNOW DEPTH       0

DEGREE DAYS
 HEATING
  YESTERDAY        0                         0      0        0
  MONTH TO DATE    6                         0      6       13
  SINCE JUN 1     15                        51    -36       45
  SINCE JUL 1      6                         0      6       13

 COOLING
  YESTERDAY        6                         8     -2        0
  MONTH TO DATE  214                       232    -18      169
  SINCE JUN 1    353                       367    -14      305
  SINCE JAN 1    375                       403    -28      358
..................................................................


WIND (MPH)
  HIGHEST WIND SPEED    26   HIGHEST WIND DIRECTION    SE (150)
  HIGHEST GUST SPEED    36   HIGHEST GUST DIRECTION     W (260)
  AVERAGE WIND SPEED    10.5


SKY COVER
  POSSIBLE SUNSHINE  MM
  AVERAGE SKY COVER 0.3


WEATHER CONDITIONS
 THE FOLLOWING WEATHER WAS RECORDED YESTERDAY.
  THUNDERSTORM
  HEAVY RAIN
  LIGHT RAIN
  FOG


RELATIVE HUMIDITY (PERCENT)
 HIGHEST    90           600 AM
 LOWEST     48           300 PM
 AVERAGE    69

..........................................................


THE SIOUX FALLS SD CLIMATE NORMALS FOR TODAY
                         NORMAL    RECORD    YEAR
 MAXIMUM TEMPERATURE (F)   84       108      1947
 MINIMUM TEMPERATURE (F)   62        38      1899


SUNRISE AND SUNSET
JULY 29 2015..........SUNRISE   613 AM CDT   SUNSET   853 PM CDT
JULY 30 2015..........SUNRISE   614 AM CDT   SUNSET   852 PM CDT


-  INDICATES NEGATIVE NUMBERS.
R  INDICATES RECORD WAS SET OR TIED.
MM INDICATES DATA IS MISSING.
T  INDICATES TRACE AMOUNT.




$$
