000
CDUS43 KFSD 202219
CLIFSD


CLIMATE REPORT
NATIONAL WEATHER SERVICE SIOUX FALLS SD
519 PM CDT MON MAR 20 2017


...................................

...THE SIOUX FALLS SD CLIMATE SUMMARY FOR MARCH 20 2017...
VALID TODAY AS OF 0500 PM LOCAL TIME.

CLIMATE NORMAL PERIOD 1981 TO 2010
CLIMATE RECORD PERIOD 1893 TO 2017


WEATHER ITEM   OBSERVED TIME   RECORD YEAR NORMAL DEPARTURE LAST
                VALUE   (LST)  VALUE       VALUE  FROM      YEAR
                                                  NORMAL
..................................................................
TEMPERATURE (F)
 TODAY
  MAXIMUM         58    214 PM  73    2015  45     13       43
                                      1911
  MINIMUM         37    718 AM  -2    1965  24     13       20
                                      1951
  AVERAGE         48                        35     13       32

PRECIPITATION (IN)
  TODAY            0.00          0.60 1932   0.06  -0.06     0.00
  MONTH TO DATE    0.43                      0.92  -0.49     0.15
  SINCE MAR 1      0.43                      0.92  -0.49     0.15
  SINCE JAN 1      1.54                      2.08  -0.54     1.83

SNOWFALL (IN)
  TODAY            0.0           8.5  1927   0.2   -0.2      0.0
  MONTH TO DATE    8.0                       5.8    2.2      0.9
  SINCE MAR 1      8.0                       5.8    2.2      0.9
  SINCE JUL 1     39.4                      37.3    2.1     57.2
  SNOW DEPTH       0

DEGREE DAYS
 HEATING
  TODAY           17                        30    -13       33
  MONTH TO DATE  661                       689    -28      494
  SINCE MAR 1    661                       689    -28      494
  SINCE JUL 1   5467                      6539  -1072     5530

 COOLING
  TODAY            0                         0      0        0
  MONTH TO DATE    0                         0      0        0
  SINCE MAR 1      0                         0      0        0
  SINCE JAN 1      0                         0      0        0
..................................................................


WIND (MPH)
  HIGHEST WIND SPEED    21   HIGHEST WIND DIRECTION    NE (40)
  HIGHEST GUST SPEED    25   HIGHEST GUST DIRECTION    NE (50)
  AVERAGE WIND SPEED    13.4


SKY COVER
  POSSIBLE SUNSHINE  MM
  AVERAGE SKY COVER 0.5


WEATHER CONDITIONS
 THE FOLLOWING WEATHER WAS RECORDED TODAY.
  NO SIGNIFICANT WEATHER WAS OBSERVED.


RELATIVE HUMIDITY (PERCENT)
 HIGHEST    85           500 AM
 LOWEST     41          1100 AM
 AVERAGE    63

..........................................................


THE SIOUX FALLS SD CLIMATE NORMALS FOR TOMORROW
                         NORMAL    RECORD    YEAR
 MAXIMUM TEMPERATURE (F)   45        83      1910
 MINIMUM TEMPERATURE (F)   25       -11      1951


SUNRISE AND SUNSET
MARCH 20 2017.........SUNRISE   730 AM CDT   SUNSET   740 PM CDT
MARCH 21 2017.........SUNRISE   728 AM CDT   SUNSET   741 PM CDT


-  INDICATES NEGATIVE NUMBERS.
R  INDICATES RECORD WAS SET OR TIED.
MM INDICATES DATA IS MISSING.
T  INDICATES TRACE AMOUNT.




$$
