000
CDUS43 KFSD 180615
CLIFSD


CLIMATE REPORT
NATIONAL WEATHER SERVICE SIOUX FALLS SD
1213 AM CST SAT NOV 18 2017


...................................

...THE SIOUX FALLS SD CLIMATE SUMMARY FOR NOVEMBER 17 2017...

CLIMATE NORMAL PERIOD 1981 TO 2010
CLIMATE RECORD PERIOD 1893 TO 2017


WEATHER ITEM   OBSERVED TIME   RECORD YEAR NORMAL DEPARTURE LAST
                VALUE   (LST)  VALUE       VALUE  FROM      YEAR
                                                  NORMAL
..................................................................
TEMPERATURE (F)
 YESTERDAY
  MAXIMUM         51        MM  68    1953  42      9       49
                                      1908
  MINIMUM         36        MM  -7    1959  22     14       37
  AVERAGE         44                        32     12       43

PRECIPITATION (IN)
  YESTERDAY        T             0.80 1958   0.05  -0.05     0.01
  MONTH TO DATE    0.03                      0.79  -0.76     0.03
  SINCE SEP 1      6.93                      5.73   1.20    10.67
  SINCE JAN 1     24.52                     25.12  -0.60    28.53

SNOWFALL (IN)
  YESTERDAY        0.0           4.0  1986   0.3   -0.3      0.0
  MONTH TO DATE    0.2                       3.4   -3.2      0.0
  SINCE SEP 1      0.2                       4.7   -4.5       T
  SINCE JUL 1      0.2                       4.7   -4.5       T
  SNOW DEPTH       0

DEGREE DAYS
 HEATING
  YESTERDAY       21                        33    -12       22
  MONTH TO DATE  509                       486     23      261
  SINCE SEP 1   1046                      1195   -149      714
  SINCE JUL 1   1052                      1226   -174      722

 COOLING
  YESTERDAY        0                         0      0        0
  MONTH TO DATE    0                         0      0        0
  SINCE SEP 1    102                        65     37       99
  SINCE JAN 1    776                       690     86      879
..................................................................


WIND (MPH)
  HIGHEST WIND SPEED    17   HIGHEST WIND DIRECTION     S (170)
  HIGHEST GUST SPEED    25   HIGHEST GUST DIRECTION     S (170)
  AVERAGE WIND SPEED    11.1


SKY COVER
  POSSIBLE SUNSHINE  MM
  AVERAGE SKY COVER 0.7


WEATHER CONDITIONS
 THE FOLLOWING WEATHER WAS RECORDED YESTERDAY.
  LIGHT RAIN
  HAZE


RELATIVE HUMIDITY (PERCENT)
 HIGHEST    83           800 AM
 LOWEST     60          1200 AM
 AVERAGE    72

..........................................................


THE SIOUX FALLS SD CLIMATE NORMALS FOR TODAY
                         NORMAL    RECORD    YEAR
 MAXIMUM TEMPERATURE (F)   41        71      1908
 MINIMUM TEMPERATURE (F)   21        -2      1927


SUNRISE AND SUNSET
NOVEMBER 18 2017......SUNRISE   725 AM CST   SUNSET   459 PM CST
NOVEMBER 19 2017......SUNRISE   726 AM CST   SUNSET   458 PM CST


-  INDICATES NEGATIVE NUMBERS.
R  INDICATES RECORD WAS SET OR TIED.
MM INDICATES DATA IS MISSING.
T  INDICATES TRACE AMOUNT.




$$
