000
CDUS43 KFSD 160629
CLIFSD


CLIMATE REPORT
NATIONAL WEATHER SERVICE SIOUX FALLS SD
128 AM CDT SUN JUL 16 2017


...................................

...THE SIOUX FALLS SD CLIMATE SUMMARY FOR JULY 15 2017...

CLIMATE NORMAL PERIOD 1981 TO 2010
CLIMATE RECORD PERIOD 1893 TO 2017


WEATHER ITEM   OBSERVED TIME   RECORD YEAR NORMAL DEPARTURE LAST
                VALUE   (LST)  VALUE       VALUE  FROM      YEAR
                                                  NORMAL
..................................................................
TEMPERATURE (F)
 YESTERDAY
  MAXIMUM         96    356 PM 103    1936  84     12       77
                                      1931
  MINIMUM         71   1159 PM  45    1906  62      9       51
  AVERAGE         84                        73     11       64

PRECIPITATION (IN)
  YESTERDAY        0.00          1.96 1900   0.10  -0.10     0.00
  MONTH TO DATE    T                         1.53  -1.53     0.66
  SINCE JUN 1      3.29                      5.45  -2.16     2.38
  SINCE JAN 1     11.04                     14.78  -3.74    13.88

SNOWFALL (IN)
  YESTERDAY        0.0           0.0    MM   0.0    0.0      0.0
  MONTH TO DATE    0.0                       0.0    0.0      0.0
  SINCE JUN 1      0.0                       0.0    0.0      0.0
  SINCE JUL 1      0.0                       0.0    0.0      0.0
  SNOW DEPTH       0

DEGREE DAYS
 HEATING
  YESTERDAY        0                         0      0        1
  MONTH TO DATE    0                         0      0        5
  SINCE JUN 1     26                        51    -25       14
  SINCE JUL 1      0                         0      0        5

 COOLING
  YESTERDAY       19                         9     10        0
  MONTH TO DATE  161                       122     39      106
  SINCE JUN 1    360                       257    103      341
  SINCE JAN 1    386                       293     93      374
..................................................................


WIND (MPH)
  HIGHEST WIND SPEED    17   HIGHEST WIND DIRECTION    NE (40)
  HIGHEST GUST SPEED    23   HIGHEST GUST DIRECTION    NE (30)
  AVERAGE WIND SPEED     6.9


SKY COVER
  POSSIBLE SUNSHINE  MM
  AVERAGE SKY COVER 0.2


WEATHER CONDITIONS
 THE FOLLOWING WEATHER WAS RECORDED YESTERDAY.
  NO SIGNIFICANT WEATHER WAS OBSERVED.


RELATIVE HUMIDITY (PERCENT)
 HIGHEST    87           300 AM
 LOWEST     40           400 PM
 AVERAGE    64

..........................................................


THE SIOUX FALLS SD CLIMATE NORMALS FOR TODAY
                         NORMAL    RECORD    YEAR
 MAXIMUM TEMPERATURE (F)   84       105      1926
 MINIMUM TEMPERATURE (F)   62        46      1896


SUNRISE AND SUNSET
JULY 16 2017..........SUNRISE   601 AM CDT   SUNSET   905 PM CDT
JULY 17 2017..........SUNRISE   602 AM CDT   SUNSET   904 PM CDT


-  INDICATES NEGATIVE NUMBERS.
R  INDICATES RECORD WAS SET OR TIED.
MM INDICATES DATA IS MISSING.
T  INDICATES TRACE AMOUNT.




$$
