000
CDUS43 KFSD 140620
CLIFSD


CLIMATE REPORT
NATIONAL WEATHER SERVICE SIOUX FALLS SD
1220 AM CST TUE FEB 14 2017


...................................

...THE SIOUX FALLS SD CLIMATE SUMMARY FOR FEBRUARY 13 2017...

CLIMATE NORMAL PERIOD 1981 TO 2010
CLIMATE RECORD PERIOD 1893 TO 2017


WEATHER ITEM   OBSERVED TIME   RECORD YEAR NORMAL DEPARTURE LAST
                VALUE   (LST)  VALUE       VALUE  FROM      YEAR
                                                  NORMAL
..................................................................
TEMPERATURE (F)
 YESTERDAY
  MAXIMUM         48    434 PM  59    1921  31     17       13
  MINIMUM         30    132 AM -30    1905  11     19       -5
  AVERAGE         39                        21     18        4

PRECIPITATION (IN)
  YESTERDAY        0.00          0.90 2005   0.02  -0.02     0.01
  MONTH TO DATE    0.10                      0.24  -0.14     0.47
  SINCE DEC 1      2.64                      1.49   1.15     2.26
  SINCE JAN 1      0.72                      0.80  -0.08     0.95

SNOWFALL (IN)
  YESTERDAY        0.0           6.0  1919   0.2   -0.2      0.1
  MONTH TO DATE    T                         3.1   -3.1      6.9
  SINCE DEC 1     20.3                      19.0    1.3     32.9
  SINCE JUL 1     26.3                      27.7   -1.4     50.2
  SNOW DEPTH       0

DEGREE DAYS
 HEATING
  YESTERDAY       26                        44    -18       61
  MONTH TO DATE  513                       596    -83      595
  SINCE DEC 1   3259                      3516   -257     3257
  SINCE JUL 1   4394                      5228   -834     4531

 COOLING
  YESTERDAY        0                         0      0        0
  MONTH TO DATE    0                         0      0        0
  SINCE DEC 1      0                         0      0        0
  SINCE JAN 1      0                         0      0        0
..................................................................


WIND (MPH)
  HIGHEST WIND SPEED    16   HIGHEST WIND DIRECTION    NW (300)
  HIGHEST GUST SPEED    20   HIGHEST GUST DIRECTION    NW (320)
  AVERAGE WIND SPEED     9.4


SKY COVER
  POSSIBLE SUNSHINE  MM
  AVERAGE SKY COVER 0.2


WEATHER CONDITIONS
 THE FOLLOWING WEATHER WAS RECORDED YESTERDAY.
  NO SIGNIFICANT WEATHER WAS OBSERVED.


RELATIVE HUMIDITY (PERCENT)
 HIGHEST    82           800 PM
 LOWEST     54          1000 AM
 AVERAGE    68

..........................................................


THE SIOUX FALLS SD CLIMATE NORMALS FOR TODAY
                         NORMAL    RECORD    YEAR
 MAXIMUM TEMPERATURE (F)   31        66      1954
 MINIMUM TEMPERATURE (F)   11       -28      1936


SUNRISE AND SUNSET
FEBRUARY 14 2017......SUNRISE   726 AM CST   SUNSET   556 PM CST
FEBRUARY 15 2017......SUNRISE   725 AM CST   SUNSET   558 PM CST


-  INDICATES NEGATIVE NUMBERS.
R  INDICATES RECORD WAS SET OR TIED.
MM INDICATES DATA IS MISSING.
T  INDICATES TRACE AMOUNT.




$$
