000
CDUS43 KFSD 110638
CLIFSD


CLIMATE REPORT
NATIONAL WEATHER SERVICE SIOUX FALLS SD
136 AM CDT MON JUL 11 2016


...................................

...THE SIOUX FALLS SD CLIMATE SUMMARY FOR JULY 10 2016...

CLIMATE NORMAL PERIOD 1981 TO 2010
CLIMATE RECORD PERIOD 1893 TO 2016


WEATHER ITEM   OBSERVED TIME   RECORD YEAR NORMAL DEPARTURE LAST
                VALUE   (LST)  VALUE       VALUE  FROM      YEAR
                                                  NORMAL
..................................................................
TEMPERATURE (F)
 YESTERDAY
  MAXIMUM         87    431 PM 106    1966  84      3       81
  MINIMUM         66    722 AM  43    1996  62      4       64
  AVERAGE         77                        73      4       73

PRECIPITATION (IN)
  YESTERDAY        0.01          2.81 1993   0.11  -0.10     0.00
  MONTH TO DATE    0.66                      1.04  -0.38     1.98
  SINCE JUN 1      2.38                      4.96  -2.58     6.27
  SINCE JAN 1     13.88                     14.29  -0.41    12.82

SNOWFALL (IN)
  YESTERDAY        0.0           0.0    MM   0.0    0.0      0.0
  MONTH TO DATE    0.0                       0.0    0.0      0.0
  SINCE JUN 1      0.0                       0.0    0.0      0.0
  SINCE JUL 1      0.0                       0.0    0.0      0.0
  SNOW DEPTH       0

DEGREE DAYS
 HEATING
  YESTERDAY        0                         0      0        0
  MONTH TO DATE    4                         0      4        6
  SINCE JUN 1     13                        51    -38       15
  SINCE JUL 1      4                         0      4        6

 COOLING
  YESTERDAY       12                         8      4        8
  MONTH TO DATE   67                        79    -12       36
  SINCE JUN 1    302                       214     88      175
  SINCE JAN 1    335                       250     85      197
..................................................................


WIND (MPH)
  HIGHEST WIND SPEED    33   HIGHEST WIND DIRECTION    SE (150)
  HIGHEST GUST SPEED    42   HIGHEST GUST DIRECTION    SE (150)
  AVERAGE WIND SPEED    17.2


SKY COVER
  POSSIBLE SUNSHINE  MM
  AVERAGE SKY COVER 0.5


WEATHER CONDITIONS
 THE FOLLOWING WEATHER WAS RECORDED YESTERDAY.
  THUNDERSTORM
  LIGHT RAIN
  FOG


RELATIVE HUMIDITY (PERCENT)
 HIGHEST   100          1100 AM
 LOWEST     65           300 PM
 AVERAGE    83

..........................................................


THE SIOUX FALLS SD CLIMATE NORMALS FOR TODAY
                         NORMAL    RECORD    YEAR
 MAXIMUM TEMPERATURE (F)   84       104      1894
 MINIMUM TEMPERATURE (F)   62        46      1975


SUNRISE AND SUNSET
JULY 11 2016..........SUNRISE   557 AM CDT   SUNSET   908 PM CDT
JULY 12 2016..........SUNRISE   557 AM CDT   SUNSET   907 PM CDT


-  INDICATES NEGATIVE NUMBERS.
R  INDICATES RECORD WAS SET OR TIED.
MM INDICATES DATA IS MISSING.
T  INDICATES TRACE AMOUNT.




$$
