000
CDUS43 KFSD 122227
CLIFSD


CLIMATE REPORT
NATIONAL WEATHER SERVICE SIOUX FALLS SD
527 PM CDT TUE JUL 12 2016


...................................

...THE SIOUX FALLS SD CLIMATE SUMMARY FOR JULY 12 2016...
VALID TODAY AS OF 0500 PM LOCAL TIME.

CLIMATE NORMAL PERIOD 1981 TO 2010
CLIMATE RECORD PERIOD 1893 TO 2016


WEATHER ITEM   OBSERVED TIME   RECORD YEAR NORMAL DEPARTURE LAST
                VALUE   (LST)  VALUE       VALUE  FROM      YEAR
                                                  NORMAL
..................................................................
TEMPERATURE (F)
 TODAY
  MAXIMUM         86    359 PM 107    1995  84      2       92
  MINIMUM         61    614 AM  48    1975  62     -1       69
                                      1897
  AVERAGE         74                        73      1       81

PRECIPITATION (IN)
  TODAY            0.00          1.56 1908   0.10  -0.10     0.00
  MONTH TO DATE    0.66                      1.24  -0.58     1.98
  SINCE JUN 1      2.38                      5.16  -2.78     6.27
  SINCE JAN 1     13.88                     14.49  -0.61    12.82

SNOWFALL (IN)
  TODAY            0.0           0.0    MM   0.0    0.0      0.0
  MONTH TO DATE    0.0                       0.0    0.0      0.0
  SINCE JUN 1      0.0                       0.0    0.0      0.0
  SINCE JUL 1      0.0                       0.0    0.0      0.0
  SNOW DEPTH       0

DEGREE DAYS
 HEATING
  TODAY            0                         0      0        0
  MONTH TO DATE    4                         0      4        6
  SINCE JUN 1     13                        51    -38       15
  SINCE JUL 1      4                         0      4        6

 COOLING
  TODAY            9                         8      1       16
  MONTH TO DATE   91                        95     -4       64
  SINCE JUN 1    326                       230     96      203
  SINCE JAN 1    359                       266     93      225
..................................................................


WIND (MPH)
  HIGHEST WIND SPEED    18   HIGHEST WIND DIRECTION    SW (220)
  HIGHEST GUST SPEED    29   HIGHEST GUST DIRECTION    SW (230)
  AVERAGE WIND SPEED     8.6


SKY COVER
  POSSIBLE SUNSHINE  MM
  AVERAGE SKY COVER 0.2


WEATHER CONDITIONS
 THE FOLLOWING WEATHER WAS RECORDED TODAY.
  NO SIGNIFICANT WEATHER WAS OBSERVED.


RELATIVE HUMIDITY (PERCENT)
 HIGHEST   100           600 AM
 LOWEST     29           300 PM
 AVERAGE    65

..........................................................


THE SIOUX FALLS SD CLIMATE NORMALS FOR TOMORROW
                         NORMAL    RECORD    YEAR
 MAXIMUM TEMPERATURE (F)   84       106      1995
 MINIMUM TEMPERATURE (F)   62        44      1950
                                             1926


SUNRISE AND SUNSET
JULY 12 2016..........SUNRISE   557 AM CDT   SUNSET   907 PM CDT
JULY 13 2016..........SUNRISE   558 AM CDT   SUNSET   907 PM CDT


-  INDICATES NEGATIVE NUMBERS.
R  INDICATES RECORD WAS SET OR TIED.
MM INDICATES DATA IS MISSING.
T  INDICATES TRACE AMOUNT.




$$
