000
CDUS43 KFSD 040639
CLIFSD


CLIMATE REPORT
NATIONAL WEATHER SERVICE SIOUX FALLS SD
1236 AM CST MON DEC 4 2017


...................................

...THE SIOUX FALLS SD CLIMATE SUMMARY FOR DECEMBER 3 2017...

CLIMATE NORMAL PERIOD 1981 TO 2010
CLIMATE RECORD PERIOD 1893 TO 2017


WEATHER ITEM   OBSERVED TIME   RECORD YEAR NORMAL DEPARTURE LAST
                VALUE   (LST)  VALUE       VALUE  FROM      YEAR
                                                  NORMAL
..................................................................
TEMPERATURE (F)
 YESTERDAY
  MAXIMUM         55    438 PM  63    1998  32     23       36
  MINIMUM         21    709 AM -10    1919  14      7       25
  AVERAGE         38                        23     15       31

PRECIPITATION (IN)
  YESTERDAY        0.00          1.41 1955   0.03  -0.03      T
  MONTH TO DATE    0.00                      0.09  -0.09      T
  SINCE DEC 1      0.00                      0.09  -0.09      T
  SINCE JAN 1     24.52                     25.78  -1.26    30.31

SNOWFALL (IN)
  YESTERDAY        0.0          10.9  1955   0.3   -0.3       T
  MONTH TO DATE    0.0                       0.8   -0.8       T
  SINCE DEC 1      0.0                       0.8   -0.8       T
  SINCE JUL 1      0.2                       9.5   -9.3      6.0
  SNOW DEPTH       0

DEGREE DAYS
 HEATING
  YESTERDAY       27                        42    -15       34
  MONTH TO DATE   82                       125    -43       99
  SINCE DEC 1     82                       125    -43       99
  SINCE JUL 1   1491                      1837   -346     1234

 COOLING
  YESTERDAY        0                         0      0        0
  MONTH TO DATE    0                         0      0        0
  SINCE DEC 1      0                         0      0        0
  SINCE JAN 1    776                       690     86      879
..................................................................


WIND (MPH)
  HIGHEST WIND SPEED    21   HIGHEST WIND DIRECTION     S (160)
  HIGHEST GUST SPEED    25   HIGHEST GUST DIRECTION     S (170)
  AVERAGE WIND SPEED     8.3


SKY COVER
  POSSIBLE SUNSHINE  MM
  AVERAGE SKY COVER 0.7


WEATHER CONDITIONS
 THE FOLLOWING WEATHER WAS RECORDED YESTERDAY.
  NO SIGNIFICANT WEATHER WAS OBSERVED.


RELATIVE HUMIDITY (PERCENT)
 HIGHEST    88           700 AM
 LOWEST     46          1200 AM
 AVERAGE    67

..........................................................


THE SIOUX FALLS SD CLIMATE NORMALS FOR TODAY
                         NORMAL    RECORD    YEAR
 MAXIMUM TEMPERATURE (F)   32        53      1946
 MINIMUM TEMPERATURE (F)   13       -13      1978


SUNRISE AND SUNSET
DECEMBER  4 2017......SUNRISE   744 AM CST   SUNSET   451 PM CST
DECEMBER  5 2017......SUNRISE   745 AM CST   SUNSET   451 PM CST


-  INDICATES NEGATIVE NUMBERS.
R  INDICATES RECORD WAS SET OR TIED.
MM INDICATES DATA IS MISSING.
T  INDICATES TRACE AMOUNT.




$$
