000
CDUS43 KFSD 130641
CLIFSD


CLIMATE REPORT
NATIONAL WEATHER SERVICE SIOUX FALLS SD
139 AM CDT MON MAR 13 2017


...................................

...THE SIOUX FALLS SD CLIMATE SUMMARY FOR MARCH 12 2017...

CLIMATE NORMAL PERIOD 1981 TO 2010
CLIMATE RECORD PERIOD 1893 TO 2017


WEATHER ITEM   OBSERVED TIME   RECORD YEAR NORMAL DEPARTURE LAST
                VALUE   (LST)  VALUE       VALUE  FROM      YEAR
                                                  NORMAL
..................................................................
TEMPERATURE (F)
 YESTERDAY
  MAXIMUM         23    511 PM  77    2015  41    -18       69
  MINIMUM         16    435 AM -20    1956  21     -5       42
  AVERAGE         20                        31    -11       56

PRECIPITATION (IN)
  YESTERDAY        0.29          1.05 1954   0.05   0.24      T
  MONTH TO DATE    0.43                      0.47  -0.04     0.03
  SINCE MAR 1      0.43                      0.47  -0.04     0.03
  SINCE JAN 1      1.54                      1.63  -0.09     1.71

SNOWFALL (IN)
  YESTERDAY        4.7           7.7  1954   0.3    4.4      0.0
  MONTH TO DATE    7.9                       3.7    4.2      0.3
  SINCE MAR 1      7.9                       3.7    4.2      0.3
  SINCE JUL 1     39.3                      35.2    4.1     56.6
  SNOW DEPTH       1

DEGREE DAYS
 HEATING
  YESTERDAY       45                        34     11        9
  MONTH TO DATE  416                       434    -18      308
  SINCE MAR 1    416                       434    -18      308
  SINCE JUL 1   5222                      6284  -1062     5344

 COOLING
  YESTERDAY        0                         0      0        0
  MONTH TO DATE    0                         0      0        0
  SINCE MAR 1      0                         0      0        0
  SINCE JAN 1      0                         0      0        0
..................................................................


WIND (MPH)
  HIGHEST WIND SPEED    28   HIGHEST WIND DIRECTION    NE (40)
  HIGHEST GUST SPEED    33   HIGHEST GUST DIRECTION    NE (40)
  AVERAGE WIND SPEED    17.2


SKY COVER
  POSSIBLE SUNSHINE  MM
  AVERAGE SKY COVER 1.0


WEATHER CONDITIONS
 THE FOLLOWING WEATHER WAS RECORDED YESTERDAY.
  HEAVY SNOW
  SNOW
  LIGHT SNOW
  FOG
  FOG W/VISIBILITY <= 1/4 MILE


RELATIVE HUMIDITY (PERCENT)
 HIGHEST    92           100 PM
 LOWEST     74          1200 AM
 AVERAGE    83

..........................................................


THE SIOUX FALLS SD CLIMATE NORMALS FOR TODAY
                         NORMAL    RECORD    YEAR
 MAXIMUM TEMPERATURE (F)   42        79      2012
 MINIMUM TEMPERATURE (F)   22       -14      1975


SUNRISE AND SUNSET
MARCH 13 2017.........SUNRISE   742 AM CDT   SUNSET   731 PM CDT
MARCH 14 2017.........SUNRISE   740 AM CDT   SUNSET   732 PM CDT


-  INDICATES NEGATIVE NUMBERS.
R  INDICATES RECORD WAS SET OR TIED.
MM INDICATES DATA IS MISSING.
T  INDICATES TRACE AMOUNT.




$$
