000
CDUS43 KFSD 120646
CLIFSD


CLIMATE REPORT
NATIONAL WEATHER SERVICE SIOUX FALLS SD
146 AM CDT FRI SEP 12 2014


...................................

...THE SIOUX FALLS SD CLIMATE SUMMARY FOR SEPTEMBER 11 2014...

CLIMATE NORMAL PERIOD 1981 TO 2010
CLIMATE RECORD PERIOD 1893 TO 2014


WEATHER ITEM   OBSERVED TIME   RECORD YEAR NORMAL DEPARTURE LAST
                VALUE   (LST)  VALUE       VALUE  FROM      YEAR
                                                  NORMAL
..................................................................
TEMPERATURE (F)
 YESTERDAY
  MAXIMUM         54   1255 PM  96    2012  75    -21       86
                                      1895
  MINIMUM         47   1159 PM  28    1894  52     -5       60
  AVERAGE         51                        63    -12       73

PRECIPITATION (IN)
  YESTERDAY        0.07          4.02 1966   0.10  -0.03     0.00
  MONTH TO DATE    1.50                      1.07   0.43     0.21
  SINCE SEP 1      1.50                      1.07   0.43     0.21
  SINCE JAN 1     25.93                     20.46   5.47    20.63

SNOWFALL (IN)
  YESTERDAY        0.0           0.0    MM   0.0    0.0      0.0
  MONTH TO DATE    0.0                       0.0    0.0      0.0
  SINCE SEP 1      0.0                       0.0    0.0      0.0
  SINCE JUL 1      T                         0.0    0.0      0.0
  SNOW DEPTH       0

DEGREE DAYS
 HEATING
  YESTERDAY       14                         4     10        0
  MONTH TO DATE   37                        32      5        1
  SINCE SEP 1     37                        32      5        1
  SINCE JUL 1     55                        63     -8       35

 COOLING
  YESTERDAY        0                         3     -3        8
  MONTH TO DATE   22                        38    -16       93
  SINCE SEP 1     22                        38    -16       93
  SINCE JAN 1    573                       663    -90      747
..................................................................


WIND (MPH)
  HIGHEST WIND SPEED    16   HIGHEST WIND DIRECTION     N (10)
  HIGHEST GUST SPEED    20   HIGHEST GUST DIRECTION     N (10)
  AVERAGE WIND SPEED     7.3


SKY COVER
  POSSIBLE SUNSHINE  MM
  AVERAGE SKY COVER 1.0


WEATHER CONDITIONS
 THE FOLLOWING WEATHER WAS RECORDED YESTERDAY.
  LIGHT RAIN


RELATIVE HUMIDITY (PERCENT)
 HIGHEST    93          1000 PM
 LOWEST     66           100 PM
 AVERAGE    80

..........................................................


THE SIOUX FALLS SD CLIMATE NORMALS FOR TODAY
                         NORMAL    RECORD    YEAR
 MAXIMUM TEMPERATURE (F)   75        97      1908
 MINIMUM TEMPERATURE (F)   51        27      1902


SUNRISE AND SUNSET
SEPTEMBER 12 2014.....SUNRISE   703 AM CDT   SUNSET   743 PM CDT
SEPTEMBER 13 2014.....SUNRISE   704 AM CDT   SUNSET   741 PM CDT


-  INDICATES NEGATIVE NUMBERS.
R  INDICATES RECORD WAS SET OR TIED.
MM INDICATES DATA IS MISSING.
T  INDICATES TRACE AMOUNT.




$$
