000
CDUS43 KFSD 270727
CLIFSD


CLIMATE REPORT
NATIONAL WEATHER SERVICE SIOUX FALLS SD
115 AM CST FRI FEB 27 2015


...................................

...THE SIOUX FALLS SD CLIMATE SUMMARY FOR FEBRUARY 26 2015...

CLIMATE NORMAL PERIOD 1981 TO 2010
CLIMATE RECORD PERIOD 1893 TO 2015


WEATHER ITEM   OBSERVED TIME   RECORD YEAR NORMAL DEPARTURE LAST
                VALUE   (LST)  VALUE       VALUE  FROM      YEAR
                                                  NORMAL
..................................................................
TEMPERATURE (F)
 YESTERDAY
  MAXIMUM          6    315 PM  66    1896  35    -29       25
  MINIMUM        -10    730 AM -23    1897  16    -26      -11
  AVERAGE         -2                        25    -27        7

PRECIPITATION (IN)
  YESTERDAY        0.00          1.13 1958   0.03  -0.03     0.00
  MONTH TO DATE    0.41                      0.54  -0.13     0.67
  SINCE DEC 1      2.55                      1.79   0.76     2.11
  SINCE JAN 1      1.22                      1.10   0.12     0.98

SNOWFALL (IN)
  YESTERDAY        0.0           3.5  1944   0.3   -0.3      0.0
  MONTH TO DATE    6.2                       6.4   -0.2      8.9
  SINCE DEC 1     21.9                      22.3   -0.4     26.2
  SINCE JUL 1     30.2                      31.0   -0.8     34.1
  SNOW DEPTH       2

DEGREE DAYS
 HEATING
  YESTERDAY       67                        40     27       58
  MONTH TO DATE 1266                      1141    125     1362
  SINCE DEC 1   3880                      4061   -181     4605
  SINCE JUL 1   5636                      5773   -137     6226

 COOLING
  YESTERDAY        0                         0      0        0
  MONTH TO DATE    0                         0      0        0
  SINCE DEC 1      0                         0      0        0
  SINCE JAN 1      0                         0      0        0
..................................................................


WIND (MPH)
  HIGHEST WIND SPEED    21   HIGHEST WIND DIRECTION     N (350)
  HIGHEST GUST SPEED    24   HIGHEST GUST DIRECTION    NW (330)
  AVERAGE WIND SPEED    11.2


SKY COVER
  POSSIBLE SUNSHINE  MM
  AVERAGE SKY COVER 0.2


WEATHER CONDITIONS
 THE FOLLOWING WEATHER WAS RECORDED YESTERDAY.
  NO SIGNIFICANT WEATHER WAS OBSERVED.


RELATIVE HUMIDITY (PERCENT)
 HIGHEST    83           500 AM
 LOWEST     65          1000 AM
 AVERAGE    74

..........................................................


THE SIOUX FALLS SD CLIMATE NORMALS FOR TODAY
                         NORMAL    RECORD    YEAR
 MAXIMUM TEMPERATURE (F)   35        63      1895
 MINIMUM TEMPERATURE (F)   16       -19      1899


SUNRISE AND SUNSET
FEBRUARY 27 2015......SUNRISE   707 AM CST   SUNSET   613 PM CST
FEBRUARY 28 2015......SUNRISE   705 AM CST   SUNSET   614 PM CST


-  INDICATES NEGATIVE NUMBERS.
R  INDICATES RECORD WAS SET OR TIED.
MM INDICATES DATA IS MISSING.
T  INDICATES TRACE AMOUNT.




$$
