000
CDUS43 KFSD 110637
CLIFSD


CLIMATE REPORT
NATIONAL WEATHER SERVICE SIOUX FALLS SD
137 AM CDT MON SEP 11 2017


...................................

...THE SIOUX FALLS SD CLIMATE SUMMARY FOR SEPTEMBER 10 2017...

CLIMATE NORMAL PERIOD 1981 TO 2010
CLIMATE RECORD PERIOD 1893 TO 2017


WEATHER ITEM   OBSERVED TIME   RECORD YEAR NORMAL DEPARTURE LAST
                VALUE   (LST)  VALUE       VALUE  FROM      YEAR
                                                  NORMAL
..................................................................
TEMPERATURE (F)
 YESTERDAY
  MAXIMUM         81    302 PM  98    1931  76      5       73
  MINIMUM         67   1152 PM  35    1910  52     15       50
                                      1898
  AVERAGE         74                        64     10       62

PRECIPITATION (IN)
  YESTERDAY        0.07          2.63 2003   0.10  -0.03     0.00
  MONTH TO DATE    0.17                      0.97  -0.80     2.71
  SINCE SEP 1      0.17                      0.97  -0.80     2.71
  SINCE JAN 1     17.76                     20.36  -2.60    20.57

SNOWFALL (IN)
  YESTERDAY        0.0           0.0    MM   0.0    0.0      0.0
  MONTH TO DATE    0.0                       0.0    0.0      0.0
  SINCE SEP 1      0.0                       0.0    0.0      0.0
  SINCE JUL 1      0.0                       0.0    0.0      0.0
  SNOW DEPTH       0

DEGREE DAYS
 HEATING
  YESTERDAY        0                         4     -4        3
  MONTH TO DATE   22                        28     -6        4
  SINCE SEP 1     22                        28     -6        4
  SINCE JUL 1     28                        59    -31       12

 COOLING
  YESTERDAY        9                         3      6        0
  MONTH TO DATE   24                        35    -11       41
  SINCE SEP 1     24                        35    -11       41
  SINCE JAN 1    698                       660     38      821
..................................................................


WIND (MPH)
  HIGHEST WIND SPEED    29   HIGHEST WIND DIRECTION     S (180)
  HIGHEST GUST SPEED    39   HIGHEST GUST DIRECTION     S (180)
  AVERAGE WIND SPEED    16.9


SKY COVER
  POSSIBLE SUNSHINE  MM
  AVERAGE SKY COVER 0.4


WEATHER CONDITIONS
 THE FOLLOWING WEATHER WAS RECORDED YESTERDAY.
  THUNDERSTORM
  LIGHT RAIN


RELATIVE HUMIDITY (PERCENT)
 HIGHEST    87           500 AM
 LOWEST     48           400 PM
 AVERAGE    68

..........................................................


THE SIOUX FALLS SD CLIMATE NORMALS FOR TODAY
                         NORMAL    RECORD    YEAR
 MAXIMUM TEMPERATURE (F)   75        96      2012
                                             1895
 MINIMUM TEMPERATURE (F)   52        28      1894


SUNRISE AND SUNSET
SEPTEMBER 11 2017.....SUNRISE   702 AM CDT   SUNSET   744 PM CDT
SEPTEMBER 12 2017.....SUNRISE   703 AM CDT   SUNSET   742 PM CDT


-  INDICATES NEGATIVE NUMBERS.
R  INDICATES RECORD WAS SET OR TIED.
MM INDICATES DATA IS MISSING.
T  INDICATES TRACE AMOUNT.




$$
