000
CDUS43 KFSD 132233
CLIFSD


CLIMATE REPORT
NATIONAL WEATHER SERVICE SIOUX FALLS SD
523 PM CDT THU JUL 13 2017


...................................

...THE SIOUX FALLS SD CLIMATE SUMMARY FOR JULY 13 2017...
VALID TODAY AS OF 0500 PM LOCAL TIME.

CLIMATE NORMAL PERIOD 1981 TO 2010
CLIMATE RECORD PERIOD 1893 TO 2017


WEATHER ITEM   OBSERVED TIME   RECORD YEAR NORMAL DEPARTURE LAST
                VALUE   (LST)  VALUE       VALUE  FROM      YEAR
                                                  NORMAL
..................................................................
TEMPERATURE (F)
 TODAY
  MAXIMUM         82    358 PM 106    1995  84     -2       86
  MINIMUM         58    454 AM  44    1950  62     -4       65
                                      1926
  AVERAGE         70                        73     -3       76

PRECIPITATION (IN)
  TODAY            0.00          1.11 1921   0.10  -0.10     0.00
  MONTH TO DATE    T                         1.34  -1.34     0.66
  SINCE JUN 1      3.29                      5.26  -1.97     2.38
  SINCE JAN 1     11.04                     14.59  -3.55    13.88

SNOWFALL (IN)
  TODAY            0.0           0.0    MM   0.0    0.0      0.0
  MONTH TO DATE    0.0                       0.0    0.0      0.0
  SINCE JUN 1      0.0                       0.0    0.0      0.0
  SINCE JUL 1      0.0                       0.0    0.0      0.0
  SNOW DEPTH       0

DEGREE DAYS
 HEATING
  TODAY            0                         0      0        0
  MONTH TO DATE    0                         0      0        4
  SINCE JUN 1     26                        51    -25       13
  SINCE JUL 1      0                         0      0        4

 COOLING
  TODAY            5                         9     -4       11
  MONTH TO DATE  135                       104     31      102
  SINCE JUN 1    334                       239     95      337
  SINCE JAN 1    360                       275     85      370
..................................................................


WIND (MPH)
  HIGHEST WIND SPEED    14   HIGHEST WIND DIRECTION     N (340)
  HIGHEST GUST SPEED    18   HIGHEST GUST DIRECTION    NE (30)
  AVERAGE WIND SPEED     6.4


SKY COVER
  POSSIBLE SUNSHINE  MM
  AVERAGE SKY COVER 0.2


WEATHER CONDITIONS
 THE FOLLOWING WEATHER WAS RECORDED TODAY.
  NO SIGNIFICANT WEATHER WAS OBSERVED.


RELATIVE HUMIDITY (PERCENT)
 HIGHEST    93           500 AM
 LOWEST     47           400 PM
 AVERAGE    70

..........................................................


THE SIOUX FALLS SD CLIMATE NORMALS FOR TOMORROW
                         NORMAL    RECORD    YEAR
 MAXIMUM TEMPERATURE (F)   84       103      1936
 MINIMUM TEMPERATURE (F)   62        42      1967


SUNRISE AND SUNSET
JULY 13 2017..........SUNRISE   558 AM CDT   SUNSET   907 PM CDT
JULY 14 2017..........SUNRISE   559 AM CDT   SUNSET   906 PM CDT


-  INDICATES NEGATIVE NUMBERS.
R  INDICATES RECORD WAS SET OR TIED.
MM INDICATES DATA IS MISSING.
T  INDICATES TRACE AMOUNT.




$$
