000
CDUS43 KFSD 250640
CLIFSD


CLIMATE REPORT
NATIONAL WEATHER SERVICE SIOUX FALLS SD
139 AM CDT MON APR 25 2016


...................................

...THE SIOUX FALLS SD CLIMATE SUMMARY FOR APRIL 24 2016...

CLIMATE NORMAL PERIOD 1981 TO 2010
CLIMATE RECORD PERIOD 1893 TO 2016


WEATHER ITEM   OBSERVED TIME   RECORD YEAR NORMAL DEPARTURE LAST
                VALUE   (LST)  VALUE       VALUE  FROM      YEAR
                                                  NORMAL
..................................................................
TEMPERATURE (F)
 YESTERDAY
  MAXIMUM         74   1252 PM  89    1906  63     11       74
  MINIMUM         56   1159 PM  20    1967  38     18       49
  AVERAGE         65                        50     15       62

PRECIPITATION (IN)
  YESTERDAY        0.52          2.64 1953   0.11   0.41     0.16
  MONTH TO DATE    2.34                      2.38  -0.04     0.81
  SINCE MAR 1      4.43                      4.14   0.29     1.14
  SINCE JAN 1      6.11                      5.30   0.81     2.36

SNOWFALL (IN)
  YESTERDAY        0.0           4.0  1937   0.2   -0.2      0.0
  MONTH TO DATE    T                         4.2   -4.2       T
  SINCE MAR 1     12.2                      12.6   -0.4      1.7
  SINCE JUL 1     68.5                      44.1   24.4     31.9
  SNOW DEPTH       0

DEGREE DAYS
 HEATING
  YESTERDAY        0                        15    -15        3
  MONTH TO DATE  365                       479   -114      355
  SINCE MAR 1   1129                      1474   -345     1175
  SINCE JUL 1   6165                      7324  -1159     6924

 COOLING
  YESTERDAY        0                         0      0        0
  MONTH TO DATE    0                         0      0        4
  SINCE MAR 1      0                         0      0        4
  SINCE JAN 1      0                         0      0        4
..................................................................


WIND (MPH)
  HIGHEST WIND SPEED    37   HIGHEST WIND DIRECTION    SE (150)
  HIGHEST GUST SPEED    45   HIGHEST GUST DIRECTION    SE (150)
  AVERAGE WIND SPEED    13.2


SKY COVER
  POSSIBLE SUNSHINE  MM
  AVERAGE SKY COVER 0.6


WEATHER CONDITIONS
 THE FOLLOWING WEATHER WAS RECORDED YESTERDAY.
  THUNDERSTORM
  HEAVY RAIN
  RAIN
  LIGHT RAIN
  FOG


RELATIVE HUMIDITY (PERCENT)
 HIGHEST    90           900 PM
 LOWEST     57          1200 PM
 AVERAGE    74

..........................................................


THE SIOUX FALLS SD CLIMATE NORMALS FOR TODAY
                         NORMAL    RECORD    YEAR
 MAXIMUM TEMPERATURE (F)   63        94      1962
 MINIMUM TEMPERATURE (F)   38        22      1918


SUNRISE AND SUNSET
APRIL 25 2016.........SUNRISE   628 AM CDT   SUNSET   823 PM CDT
APRIL 26 2016.........SUNRISE   626 AM CDT   SUNSET   824 PM CDT


-  INDICATES NEGATIVE NUMBERS.
R  INDICATES RECORD WAS SET OR TIED.
MM INDICATES DATA IS MISSING.
T  INDICATES TRACE AMOUNT.




$$
