000
CDUS43 KFSD 190630
CLIFSD


CLIMATE REPORT
NATIONAL WEATHER SERVICE SIOUX FALLS SD
129 AM CDT THU OCT 19 2017


...................................

...THE SIOUX FALLS SD CLIMATE SUMMARY FOR OCTOBER 18 2017...

CLIMATE NORMAL PERIOD 1981 TO 2010
CLIMATE RECORD PERIOD 1893 TO 2017


WEATHER ITEM   OBSERVED TIME   RECORD YEAR NORMAL DEPARTURE LAST
                VALUE   (LST)  VALUE       VALUE  FROM      YEAR
                                                  NORMAL
..................................................................
TEMPERATURE (F)
 YESTERDAY
  MAXIMUM         74    227 PM  84    2003  59     15       67
  MINIMUM         41   1159 PM  15    1972  35      6       41
  AVERAGE         58                        47     11       54

PRECIPITATION (IN)
  YESTERDAY        0.00          2.15 1904   0.08  -0.08      T
  MONTH TO DATE    5.24                      1.47   3.77     3.06
  SINCE SEP 1      6.86                      4.24   2.62    10.61
  SINCE JAN 1     24.45                     23.63   0.82    28.47

SNOWFALL (IN)
  YESTERDAY        0.0           1.4  2006   0.1   -0.1      0.0
                                      1976
  MONTH TO DATE    T                         0.4   -0.4       T
  SINCE SEP 1      T                         0.4   -0.4       T
  SINCE JUL 1      T                         0.4   -0.4       T
  SNOW DEPTH       0

DEGREE DAYS
 HEATING
  YESTERDAY        7                        18    -11       11
  MONTH TO DATE  199                       263    -64      195
  SINCE SEP 1    285                       436   -151      265
  SINCE JUL 1    291                       467   -176      273

 COOLING
  YESTERDAY        0                         0      0        0
  MONTH TO DATE    2                         0      2        2
  SINCE SEP 1    100                        60     40       99
  SINCE JAN 1    774                       685     89      879
..................................................................


WIND (MPH)
  HIGHEST WIND SPEED    23   HIGHEST WIND DIRECTION     N (360)
  HIGHEST GUST SPEED    30   HIGHEST GUST DIRECTION     N (10)
  AVERAGE WIND SPEED     8.8


SKY COVER
  POSSIBLE SUNSHINE  MM
  AVERAGE SKY COVER 0.4


WEATHER CONDITIONS
 THE FOLLOWING WEATHER WAS RECORDED YESTERDAY.
  HAZE


RELATIVE HUMIDITY (PERCENT)
 HIGHEST    82          1100 PM
 LOWEST     29           100 PM
 AVERAGE    56

..........................................................


THE SIOUX FALLS SD CLIMATE NORMALS FOR TODAY
                         NORMAL    RECORD    YEAR
 MAXIMUM TEMPERATURE (F)   58        85      2003
 MINIMUM TEMPERATURE (F)   35         9      1972


SUNRISE AND SUNSET
OCTOBER 19 2017.......SUNRISE   746 AM CDT   SUNSET   637 PM CDT
OCTOBER 20 2017.......SUNRISE   748 AM CDT   SUNSET   635 PM CDT


-  INDICATES NEGATIVE NUMBERS.
R  INDICATES RECORD WAS SET OR TIED.
MM INDICATES DATA IS MISSING.
T  INDICATES TRACE AMOUNT.




$$
