000
CDUS43 KFSD 202238
CLIFSD


CLIMATE REPORT
NATIONAL WEATHER SERVICE SIOUX FALLS SD
437 PM CST SUN NOV 20 2016


...................................

...THE SIOUX FALLS SD CLIMATE SUMMARY FOR NOVEMBER 20 2016...
VALID TODAY AS OF 0400 PM LOCAL TIME.

CLIMATE NORMAL PERIOD 1981 TO 2010
CLIMATE RECORD PERIOD 1893 TO 2016


WEATHER ITEM   OBSERVED TIME   RECORD YEAR NORMAL DEPARTURE LAST
                VALUE   (LST)  VALUE       VALUE  FROM      YEAR
                                                  NORMAL
..................................................................
TEMPERATURE (F)
 TODAY
  MAXIMUM         33    359 PM  74    1962  40     -7       31
  MINIMUM         12   1241 AM  -6    1937  20     -8       13
                                      1914
  AVERAGE         23                        30     -7       22

PRECIPITATION (IN)
  TODAY            0.00          1.29 1930   0.05  -0.05     0.69
  MONTH TO DATE    0.42                      0.94  -0.52     3.12
  SINCE SEP 1     11.06                      5.88   5.18     9.26
  SINCE JAN 1     28.92                     25.27   3.65    30.86

SNOWFALL (IN)
  TODAY            0.0           7.2  2015   0.3   -0.3      7.2
  MONTH TO DATE    5.0                       4.3    0.7      7.2
  SINCE SEP 1      5.0                       5.6   -0.6      7.2
  SINCE JUL 1      5.0                       5.6   -0.6      7.2
  SNOW DEPTH       3

DEGREE DAYS
 HEATING
  TODAY           42                        35      7       43
  MONTH TO DATE  380                       589   -209      395
  SINCE SEP 1    833                      1298   -465      834
  SINCE JUL 1    841                      1329   -488      874

 COOLING
  TODAY            0                         0      0        0
  MONTH TO DATE    0                         0      0        0
  SINCE SEP 1     99                        65     34      140
  SINCE JAN 1    879                       690    189      715
..................................................................


WIND (MPH)
  HIGHEST WIND SPEED    18   HIGHEST WIND DIRECTION    SE (130)
  HIGHEST GUST SPEED    22   HIGHEST GUST DIRECTION    SE (140)
  AVERAGE WIND SPEED    10.1


SKY COVER
  POSSIBLE SUNSHINE  MM
  AVERAGE SKY COVER 0.2


WEATHER CONDITIONS
 THE FOLLOWING WEATHER WAS RECORDED TODAY.
  NO SIGNIFICANT WEATHER WAS OBSERVED.


RELATIVE HUMIDITY (PERCENT)
 HIGHEST    92           100 AM
 LOWEST     63          1100 AM
 AVERAGE    78

..........................................................


THE SIOUX FALLS SD CLIMATE NORMALS FOR TOMORROW
                         NORMAL    RECORD    YEAR
 MAXIMUM TEMPERATURE (F)   39        70      2012
 MINIMUM TEMPERATURE (F)   20        -8      1964


SUNRISE AND SUNSET
NOVEMBER 20 2016......SUNRISE   728 AM CST   SUNSET   457 PM CST
NOVEMBER 21 2016......SUNRISE   729 AM CST   SUNSET   456 PM CST


-  INDICATES NEGATIVE NUMBERS.
R  INDICATES RECORD WAS SET OR TIED.
MM INDICATES DATA IS MISSING.
T  INDICATES TRACE AMOUNT.




$$
