000
CDUS43 KFSD 180625
CLIFSD


CLIMATE REPORT
NATIONAL WEATHER SERVICE SIOUX FALLS SD
1225 AM CST SUN JAN 18 2015


...................................

...THE SIOUX FALLS SD CLIMATE SUMMARY FOR JANUARY 17 2015...

CLIMATE NORMAL PERIOD 1981 TO 2010
CLIMATE RECORD PERIOD 1893 TO 2015


WEATHER ITEM   OBSERVED TIME   RECORD YEAR NORMAL DEPARTURE LAST
                VALUE   (LST)  VALUE       VALUE  FROM      YEAR
                                                  NORMAL
..................................................................
TEMPERATURE (F)
 YESTERDAY
  MAXIMUM         41    345 PM  53    1923  26     15       28
  MINIMUM         24   1208 AM -30    1930   7     17       -2
  AVERAGE         33                        16     17       13

PRECIPITATION (IN)
  YESTERDAY        0.00          0.40 1996   0.02  -0.02      T
  MONTH TO DATE    0.44                      0.31   0.13     0.18
  SINCE DEC 1      1.77                      1.00   0.77     1.31
  SINCE JAN 1      0.44                      0.31   0.13     0.18

SNOWFALL (IN)
  YESTERDAY        0.0           3.2  1996   0.3   -0.3       T
  MONTH TO DATE    5.8                       4.2    1.6      3.0
  SINCE DEC 1     11.7                      12.4   -0.7     15.6
  SINCE JUL 1     20.0                      21.1   -1.1     23.5
  SNOW DEPTH       1

DEGREE DAYS
 HEATING
  YESTERDAY       32                        49    -17       52
  MONTH TO DATE  917                       833     84      887
  SINCE DEC 1   2166                      2254    -88     2534
  SINCE JUL 1   3922                      3966    -44     4155

 COOLING
  YESTERDAY        0                         0      0        0
  MONTH TO DATE    0                         0      0        0
  SINCE DEC 1      0                         0      0        0
  SINCE JAN 1      0                         0      0        0
..................................................................


WIND (MPH)
  HIGHEST WIND SPEED    33   HIGHEST WIND DIRECTION    NW (320)
  HIGHEST GUST SPEED    42   HIGHEST GUST DIRECTION    NW (310)
  AVERAGE WIND SPEED    14.4


SKY COVER
  POSSIBLE SUNSHINE  MM
  AVERAGE SKY COVER 0.5


WEATHER CONDITIONS
 THE FOLLOWING WEATHER WAS RECORDED YESTERDAY.
  FOG


RELATIVE HUMIDITY (PERCENT)
 HIGHEST   100           200 AM
 LOWEST     64           800 PM
 AVERAGE    82

..........................................................


THE SIOUX FALLS SD CLIMATE NORMALS FOR TODAY
                         NORMAL    RECORD    YEAR
 MAXIMUM TEMPERATURE (F)   26        52      1944
                                             1919
 MINIMUM TEMPERATURE (F)    7       -28      1970


SUNRISE AND SUNSET
JANUARY 18 2015.......SUNRISE   755 AM CST   SUNSET   520 PM CST
JANUARY 19 2015.......SUNRISE   755 AM CST   SUNSET   521 PM CST


-  INDICATES NEGATIVE NUMBERS.
R  INDICATES RECORD WAS SET OR TIED.
MM INDICATES DATA IS MISSING.
T  INDICATES TRACE AMOUNT.




$$
