000
CDUS43 KFSD 170654
CLIFSD


CLIMATE REPORT
NATIONAL WEATHER SERVICE SIOUX FALLS SD
154 AM CDT SUN AUG 17 2014


...................................

...THE SIOUX FALLS SD CLIMATE SUMMARY FOR AUGUST 16 2014...

CLIMATE NORMAL PERIOD 1981 TO 2010
CLIMATE RECORD PERIOD 1893 TO 2014


WEATHER ITEM   OBSERVED TIME   RECORD YEAR NORMAL DEPARTURE LAST
                VALUE   (LST)  VALUE       VALUE  FROM      YEAR
                                                  NORMAL
..................................................................
TEMPERATURE (F)
 YESTERDAY
  MAXIMUM         83    442 PM 101    1988  82      1       71
  MINIMUM         66    244 AM  48    1970  60      6       53
  AVERAGE         75                        71      4       62

PRECIPITATION (IN)
  YESTERDAY        0.00          1.25 1910   0.10  -0.10     0.02
  MONTH TO DATE    2.13                      1.61   0.52     2.44
  SINCE JUN 1     16.63                      8.62   8.01     7.32
  SINCE JAN 1     21.61                     17.95   3.66    19.63

SNOWFALL (IN)
  YESTERDAY        0.0           0.0    MM   0.0    0.0      0.0
  MONTH TO DATE    0.0                       0.0    0.0      0.0
  SINCE JUN 1      T                         0.0    0.0      0.0
  SINCE JUL 1      T                         0.0    0.0      0.0
  SNOW DEPTH       0

DEGREE DAYS
 HEATING
  YESTERDAY        0                         1     -1        3
  MONTH TO DATE    0                         3     -3       15
  SINCE JUN 1     47                        62    -15      103
  SINCE JUL 1     15                        11      4       34

 COOLING
  YESTERDAY       10                         7      3        0
  MONTH TO DATE   80                       118    -38       39
  SINCE JUN 1    388                       509   -121      424
  SINCE JAN 1    441                       545   -104      466
..................................................................


WIND (MPH)
  HIGHEST WIND SPEED    13   HIGHEST WIND DIRECTION     S (160)
  HIGHEST GUST SPEED    16   HIGHEST GUST DIRECTION     S (160)
  AVERAGE WIND SPEED     6.8


SKY COVER
  POSSIBLE SUNSHINE  MM
  AVERAGE SKY COVER 0.7


WEATHER CONDITIONS
 THE FOLLOWING WEATHER WAS RECORDED YESTERDAY.
  FOG


RELATIVE HUMIDITY (PERCENT)
 HIGHEST   100           100 AM
 LOWEST     58           100 PM
 AVERAGE    79

..........................................................


THE SIOUX FALLS SD CLIMATE NORMALS FOR TODAY
                         NORMAL    RECORD    YEAR
 MAXIMUM TEMPERATURE (F)   82       101      1947
 MINIMUM TEMPERATURE (F)   60        40      2012


SUNRISE AND SUNSET
AUGUST 17 2014........SUNRISE   634 AM CDT   SUNSET   827 PM CDT
AUGUST 18 2014........SUNRISE   635 AM CDT   SUNSET   826 PM CDT


-  INDICATES NEGATIVE NUMBERS.
R  INDICATES RECORD WAS SET OR TIED.
MM INDICATES DATA IS MISSING.
T  INDICATES TRACE AMOUNT.




$$
