000
CDUS43 KFSD 221236 CCA
CLIFSD

CLIMATE REPORT
NATIONAL WEATHER SERVICE SIOUX FALLS SD
1226 AM CST THU JAN 22 2015


...................................

...THE SIOUX FALLS SD CLIMATE SUMMARY FOR JANUARY 21 2015...

CLIMATE NORMAL PERIOD 1981 TO 2010
CLIMATE RECORD PERIOD 1893 TO 2015


WEATHER ITEM   OBSERVED TIME   RECORD YEAR NORMAL DEPARTURE LAST
                VALUE   (LST)  VALUE       VALUE  FROM      YEAR
                                                  NORMAL
..................................................................
TEMPERATURE (F)
 YESTERDAY
  MAXIMUM         31    351 PM  53    1900  27      4       20
  MINIMUM         26    523 AM -31    1970   7     19      -12
  AVERAGE         29                        17     12        4

PRECIPITATION (IN)
  YESTERDAY        T             0.50 1917   0.02  -0.02      T
  MONTH TO DATE    0.47                      0.38   0.09     0.20
  SINCE DEC 1      1.80                      1.07   0.73     1.33
  SINCE JAN 1      0.47                      0.38   0.09     0.20

SNOWFALL (IN)
  YESTERDAY        0.1            5.0  1917  0.2   -0.1      0.1
  MONTH TO DATE    6.3                       5.1    1.0      3.6
  SINCE DEC 1     12.2                      13.3   -1.1     16.2
  SINCE JUL 1     20.5                      22.0   -1.5     24.1
  SNOW DEPTH       T

DEGREE DAYS
 HEATING
  YESTERDAY       36                        48    -12       61
  MONTH TO DATE 1042                      1026     16     1068
  SINCE DEC 1   2291                      2447   -156     2715
  SINCE JUL 1   4047                      4159   -112     4336

 COOLING
  YESTERDAY        0                         0      0        0
  MONTH TO DATE    0                         0      0        0
  SINCE DEC 1      0                         0      0        0
  SINCE JAN 1      0                         0      0        0
..................................................................


WIND (MPH)
  HIGHEST WIND SPEED    15   HIGHEST WIND DIRECTION     N (340)
  HIGHEST GUST SPEED    22   HIGHEST GUST DIRECTION     N (10)
  AVERAGE WIND SPEED     7.2


SKY COVER
  POSSIBLE SUNSHINE  MM
  AVERAGE SKY COVER 1.0


WEATHER CONDITIONS
 THE FOLLOWING WEATHER WAS RECORDED YESTERDAY.
  LIGHT SNOW
  FOG


RELATIVE HUMIDITY (PERCENT)
 HIGHEST    92           500 AM
 LOWEST     78          1200 PM
 AVERAGE    85

..........................................................


THE SIOUX FALLS SD CLIMATE NORMALS FOR TODAY
                         NORMAL    RECORD    YEAR
 MAXIMUM TEMPERATURE (F)   27        58      1900
 MINIMUM TEMPERATURE (F)    7       -28      1966


SUNRISE AND SUNSET
JANUARY 22 2015.......SUNRISE   753 AM CST   SUNSET   525 PM CST
JANUARY 23 2015.......SUNRISE   752 AM CST   SUNSET   526 PM CST


-  INDICATES NEGATIVE NUMBERS.
R  INDICATES RECORD WAS SET OR TIED.
MM INDICATES DATA IS MISSING.
T  INDICATES TRACE AMOUNT.




$$
