000
CDUS43 KFSD 200628
CLIFSD


CLIMATE REPORT
NATIONAL WEATHER SERVICE SIOUX FALLS SD
128 AM CDT THU AUG 20 2015


...................................

...THE SIOUX FALLS SD CLIMATE SUMMARY FOR AUGUST 19 2015...

CLIMATE NORMAL PERIOD 1981 TO 2010
CLIMATE RECORD PERIOD 1893 TO 2015


WEATHER ITEM   OBSERVED TIME   RECORD YEAR NORMAL DEPARTURE LAST
                VALUE   (LST)  VALUE       VALUE  FROM      YEAR
                                                  NORMAL
..................................................................
TEMPERATURE (F)
 YESTERDAY
  MAXIMUM         71    437 PM  98    1955  82    -11       85
  MINIMUM         51   1158 PM  39    2004  59     -8       61
  AVERAGE         61                        71    -10       73

PRECIPITATION (IN)
  YESTERDAY        0.20          1.24 1989   0.09   0.11     0.00
  MONTH TO DATE    3.91                      1.90   2.01     2.13
  SINCE JUN 1     12.39                      8.91   3.48    16.63
  SINCE JAN 1     18.94                     18.24   0.70    21.61

SNOWFALL (IN)
  YESTERDAY        0.0           0.0    MM   0.0    0.0      0.0
  MONTH TO DATE    0.0                       0.0    0.0      0.0
  SINCE JUN 1      0.0                       0.0    0.0       T
  SINCE JUL 1      0.0                       0.0    0.0       T
  SNOW DEPTH       0

DEGREE DAYS
 HEATING
  YESTERDAY        4                         1      3        0
  MONTH TO DATE   10                         6      4        0
  SINCE JUN 1     25                        65    -40       47
  SINCE JUL 1     16                        14      2       15

 COOLING
  YESTERDAY        0                         6     -6        8
  MONTH TO DATE  148                       136     12      111
  SINCE JUN 1    523                       527     -4      419
  SINCE JAN 1    545                       563    -18      472
..................................................................


WIND (MPH)
  HIGHEST WIND SPEED    33   HIGHEST WIND DIRECTION    NW (330)
  HIGHEST GUST SPEED    44   HIGHEST GUST DIRECTION    NW (320)
  AVERAGE WIND SPEED    16.4


SKY COVER
  POSSIBLE SUNSHINE  MM
  AVERAGE SKY COVER 0.7


WEATHER CONDITIONS
 THE FOLLOWING WEATHER WAS RECORDED YESTERDAY.
  RAIN
  LIGHT RAIN
  FOG


RELATIVE HUMIDITY (PERCENT)
 HIGHEST    89           400 AM
 LOWEST     32           200 AM
 AVERAGE    61

..........................................................


THE SIOUX FALLS SD CLIMATE NORMALS FOR TODAY
                         NORMAL    RECORD    YEAR
 MAXIMUM TEMPERATURE (F)   81        99      1955
 MINIMUM TEMPERATURE (F)   59        34      1950


SUNRISE AND SUNSET
AUGUST 20 2015........SUNRISE   637 AM CDT   SUNSET   823 PM CDT
AUGUST 21 2015........SUNRISE   638 AM CDT   SUNSET   821 PM CDT


-  INDICATES NEGATIVE NUMBERS.
R  INDICATES RECORD WAS SET OR TIED.
MM INDICATES DATA IS MISSING.
T  INDICATES TRACE AMOUNT.




$$
