000
CDUS43 KFSD 240643
CLIFSD


CLIMATE REPORT
NATIONAL WEATHER SERVICE SIOUX FALLS SD
1243 AM CST THU NOV 24 2016


...................................

...THE SIOUX FALLS SD CLIMATE SUMMARY FOR NOVEMBER 23 2016...

CLIMATE NORMAL PERIOD 1981 TO 2010
CLIMATE RECORD PERIOD 1893 TO 2016


WEATHER ITEM   OBSERVED TIME   RECORD YEAR NORMAL DEPARTURE LAST
                VALUE   (LST)  VALUE       VALUE  FROM      YEAR
                                                  NORMAL
..................................................................
TEMPERATURE (F)
 YESTERDAY
  MAXIMUM         37    353 PM  60    1902  38     -1       40
  MINIMUM         34   1159 PM -11    1898  19     15       19
  AVERAGE         36                        28      8       30

PRECIPITATION (IN)
  YESTERDAY        T             1.92 2001   0.05  -0.05     0.00
  MONTH TO DATE    0.90                      1.08  -0.18     3.12
  SINCE SEP 1     11.54                      6.02   5.52     9.26
  SINCE JAN 1     29.40                     25.41   3.99    30.86

SNOWFALL (IN)
  YESTERDAY       MM             5.2  1996   0.3   MM        0.0
  MONTH TO DATE    5.0                       5.2   -0.2      7.2
  SINCE SEP 1      5.0                       6.5   -1.5      7.2
  SINCE JUL 1      5.0                       6.5   -1.5      7.2
  SNOW DEPTH       0

DEGREE DAYS
 HEATING
  YESTERDAY       29                        37     -8       35
  MONTH TO DATE  473                       698   -225      530
  SINCE SEP 1    926                      1407   -481      969
  SINCE JUL 1    934                      1438   -504     1009

 COOLING
  YESTERDAY        0                         0      0        0
  MONTH TO DATE    0                         0      0        0
  SINCE SEP 1     99                        65     34      140
  SINCE JAN 1    879                       690    189      715
..................................................................


WIND (MPH)
  HIGHEST WIND SPEED    15   HIGHEST WIND DIRECTION     N (350)
  HIGHEST GUST SPEED    18   HIGHEST GUST DIRECTION     N (340)
  AVERAGE WIND SPEED     8.1


SKY COVER
  POSSIBLE SUNSHINE  MM
  AVERAGE SKY COVER 1.0


WEATHER CONDITIONS
 THE FOLLOWING WEATHER WAS RECORDED YESTERDAY.
  LIGHT RAIN
  FOG


RELATIVE HUMIDITY (PERCENT)
 HIGHEST   100          1200 AM
 LOWEST     82           900 PM
 AVERAGE    91

..........................................................


THE SIOUX FALLS SD CLIMATE NORMALS FOR TODAY
                         NORMAL    RECORD    YEAR
 MAXIMUM TEMPERATURE (F)   37        67      1990
 MINIMUM TEMPERATURE (F)   18       -10      1996


SUNRISE AND SUNSET
NOVEMBER 24 2016......SUNRISE   733 AM CST   SUNSET   455 PM CST
NOVEMBER 25 2016......SUNRISE   734 AM CST   SUNSET   454 PM CST


-  INDICATES NEGATIVE NUMBERS.
R  INDICATES RECORD WAS SET OR TIED.
MM INDICATES DATA IS MISSING.
T  INDICATES TRACE AMOUNT.




$$
