000
CDUS43 KFSD 072233
CLIFSD


CLIMATE REPORT
NATIONAL WEATHER SERVICE SIOUX FALLS SD
434 PM CST TUE NOV 7 2017


...................................

...THE SIOUX FALLS SD CLIMATE SUMMARY FOR NOVEMBER 7 2017...
VALID TODAY AS OF 0400 PM LOCAL TIME.

CLIMATE NORMAL PERIOD 1981 TO 2010
CLIMATE RECORD PERIOD 1893 TO 2017


WEATHER ITEM   OBSERVED TIME   RECORD YEAR NORMAL DEPARTURE LAST
                VALUE   (LST)  VALUE       VALUE  FROM      YEAR
                                                  NORMAL
..................................................................
TEMPERATURE (F)
 TODAY
  MAXIMUM         35    331 PM  74    1904  48    -13       59
  MINIMUM         26    732 AM  -9    1991  27     -1       45
  AVERAGE         31                        38     -7       52

PRECIPITATION (IN)
  TODAY            T             0.85 1944   0.05  -0.05     0.02
  MONTH TO DATE    0.03                      0.32  -0.29     0.02
  SINCE SEP 1      6.93                      5.26   1.67    10.66
  SINCE JAN 1     24.52                     24.65  -0.13    28.52

SNOWFALL (IN)
  TODAY            T             5.5  1924   0.2   -0.2      0.0
  MONTH TO DATE    0.2                       1.1   -0.9      0.0
  SINCE SEP 1      0.2                       2.4   -2.2       T
  SINCE JUL 1      0.2                       2.4   -2.2       T
  SNOW DEPTH       T

DEGREE DAYS
 HEATING
  TODAY           34                        27      7       13
  MONTH TO DATE  209                       180     29       78
  SINCE SEP 1    746                       889   -143      531
  SINCE JUL 1    752                       920   -168      539

 COOLING
  TODAY            0                         0      0        0
  MONTH TO DATE    0                         0      0        0
  SINCE SEP 1    102                        65     37       99
  SINCE JAN 1    776                       690     86      879
..................................................................


WIND (MPH)
  HIGHEST WIND SPEED    12   HIGHEST WIND DIRECTION     E (70)
  HIGHEST GUST SPEED    14   HIGHEST GUST DIRECTION    NE (50)
  AVERAGE WIND SPEED     6.1


SKY COVER
  POSSIBLE SUNSHINE  MM
  AVERAGE SKY COVER 1.0


WEATHER CONDITIONS
 THE FOLLOWING WEATHER WAS RECORDED TODAY.
  LIGHT SNOW
  FOG


RELATIVE HUMIDITY (PERCENT)
 HIGHEST    92          1200 AM
 LOWEST     75           200 PM
 AVERAGE    84

..........................................................


THE SIOUX FALLS SD CLIMATE NORMALS FOR TOMORROW
                         NORMAL    RECORD    YEAR
 MAXIMUM TEMPERATURE (F)   47        81      1999
 MINIMUM TEMPERATURE (F)   27        -3      1900


SUNRISE AND SUNSET
NOVEMBER  7 2017......SUNRISE   711 AM CST   SUNSET   510 PM CST
NOVEMBER  8 2017......SUNRISE   712 AM CST   SUNSET   509 PM CST


-  INDICATES NEGATIVE NUMBERS.
R  INDICATES RECORD WAS SET OR TIED.
MM INDICATES DATA IS MISSING.
T  INDICATES TRACE AMOUNT.




$$
