000
CDUS43 KFSD 090640
CLIFSD


CLIMATE REPORT
NATIONAL WEATHER SERVICE SIOUX FALLS SD
138 AM CDT SAT JUL 9 2016


...................................

...THE SIOUX FALLS SD CLIMATE SUMMARY FOR JULY 8 2016...

CLIMATE NORMAL PERIOD 1981 TO 2010
CLIMATE RECORD PERIOD 1893 TO 2016


WEATHER ITEM   OBSERVED TIME   RECORD YEAR NORMAL DEPARTURE LAST
                VALUE   (LST)  VALUE       VALUE  FROM      YEAR
                                                  NORMAL
..................................................................
TEMPERATURE (F)
 YESTERDAY
  MAXIMUM         83    426 PM 102    1989  84     -1       74
  MINIMUM         60    534 AM  44    1908  62     -2       54
                                      1899
  AVERAGE         72                        73     -1       64

PRECIPITATION (IN)
  YESTERDAY        0.00          1.84 1969   0.10  -0.10     0.00
  MONTH TO DATE    0.65                      0.83  -0.18     1.98
  SINCE JUN 1      2.37                      4.75  -2.38     6.27
  SINCE JAN 1     13.87                     14.08  -0.21    12.82

SNOWFALL (IN)
  YESTERDAY        0.0           0.0    MM   0.0    0.0      0.0
  MONTH TO DATE    0.0                       0.0    0.0      0.0
  SINCE JUN 1      0.0                       0.0    0.0      0.0
  SINCE JUL 1      0.0                       0.0    0.0      0.0
  SNOW DEPTH       0

DEGREE DAYS
 HEATING
  YESTERDAY        0                         0      0        1
  MONTH TO DATE    4                         0      4        6
  SINCE JUN 1     13                        51    -38       15
  SINCE JUL 1      4                         0      4        6

 COOLING
  YESTERDAY        7                         8     -1        0
  MONTH TO DATE   46                        63    -17       23
  SINCE JUN 1    281                       198     83      162
  SINCE JAN 1    314                       234     80      184
..................................................................


WIND (MPH)
  HIGHEST WIND SPEED    18   HIGHEST WIND DIRECTION    NW (320)
  HIGHEST GUST SPEED    23   HIGHEST GUST DIRECTION    NW (320)
  AVERAGE WIND SPEED     7.3


SKY COVER
  POSSIBLE SUNSHINE  MM
  AVERAGE SKY COVER 0.2


WEATHER CONDITIONS
 THE FOLLOWING WEATHER WAS RECORDED YESTERDAY.
  NO SIGNIFICANT WEATHER WAS OBSERVED.


RELATIVE HUMIDITY (PERCENT)
 HIGHEST    90           300 AM
 LOWEST     39           600 PM
 AVERAGE    65

..........................................................


THE SIOUX FALLS SD CLIMATE NORMALS FOR TODAY
                         NORMAL    RECORD    YEAR
 MAXIMUM TEMPERATURE (F)   84       108      1989
 MINIMUM TEMPERATURE (F)   62        34      1895


SUNRISE AND SUNSET
JULY  9 2016..........SUNRISE   555 AM CDT   SUNSET   909 PM CDT
JULY 10 2016..........SUNRISE   556 AM CDT   SUNSET   909 PM CDT


-  INDICATES NEGATIVE NUMBERS.
R  INDICATES RECORD WAS SET OR TIED.
MM INDICATES DATA IS MISSING.
T  INDICATES TRACE AMOUNT.




$$
