000
CDUS43 KFSD 240637
CLIFSD


CLIMATE REPORT
NATIONAL WEATHER SERVICE SIOUX FALLS SD
136 AM CDT WED SEP 24 2014


...................................

...THE SIOUX FALLS SD CLIMATE SUMMARY FOR SEPTEMBER 23 2014...

CLIMATE NORMAL PERIOD 1981 TO 2010
CLIMATE RECORD PERIOD 1893 TO 2014


WEATHER ITEM   OBSERVED TIME   RECORD YEAR NORMAL DEPARTURE LAST
                VALUE   (LST)  VALUE       VALUE  FROM      YEAR
                                                  NORMAL
..................................................................
TEMPERATURE (F)
 YESTERDAY
  MAXIMUM         63    901 PM  92    1935  70     -7       78
  MINIMUM         57    932 AM  27    2012  46     11       57
                                      1989
  AVERAGE         60                        58      2       68

PRECIPITATION (IN)
  YESTERDAY        0.13          1.42 2010   0.09   0.04     0.00
  MONTH TO DATE    2.06                      2.16  -0.10     0.29
  SINCE SEP 1      2.06                      2.16  -0.10     0.29
  SINCE JAN 1     26.49                     21.55   4.94    20.71

SNOWFALL (IN)
  YESTERDAY        0.0           0.0    MM   0.0    0.0      0.0
  MONTH TO DATE    0.0                       0.0    0.0      0.0
  SINCE SEP 1      0.0                       0.0    0.0      0.0
  SINCE JUL 1      T                         0.0    0.0      0.0
  SNOW DEPTH       0

DEGREE DAYS
 HEATING
  YESTERDAY        5                         8     -3        0
  MONTH TO DATE  122                       106     16       54
  SINCE SEP 1    122                       106     16       54
  SINCE JUL 1    140                       137      3       88

 COOLING
  YESTERDAY        0                         1     -1        3
  MONTH TO DATE   37                        56    -19      111
  SINCE SEP 1     37                        56    -19      111
  SINCE JAN 1    588                       681    -93      765
..................................................................


WIND (MPH)
  HIGHEST WIND SPEED    22   HIGHEST WIND DIRECTION     S (170)
  HIGHEST GUST SPEED    28   HIGHEST GUST DIRECTION     S (170)
  AVERAGE WIND SPEED    12.1


SKY COVER
  POSSIBLE SUNSHINE  MM
  AVERAGE SKY COVER 0.9


WEATHER CONDITIONS
 THE FOLLOWING WEATHER WAS RECORDED YESTERDAY.
  LIGHT RAIN
  FOG


RELATIVE HUMIDITY (PERCENT)
 HIGHEST    93           900 AM
 LOWEST     60          1200 AM
 AVERAGE    77

..........................................................


THE SIOUX FALLS SD CLIMATE NORMALS FOR TODAY
                         NORMAL    RECORD    YEAR
 MAXIMUM TEMPERATURE (F)   70        89      1935
 MINIMUM TEMPERATURE (F)   45        27      1942


SUNRISE AND SUNSET
SEPTEMBER 24 2014.....SUNRISE   716 AM CDT   SUNSET   721 PM CDT
SEPTEMBER 25 2014.....SUNRISE   718 AM CDT   SUNSET   719 PM CDT


-  INDICATES NEGATIVE NUMBERS.
R  INDICATES RECORD WAS SET OR TIED.
MM INDICATES DATA IS MISSING.
T  INDICATES TRACE AMOUNT.




$$
