000
CDUS43 KFSD 010635
CLIFSD


CLIMATE REPORT
NATIONAL WEATHER SERVICE SIOUX FALLS SD
1232 AM CST FRI DEC 1 2017


...................................

...THE SIOUX FALLS SD CLIMATE SUMMARY FOR NOVEMBER 30 2017...

CLIMATE NORMAL PERIOD 1981 TO 2010
CLIMATE RECORD PERIOD 1893 TO 2017


WEATHER ITEM   OBSERVED TIME   RECORD YEAR NORMAL DEPARTURE LAST
                VALUE   (LST)  VALUE       VALUE  FROM      YEAR
                                                  NORMAL
..................................................................
TEMPERATURE (F)
 YESTERDAY
  MAXIMUM         52    252 PM  60    1951  34     18       33
  MINIMUM         28    953 PM -17    1964  15     13       31
  AVERAGE         40                        24     16       32

PRECIPITATION (IN)
  YESTERDAY        0.00          0.68 1954   0.04  -0.04     0.02
  MONTH TO DATE    0.03                      1.36  -1.33     1.81
  SINCE SEP 1      6.93                      6.30   0.63    12.45
  SINCE JAN 1     24.52                     25.69  -1.17    30.31

SNOWFALL (IN)
  YESTERDAY        0.0           8.7  2015   0.3   -0.3      0.4
  MONTH TO DATE    0.2                       7.4   -7.2      6.0
  SINCE SEP 1      0.2                       8.7   -8.5      6.0
  SINCE JUL 1      0.2                       8.7   -8.5      6.0
  SNOW DEPTH       0

DEGREE DAYS
 HEATING
  YESTERDAY       25                        41    -16       33
  MONTH TO DATE  866                       971   -105      674
  SINCE SEP 1   1403                      1681   -278     1127
  SINCE JUL 1   1409                      1712   -303     1135

 COOLING
  YESTERDAY        0                         0      0        0
  MONTH TO DATE    0                         0      0        0
  SINCE SEP 1    102                        65     37       99
  SINCE JAN 1    776                       690     86      879
..................................................................


WIND (MPH)
  HIGHEST WIND SPEED    15   HIGHEST WIND DIRECTION     W (260)
  HIGHEST GUST SPEED    21   HIGHEST GUST DIRECTION     W (290)
  AVERAGE WIND SPEED     9.2


SKY COVER
  POSSIBLE SUNSHINE  MM
  AVERAGE SKY COVER 0.1


WEATHER CONDITIONS
 THE FOLLOWING WEATHER WAS RECORDED YESTERDAY.
  NO SIGNIFICANT WEATHER WAS OBSERVED.


RELATIVE HUMIDITY (PERCENT)
 HIGHEST    78           700 AM
 LOWEST     35           200 PM
 AVERAGE    57

..........................................................


THE SIOUX FALLS SD CLIMATE NORMALS FOR TODAY
                         NORMAL    RECORD    YEAR
 MAXIMUM TEMPERATURE (F)   33        63      1998
 MINIMUM TEMPERATURE (F)   15       -13      1897


SUNRISE AND SUNSET
DECEMBER  1 2017......SUNRISE   740 AM CST   SUNSET   451 PM CST
DECEMBER  2 2017......SUNRISE   742 AM CST   SUNSET   451 PM CST


-  INDICATES NEGATIVE NUMBERS.
R  INDICATES RECORD WAS SET OR TIED.
MM INDICATES DATA IS MISSING.
T  INDICATES TRACE AMOUNT.




$$
