000
CDUS43 KFSD 190635
CLIFSD


CLIMATE REPORT
NATIONAL WEATHER SERVICE SIOUX FALLS SD
135 AM CDT SUN OCT 19 2014


...................................

...THE SIOUX FALLS SD CLIMATE SUMMARY FOR OCTOBER 18 2014...

CLIMATE NORMAL PERIOD 1981 TO 2010
CLIMATE RECORD PERIOD 1893 TO 2014


WEATHER ITEM   OBSERVED TIME   RECORD YEAR NORMAL DEPARTURE LAST
                VALUE   (LST)  VALUE       VALUE  FROM      YEAR
                                                  NORMAL
..................................................................
TEMPERATURE (F)
 YESTERDAY
  MAXIMUM         53    453 PM  84    2003  59     -6       52
  MINIMUM         42    828 AM  15    1972  35      7       29
  AVERAGE         48                        47      1       41

PRECIPITATION (IN)
  YESTERDAY        0.00          2.15 1904   0.08  -0.08     0.00
  MONTH TO DATE    0.36                      1.47  -1.11     2.60
  SINCE SEP 1      2.64                      4.24  -1.60     3.37
  SINCE JAN 1     27.07                     23.63   3.44    23.79

SNOWFALL (IN)
  YESTERDAY        0.0           1.4  2006   0.1   -0.1      0.0
                                      1976
  MONTH TO DATE    0.0                       0.4   -0.4      0.0
  SINCE SEP 1      0.0                       0.4   -0.4      0.0
  SINCE JUL 1      T                         0.4   -0.4      0.0
  SNOW DEPTH       0

DEGREE DAYS
 HEATING
  YESTERDAY       17                        18     -1       24
  MONTH TO DATE  261                       263     -2      210
  SINCE SEP 1    391                       436    -45      276
  SINCE JUL 1    409                       467    -58      310

 COOLING
  YESTERDAY        0                         0      0        0
  MONTH TO DATE    0                         0      0        3
  SINCE SEP 1     59                        60     -1      133
  SINCE JAN 1    610                       685    -75      787
..................................................................


WIND (MPH)
  HIGHEST WIND SPEED    15   HIGHEST WIND DIRECTION     S (200)
  HIGHEST GUST SPEED    20   HIGHEST GUST DIRECTION     S (180)
  AVERAGE WIND SPEED     7.7


SKY COVER
  POSSIBLE SUNSHINE  MM
  AVERAGE SKY COVER 0.7


WEATHER CONDITIONS
 THE FOLLOWING WEATHER WAS RECORDED YESTERDAY.
  NO SIGNIFICANT WEATHER WAS OBSERVED.


RELATIVE HUMIDITY (PERCENT)
 HIGHEST    83          1000 AM
 LOWEST     63           500 PM
 AVERAGE    73

..........................................................


THE SIOUX FALLS SD CLIMATE NORMALS FOR TODAY
                         NORMAL    RECORD    YEAR
 MAXIMUM TEMPERATURE (F)   58        85      2003
 MINIMUM TEMPERATURE (F)   35         9      1972


SUNRISE AND SUNSET
OCTOBER 19 2014.......SUNRISE   746 AM CDT   SUNSET   637 PM CDT
OCTOBER 20 2014.......SUNRISE   747 AM CDT   SUNSET   635 PM CDT


-  INDICATES NEGATIVE NUMBERS.
R  INDICATES RECORD WAS SET OR TIED.
MM INDICATES DATA IS MISSING.
T  INDICATES TRACE AMOUNT.




$$
