000
CDUS43 KFSD 030822
CLIFSD


CLIMATE REPORT
NATIONAL WEATHER SERVICE SIOUX FALLS SD
311 AM CDT THU AUG 3 2017


...................................

...THE SIOUX FALLS SD CLIMATE SUMMARY FOR AUGUST 2 2017...

CLIMATE NORMAL PERIOD 1981 TO 2010
CLIMATE RECORD PERIOD 1893 TO 2017


WEATHER ITEM   OBSERVED TIME   RECORD YEAR NORMAL DEPARTURE LAST
                VALUE   (LST)  VALUE       VALUE  FROM      YEAR
                                                  NORMAL
..................................................................
TEMPERATURE (F)
 YESTERDAY
  MAXIMUM         82   1209 PM 101    1936  84     -2       87
                                      1930
  MINIMUM         57    521 AM  44    1904  62     -5       70
  AVERAGE         70                        73     -3       79

PRECIPITATION (IN)
  YESTERDAY        0.01          3.94 1959   0.10  -0.09     0.00
  MONTH TO DATE    0.01                      0.21  -0.20     0.01
  SINCE JUN 1      4.43                      7.22  -2.79     4.05
  SINCE JAN 1     12.18                     16.55  -4.37    15.55

SNOWFALL (IN)
  YESTERDAY        0.0           0.0    MM   0.0    0.0      0.0
  MONTH TO DATE    0.0                       0.0    0.0      0.0
  SINCE JUN 1      0.0                       0.0    0.0      0.0
  SINCE JUL 1      0.0                       0.0    0.0      0.0
  SNOW DEPTH       0

DEGREE DAYS
 HEATING
  YESTERDAY        0                         0      0        0
  MONTH TO DATE    0                         0      0        0
  SINCE JUN 1     26                        59    -33       14
  SINCE JUL 1      0                         8     -8        5

 COOLING
  YESTERDAY        5                         8     -3       14
  MONTH TO DATE   16                        16      0       25
  SINCE JUN 1    551                       407    144      536
  SINCE JAN 1    577                       443    134      569
..................................................................


WIND (MPH)
  HIGHEST WIND SPEED    16   HIGHEST WIND DIRECTION    SW (230)
  HIGHEST GUST SPEED    26   HIGHEST GUST DIRECTION    SW (210)
  AVERAGE WIND SPEED     5.8


SKY COVER
  POSSIBLE SUNSHINE  MM
  AVERAGE SKY COVER 0.7


WEATHER CONDITIONS
 THE FOLLOWING WEATHER WAS RECORDED YESTERDAY.
  LIGHT RAIN


RELATIVE HUMIDITY (PERCENT)
 HIGHEST    97           600 AM
 LOWEST     50           500 PM
 AVERAGE    74

..........................................................


THE SIOUX FALLS SD CLIMATE NORMALS FOR TODAY
                         NORMAL    RECORD    YEAR
 MAXIMUM TEMPERATURE (F)   83       105      1930
 MINIMUM TEMPERATURE (F)   62        39      1894


SUNRISE AND SUNSET
AUGUST  3 2017........SUNRISE   619 AM CDT   SUNSET   847 PM CDT
AUGUST  4 2017........SUNRISE   620 AM CDT   SUNSET   845 PM CDT


-  INDICATES NEGATIVE NUMBERS.
R  INDICATES RECORD WAS SET OR TIED.
MM INDICATES DATA IS MISSING.
T  INDICATES TRACE AMOUNT.




$$
