000
CDUS43 KFSD 030642
CLIFSD


CLIMATE REPORT
NATIONAL WEATHER SERVICE SIOUX FALLS SD
1241 AM CST WED FEB 3 2016


...................................

...THE SIOUX FALLS SD CLIMATE SUMMARY FOR FEBRUARY 2 2016...

CLIMATE NORMAL PERIOD 1981 TO 2010
CLIMATE RECORD PERIOD 1893 TO 2016


WEATHER ITEM   OBSERVED TIME   RECORD YEAR NORMAL DEPARTURE LAST
                VALUE   (LST)  VALUE       VALUE  FROM      YEAR
                                                  NORMAL
..................................................................
TEMPERATURE (F)
 YESTERDAY
  MAXIMUM         28    133 AM  56    1991  28      0       14
                                      1924
  MINIMUM         23   1159 PM -37    1905   8     15      -11
  AVERAGE         26                        18      8        2

PRECIPITATION (IN)
  YESTERDAY        0.22          1.03 1919   0.02   0.20      T
  MONTH TO DATE    0.22                      0.04   0.18     0.18
  SINCE DEC 1      2.01                      1.29   0.72     2.32
  SINCE JAN 1      0.70                      0.60   0.10     0.99

SNOWFALL (IN)
  YESTERDAY        4.2 R         3.0  1893   0.2    4.0       T
  MONTH TO DATE    4.2                       0.5    3.7      3.2
  SINCE DEC 1     30.2                      16.4   13.8     18.9
  SINCE JUL 1     47.5                      25.1   22.4     27.2
  SNOW DEPTH       1

DEGREE DAYS
 HEATING
  YESTERDAY       39                        47     -8       63
  MONTH TO DATE   76                        94    -18      119
  SINCE DEC 1   2738                      3014   -276     2733
  SINCE JUL 1   4012                      4726   -714     4489

 COOLING
  YESTERDAY        0                         0      0        0
  MONTH TO DATE    0                         0      0        0
  SINCE DEC 1      0                         0      0        0
  SINCE JAN 1      0                         0      0        0
..................................................................


WIND (MPH)
  HIGHEST WIND SPEED    36   HIGHEST WIND DIRECTION     N (10)
  HIGHEST GUST SPEED    45   HIGHEST GUST DIRECTION    NE (30)
  AVERAGE WIND SPEED    24.3


SKY COVER
  POSSIBLE SUNSHINE  MM
  AVERAGE SKY COVER 1.0


WEATHER CONDITIONS
 THE FOLLOWING WEATHER WAS RECORDED YESTERDAY.
  HEAVY SNOW
  SNOW
  LIGHT SNOW
  FOG
  FOG W/VISIBILITY <= 1/4 MILE
  BLOWING SNOW


RELATIVE HUMIDITY (PERCENT)
 HIGHEST    92           100 AM
 LOWEST     81           600 AM
 AVERAGE    87

..........................................................


THE SIOUX FALLS SD CLIMATE NORMALS FOR TODAY
                         NORMAL    RECORD    YEAR
 MAXIMUM TEMPERATURE (F)   28        58      2005
 MINIMUM TEMPERATURE (F)    8       -35      1917


SUNRISE AND SUNSET
FEBRUARY  3 2016......SUNRISE   741 AM CST   SUNSET   540 PM CST
FEBRUARY  4 2016......SUNRISE   740 AM CST   SUNSET   542 PM CST


-  INDICATES NEGATIVE NUMBERS.
R  INDICATES RECORD WAS SET OR TIED.
MM INDICATES DATA IS MISSING.
T  INDICATES TRACE AMOUNT.




$$
