000
CDUS43 KFSD 050629
CLIFSD


CLIMATE REPORT
NATIONAL WEATHER SERVICE SIOUX FALLS SD
1228 AM CST FRI FEB 5 2016


...................................

...THE SIOUX FALLS SD CLIMATE SUMMARY FOR FEBRUARY 4 2016...

CLIMATE NORMAL PERIOD 1981 TO 2010
CLIMATE RECORD PERIOD 1893 TO 2016


WEATHER ITEM   OBSERVED TIME   RECORD YEAR NORMAL DEPARTURE LAST
                VALUE   (LST)  VALUE       VALUE  FROM      YEAR
                                                  NORMAL
..................................................................
TEMPERATURE (F)
 YESTERDAY
  MAXIMUM         28   1159 AM  61    2005  28      0       16
  MINIMUM          9    855 PM -29    1899   9      0       -7
  AVERAGE         19                        18      1        5

PRECIPITATION (IN)
  YESTERDAY        T             0.92 1945   0.01  -0.01      T
  MONTH TO DATE    0.22                      0.07   0.15     0.18
  SINCE DEC 1      2.01                      1.32   0.69     2.32
  SINCE JAN 1      0.70                      0.63   0.07     0.99

SNOWFALL (IN)
  YESTERDAY        T            10.5  1945   0.2   -0.2       T
  MONTH TO DATE    4.2                       1.0    3.2      3.2
  SINCE DEC 1     30.2                      16.9   13.3     18.9
  SINCE JUL 1     47.5                      25.6   21.9     27.2
  SNOW DEPTH       4

DEGREE DAYS
 HEATING
  YESTERDAY       46                        47     -1       60
  MONTH TO DATE  168                       188    -20      233
  SINCE DEC 1   2830                      3108   -278     2847
  SINCE JUL 1   4104                      4820   -716     4603

 COOLING
  YESTERDAY        0                         0      0        0
  MONTH TO DATE    0                         0      0        0
  SINCE DEC 1      0                         0      0        0
  SINCE JAN 1      0                         0      0        0
..................................................................


WIND (MPH)
  HIGHEST WIND SPEED    21   HIGHEST WIND DIRECTION     N (350)
  HIGHEST GUST SPEED    25   HIGHEST GUST DIRECTION     N (350)
  AVERAGE WIND SPEED     7.2


SKY COVER
  POSSIBLE SUNSHINE  MM
  AVERAGE SKY COVER 0.5


WEATHER CONDITIONS
 THE FOLLOWING WEATHER WAS RECORDED YESTERDAY.
  LIGHT SNOW


RELATIVE HUMIDITY (PERCENT)
 HIGHEST    88           700 PM
 LOWEST     60           400 PM
 AVERAGE    74

..........................................................


THE SIOUX FALLS SD CLIMATE NORMALS FOR TODAY
                         NORMAL    RECORD    YEAR
 MAXIMUM TEMPERATURE (F)   29        59      1964
                                             1963
 MINIMUM TEMPERATURE (F)    9       -28      1899


SUNRISE AND SUNSET
FEBRUARY  5 2016......SUNRISE   739 AM CST   SUNSET   543 PM CST
FEBRUARY  6 2016......SUNRISE   738 AM CST   SUNSET   545 PM CST


-  INDICATES NEGATIVE NUMBERS.
R  INDICATES RECORD WAS SET OR TIED.
MM INDICATES DATA IS MISSING.
T  INDICATES TRACE AMOUNT.




$$
