000
CDUS43 KFSD 090634
CLIFSD


CLIMATE REPORT
NATIONAL WEATHER SERVICE SIOUX FALLS SD
1232 AM CST SUN NOV 9 2014


...................................

...THE SIOUX FALLS SD CLIMATE SUMMARY FOR NOVEMBER 8 2014...

CLIMATE NORMAL PERIOD 1981 TO 2010
CLIMATE RECORD PERIOD 1893 TO 2014


WEATHER ITEM   OBSERVED TIME   RECORD YEAR NORMAL DEPARTURE LAST
                VALUE   (LST)  VALUE       VALUE  FROM      YEAR
                                                  NORMAL
..................................................................
TEMPERATURE (F)
 YESTERDAY
  MAXIMUM         45    110 PM  81    1999  47     -2       52
  MINIMUM         32    543 AM  -3    1900  27      5       23
  AVERAGE         39                        37      2       38

PRECIPITATION (IN)
  YESTERDAY        0.00          1.25 1970   0.04  -0.04     0.00
  MONTH TO DATE    T                         0.36  -0.36     0.42
  SINCE SEP 1      2.95                      5.30  -2.35     4.20
  SINCE JAN 1     27.38                     24.69   2.69    24.62

SNOWFALL (IN)
  YESTERDAY        0.0           8.0  1985   0.2   -0.2      0.0
  MONTH TO DATE    0.0                       1.3   -1.3      6.2
  SINCE SEP 1      0.0                       2.6   -2.6      6.6
  SINCE JUL 1      T                         2.6   -2.6      6.6
  SNOW DEPTH       0

DEGREE DAYS
 HEATING
  YESTERDAY       26                        28     -2       27
  MONTH TO DATE  167                       208    -41      221
  SINCE SEP 1    747                       917   -170      822
  SINCE JUL 1    765                       948   -183      856

 COOLING
  YESTERDAY        0                         0      0        0
  MONTH TO DATE    0                         0      0        0
  SINCE SEP 1     59                        65     -6      133
  SINCE JAN 1    610                       690    -80      787
..................................................................


WIND (MPH)
  HIGHEST WIND SPEED    37   HIGHEST WIND DIRECTION     N (350)
  HIGHEST GUST SPEED    46   HIGHEST GUST DIRECTION     N (340)
  AVERAGE WIND SPEED    14.1


SKY COVER
  POSSIBLE SUNSHINE  MM
  AVERAGE SKY COVER 0.8


WEATHER CONDITIONS
 THE FOLLOWING WEATHER WAS RECORDED YESTERDAY.
  NO SIGNIFICANT WEATHER WAS OBSERVED.


RELATIVE HUMIDITY (PERCENT)
 HIGHEST    69           500 AM
 LOWEST     45           100 PM
 AVERAGE    57

..........................................................


THE SIOUX FALLS SD CLIMATE NORMALS FOR TODAY
                         NORMAL    RECORD    YEAR
 MAXIMUM TEMPERATURE (F)   47        73      1999
 MINIMUM TEMPERATURE (F)   26         5      1898


SUNRISE AND SUNSET
NOVEMBER  9 2014......SUNRISE   713 AM CST   SUNSET   508 PM CST
NOVEMBER 10 2014......SUNRISE   714 AM CST   SUNSET   507 PM CST


-  INDICATES NEGATIVE NUMBERS.
R  INDICATES RECORD WAS SET OR TIED.
MM INDICATES DATA IS MISSING.
T  INDICATES TRACE AMOUNT.




$$
