000
CDUS43 KFSD 200637
CLIFSD


CLIMATE REPORT
NATIONAL WEATHER SERVICE SIOUX FALLS SD
1235 AM CST THU NOV 20 2014


...................................

...THE SIOUX FALLS SD CLIMATE SUMMARY FOR NOVEMBER 19 2014...

CLIMATE NORMAL PERIOD 1981 TO 2010
CLIMATE RECORD PERIOD 1893 TO 2014


WEATHER ITEM   OBSERVED TIME   RECORD YEAR NORMAL DEPARTURE LAST
                VALUE   (LST)  VALUE       VALUE  FROM      YEAR
                                                  NORMAL
..................................................................
TEMPERATURE (F)
 YESTERDAY
  MAXIMUM         28   1237 AM  68    1908  40    -12       57
  MINIMUM         11   1159 PM  -6    1914  21    -10       32
  AVERAGE         20                        30    -10       45

PRECIPITATION (IN)
  YESTERDAY        T             1.42 1983   0.05  -0.05     0.00
  MONTH TO DATE    0.34                      0.89  -0.55     0.44
  SINCE SEP 1      3.29                      5.83  -2.54     4.22
  SINCE JAN 1     27.72                     25.22   2.50    24.64

SNOWFALL (IN)
  YESTERDAY        T             6.5  1948   0.3   -0.3      0.0
  MONTH TO DATE    6.8                       4.0    2.8      6.8
  SINCE SEP 1      6.8                       5.3    1.5      7.2
  SINCE JUL 1      6.8                       5.3    1.5      7.2
  SNOW DEPTH       3

DEGREE DAYS
 HEATING
  YESTERDAY       45                        34     11       20
  MONTH TO DATE  689                       554    135      534
  SINCE SEP 1   1269                      1263      6     1135
  SINCE JUL 1   1287                      1294     -7     1169

 COOLING
  YESTERDAY        0                         0      0        0
  MONTH TO DATE    0                         0      0        0
  SINCE SEP 1     59                        65     -6      133
  SINCE JAN 1    610                       690    -80      787
..................................................................


WIND (MPH)
  HIGHEST WIND SPEED    32   HIGHEST WIND DIRECTION    NW (320)
  HIGHEST GUST SPEED    39   HIGHEST GUST DIRECTION    NW (320)
  AVERAGE WIND SPEED    16.6


SKY COVER
  POSSIBLE SUNSHINE  MM
  AVERAGE SKY COVER 0.8


WEATHER CONDITIONS
 THE FOLLOWING WEATHER WAS RECORDED YESTERDAY.
  LIGHT SNOW
  BLOWING SNOW


RELATIVE HUMIDITY (PERCENT)
 HIGHEST    81          1200 AM
 LOWEST     60           100 PM
 AVERAGE    71

..........................................................


THE SIOUX FALLS SD CLIMATE NORMALS FOR TODAY
                         NORMAL    RECORD    YEAR
 MAXIMUM TEMPERATURE (F)   40        74      1962
 MINIMUM TEMPERATURE (F)   20        -6      1937
                                             1914


SUNRISE AND SUNSET
NOVEMBER 20 2014......SUNRISE   727 AM CST   SUNSET   458 PM CST
NOVEMBER 21 2014......SUNRISE   728 AM CST   SUNSET   457 PM CST


-  INDICATES NEGATIVE NUMBERS.
R  INDICATES RECORD WAS SET OR TIED.
MM INDICATES DATA IS MISSING.
T  INDICATES TRACE AMOUNT.




$$
