000
CDUS43 KFSD 110628
CLIFSD


CLIMATE REPORT
NATIONAL WEATHER SERVICE SIOUX FALLS SD
127 AM CDT WED MAY 11 2016


...................................

...THE SIOUX FALLS SD CLIMATE SUMMARY FOR MAY 10 2016...

CLIMATE NORMAL PERIOD 1981 TO 2010
CLIMATE RECORD PERIOD 1893 TO 2016


WEATHER ITEM   OBSERVED TIME   RECORD YEAR NORMAL DEPARTURE LAST
                VALUE   (LST)  VALUE       VALUE  FROM      YEAR
                                                  NORMAL
..................................................................
TEMPERATURE (F)
 YESTERDAY
  MAXIMUM         72    358 PM  90    1987  68      4       71
  MINIMUM         50    126 AM  25    1981  44      6       42
  AVERAGE         61                        56      5       57

PRECIPITATION (IN)
  YESTERDAY        0.07          1.64 1920   0.10  -0.03     0.88
  MONTH TO DATE    0.30                      1.06  -0.76     1.11
  SINCE MAR 1      7.01                      5.83   1.18     2.44
  SINCE JAN 1      8.69                      6.99   1.70     3.66

SNOWFALL (IN)
  YESTERDAY        0.0           T    1966   0.0    0.0      0.0
                                      1946
  MONTH TO DATE    0.0                       0.4   -0.4      0.0
  SINCE MAR 1     12.2                      13.4   -1.2      1.7
  SINCE JUL 1     68.5                      44.9   23.6     31.9
  SNOW DEPTH       0

DEGREE DAYS
 HEATING
  YESTERDAY        4                        10     -6        8
  MONTH TO DATE   82                       109    -27       59
  SINCE MAR 1   1328                      1666   -338     1310
  SINCE JUL 1   6364                      7516  -1152     7059

 COOLING
  YESTERDAY        0                         1     -1        0
  MONTH TO DATE    6                         6      0        6
  SINCE MAR 1      6                        11     -5       10
  SINCE JAN 1      6                        11     -5       10
..................................................................


WIND (MPH)
  HIGHEST WIND SPEED    14   HIGHEST WIND DIRECTION     S (160)
  HIGHEST GUST SPEED    20   HIGHEST GUST DIRECTION    SE (130)
  AVERAGE WIND SPEED     7.5


SKY COVER
  POSSIBLE SUNSHINE  MM
  AVERAGE SKY COVER 0.7


WEATHER CONDITIONS
 THE FOLLOWING WEATHER WAS RECORDED YESTERDAY.
  LIGHT RAIN


RELATIVE HUMIDITY (PERCENT)
 HIGHEST    96           300 AM
 LOWEST     61           400 PM
 AVERAGE    79

..........................................................


THE SIOUX FALLS SD CLIMATE NORMALS FOR TODAY
                         NORMAL    RECORD    YEAR
 MAXIMUM TEMPERATURE (F)   68        95      1906
 MINIMUM TEMPERATURE (F)   45        21      1946


SUNRISE AND SUNSET
MAY 11 2016...........SUNRISE   606 AM CDT   SUNSET   841 PM CDT
MAY 12 2016...........SUNRISE   605 AM CDT   SUNSET   842 PM CDT


-  INDICATES NEGATIVE NUMBERS.
R  INDICATES RECORD WAS SET OR TIED.
MM INDICATES DATA IS MISSING.
T  INDICATES TRACE AMOUNT.




$$
