000
CDUS43 KFSD 092235
CLIFSD


CLIMATE REPORT
NATIONAL WEATHER SERVICE SIOUX FALLS SD
435 PM CST THU NOV 9 2017


...................................

...THE SIOUX FALLS SD CLIMATE SUMMARY FOR NOVEMBER 9 2017...
VALID TODAY AS OF 0400 PM LOCAL TIME.

CLIMATE NORMAL PERIOD 1981 TO 2010
CLIMATE RECORD PERIOD 1893 TO 2017


WEATHER ITEM   OBSERVED TIME   RECORD YEAR NORMAL DEPARTURE LAST
                VALUE   (LST)  VALUE       VALUE  FROM      YEAR
                                                  NORMAL
..................................................................
TEMPERATURE (F)
 TODAY
  MAXIMUM         28   1233 AM  73    1999  47    -19       63
  MINIMUM         19    921 AM   5    1898  26     -7       28
  AVERAGE         24                        36    -12       46

PRECIPITATION (IN)
  TODAY            T             1.45 1919   0.04  -0.04     0.00
  MONTH TO DATE    0.03                      0.40  -0.37     0.02
  SINCE SEP 1      6.93                      5.34   1.59    10.66
  SINCE JAN 1     24.52                     24.73  -0.21    28.52

SNOWFALL (IN)
  TODAY            T             6.1  1946   0.1   -0.1      0.0
  MONTH TO DATE    0.2                       1.4   -1.2      0.0
  SINCE SEP 1      0.2                       2.7   -2.5       T
  SINCE JUL 1      0.2                       2.7   -2.5       T
  SNOW DEPTH       0

DEGREE DAYS
 HEATING
  TODAY           41                        29     12       19
  MONTH TO DATE  280                       237     43      116
  SINCE SEP 1    817                       946   -129      569
  SINCE JUL 1    823                       977   -154      577

 COOLING
  TODAY            0                         0      0        0
  MONTH TO DATE    0                         0      0        0
  SINCE SEP 1    102                        65     37       99
  SINCE JAN 1    776                       690     86      879
..................................................................


WIND (MPH)
  HIGHEST WIND SPEED    22   HIGHEST WIND DIRECTION     N (360)
  HIGHEST GUST SPEED    28   HIGHEST GUST DIRECTION     N (10)
  AVERAGE WIND SPEED    12.7


SKY COVER
  POSSIBLE SUNSHINE  MM
  AVERAGE SKY COVER 0.6


WEATHER CONDITIONS
 THE FOLLOWING WEATHER WAS RECORDED TODAY.
  LIGHT SNOW


RELATIVE HUMIDITY (PERCENT)
 HIGHEST    85          1200 AM
 LOWEST     46          1200 PM
 AVERAGE    66

..........................................................


THE SIOUX FALLS SD CLIMATE NORMALS FOR TOMORROW
                         NORMAL    RECORD    YEAR
 MAXIMUM TEMPERATURE (F)   46        74      1949
 MINIMUM TEMPERATURE (F)   26        -4      1986


SUNRISE AND SUNSET
NOVEMBER  9 2017......SUNRISE   713 AM CST   SUNSET   508 PM CST
NOVEMBER 10 2017......SUNRISE   715 AM CST   SUNSET   507 PM CST


-  INDICATES NEGATIVE NUMBERS.
R  INDICATES RECORD WAS SET OR TIED.
MM INDICATES DATA IS MISSING.
T  INDICATES TRACE AMOUNT.




$$
