000
CDUS43 KFSD 132226
CLIFSD


CLIMATE REPORT
NATIONAL WEATHER SERVICE SIOUX FALLS SD
525 PM CDT WED APR 13 2016


...................................

...THE SIOUX FALLS SD CLIMATE SUMMARY FOR APRIL 13 2016...
VALID TODAY AS OF 0500 PM LOCAL TIME.

CLIMATE NORMAL PERIOD 1981 TO 2010
CLIMATE RECORD PERIOD 1893 TO 2016


WEATHER ITEM   OBSERVED TIME   RECORD YEAR NORMAL DEPARTURE LAST
                VALUE   (LST)  VALUE       VALUE  FROM      YEAR
                                                  NORMAL
..................................................................
TEMPERATURE (F)
 TODAY
  MAXIMUM         76    359 PM  87    2006  58     18       67
                                      1908
  MINIMUM         47    615 AM  11    1950  33     14       37
  AVERAGE         62                        45     17       52

PRECIPITATION (IN)
  TODAY            0.00          1.84 1927   0.11  -0.11     0.00
  MONTH TO DATE    0.09                      1.23  -1.14     0.55
  SINCE MAR 1      2.18                      2.99  -0.81     0.88
  SINCE JAN 1      3.86                      4.15  -0.29     2.10

SNOWFALL (IN)
  TODAY            0.0           3.7  1983   0.2   -0.2      0.0
  MONTH TO DATE    T                         2.5   -2.5       T
  SINCE MAR 1     12.2                      10.9    1.3      1.7
  SINCE JUL 1     68.5                      42.4   26.1     31.9
  SNOW DEPTH       0

DEGREE DAYS
 HEATING
  TODAY            3                        20    -17       13
  MONTH TO DATE  288                       291     -3      210
  SINCE MAR 1   1052                      1286   -234     1030
  SINCE JUL 1   6088                      7136  -1048     6779

 COOLING
  TODAY            0                         0      0        0
  MONTH TO DATE    0                         0      0        4
  SINCE MAR 1      0                         0      0        4
  SINCE JAN 1      0                         0      0        4
..................................................................


WIND (MPH)
  HIGHEST WIND SPEED    22   HIGHEST WIND DIRECTION     S (190)
  HIGHEST GUST SPEED    29   HIGHEST GUST DIRECTION     S (200)
  AVERAGE WIND SPEED     9.9


SKY COVER
  POSSIBLE SUNSHINE  MM
  AVERAGE SKY COVER 0.2


WEATHER CONDITIONS
 THE FOLLOWING WEATHER WAS RECORDED TODAY.
  NO SIGNIFICANT WEATHER WAS OBSERVED.


RELATIVE HUMIDITY (PERCENT)
 HIGHEST    53           500 AM
 LOWEST     27           300 PM
 AVERAGE    40

..........................................................


THE SIOUX FALLS SD CLIMATE NORMALS FOR TOMORROW
                         NORMAL    RECORD    YEAR
 MAXIMUM TEMPERATURE (F)   58        91      1954
 MINIMUM TEMPERATURE (F)   34        11      1928


SUNRISE AND SUNSET
APRIL 13 2016.........SUNRISE   647 AM CDT   SUNSET   809 PM CDT
APRIL 14 2016.........SUNRISE   645 AM CDT   SUNSET   810 PM CDT


-  INDICATES NEGATIVE NUMBERS.
R  INDICATES RECORD WAS SET OR TIED.
MM INDICATES DATA IS MISSING.
T  INDICATES TRACE AMOUNT.




$$
