000
CDUS43 KFSD 100630
CLIFSD


CLIMATE REPORT
NATIONAL WEATHER SERVICE SIOUX FALLS SD
130 AM CDT WED MAY 10 2017


...................................

...THE SIOUX FALLS SD CLIMATE SUMMARY FOR MAY 9 2017...

CLIMATE NORMAL PERIOD 1981 TO 2010
CLIMATE RECORD PERIOD 1893 TO 2017


WEATHER ITEM   OBSERVED TIME   RECORD YEAR NORMAL DEPARTURE LAST
                VALUE   (LST)  VALUE       VALUE  FROM      YEAR
                                                  NORMAL
..................................................................
TEMPERATURE (F)
 YESTERDAY
  MAXIMUM         71    211 PM  94    1934  68      3       70
  MINIMUM         48   1147 PM  25    1966  44      4       53
  AVERAGE         60                        56      4       62

PRECIPITATION (IN)
  YESTERDAY        T             1.94 1979   0.10  -0.10     0.17
  MONTH TO DATE    0.54                      0.96  -0.42     0.23
  SINCE MAR 1      3.95                      5.73  -1.78     6.94
  SINCE JAN 1      5.06                      6.89  -1.83     8.62

SNOWFALL (IN)
  YESTERDAY        0.0           T    1945   0.1   -0.1      0.0
  MONTH TO DATE    2.2                       0.4    1.8      0.0
  SINCE MAR 1     11.5                      13.4   -1.9     12.2
  SINCE JUL 1     42.9                      44.9   -2.0     68.5
  SNOW DEPTH       0

DEGREE DAYS
 HEATING
  YESTERDAY        5                        10     -5        3
  MONTH TO DATE   82                        99    -17       78
  SINCE MAR 1   1466                      1656   -190     1324
  SINCE JUL 1   6272                      7506  -1234     6360

 COOLING
  YESTERDAY        0                         1     -1        0
  MONTH TO DATE    5                         5      0        6
  SINCE MAR 1      6                        10     -4        6
  SINCE JAN 1      6                        10     -4        6
..................................................................


WIND (MPH)
  HIGHEST WIND SPEED    22   HIGHEST WIND DIRECTION    NE (30)
  HIGHEST GUST SPEED    28   HIGHEST GUST DIRECTION    NE (30)
  AVERAGE WIND SPEED     8.8


SKY COVER
  POSSIBLE SUNSHINE  MM
  AVERAGE SKY COVER 0.6


WEATHER CONDITIONS
 THE FOLLOWING WEATHER WAS RECORDED YESTERDAY.
  LIGHT RAIN


RELATIVE HUMIDITY (PERCENT)
 HIGHEST    93           400 AM
 LOWEST     40           100 PM
 AVERAGE    67

..........................................................


THE SIOUX FALLS SD CLIMATE NORMALS FOR TODAY
                         NORMAL    RECORD    YEAR
 MAXIMUM TEMPERATURE (F)   68        90      1987
 MINIMUM TEMPERATURE (F)   44        25      1981


SUNRISE AND SUNSET
MAY 10 2017...........SUNRISE   607 AM CDT   SUNSET   840 PM CDT
MAY 11 2017...........SUNRISE   606 AM CDT   SUNSET   841 PM CDT


-  INDICATES NEGATIVE NUMBERS.
R  INDICATES RECORD WAS SET OR TIED.
MM INDICATES DATA IS MISSING.
T  INDICATES TRACE AMOUNT.




$$
