000
CDUS43 KFSD 130624
CLIFSD


CLIMATE REPORT
NATIONAL WEATHER SERVICE SIOUX FALLS SD
124 AM CDT THU JUL 13 2017


...................................

...THE SIOUX FALLS SD CLIMATE SUMMARY FOR JULY 12 2017...

CLIMATE NORMAL PERIOD 1981 TO 2010
CLIMATE RECORD PERIOD 1893 TO 2017


WEATHER ITEM   OBSERVED TIME   RECORD YEAR NORMAL DEPARTURE LAST
                VALUE   (LST)  VALUE       VALUE  FROM      YEAR
                                                  NORMAL
..................................................................
TEMPERATURE (F)
 YESTERDAY
  MAXIMUM         90    137 PM 107    1995  84      6       86
  MINIMUM         66   1159 PM  48    1975  62      4       61
                                      1897
  AVERAGE         78                        73      5       74

PRECIPITATION (IN)
  YESTERDAY        T             1.56 1908   0.10  -0.10     0.00
  MONTH TO DATE    T                         1.24  -1.24     0.66
  SINCE JUN 1      3.29                      5.16  -1.87     2.38
  SINCE JAN 1     11.04                     14.49  -3.45    13.88

SNOWFALL (IN)
  YESTERDAY        0.0           0.0    MM   0.0    0.0      0.0
  MONTH TO DATE    0.0                       0.0    0.0      0.0
  SINCE JUN 1      0.0                       0.0    0.0      0.0
  SINCE JUL 1      0.0                       0.0    0.0      0.0
  SNOW DEPTH       0

DEGREE DAYS
 HEATING
  YESTERDAY        0                         0      0        0
  MONTH TO DATE    0                         0      0        4
  SINCE JUN 1     26                        51    -25       13
  SINCE JUL 1      0                         0      0        4

 COOLING
  YESTERDAY       13                         8      5        9
  MONTH TO DATE  130                        95     35       91
  SINCE JUN 1    329                       230     99      326
  SINCE JAN 1    355                       266     89      359
..................................................................


WIND (MPH)
  HIGHEST WIND SPEED    18   HIGHEST WIND DIRECTION     N (350)
  HIGHEST GUST SPEED    23   HIGHEST GUST DIRECTION     N (340)
  AVERAGE WIND SPEED     8.1


SKY COVER
  POSSIBLE SUNSHINE  MM
  AVERAGE SKY COVER 0.6


WEATHER CONDITIONS
 THE FOLLOWING WEATHER WAS RECORDED YESTERDAY.
  NO SIGNIFICANT WEATHER WAS OBSERVED.


RELATIVE HUMIDITY (PERCENT)
 HIGHEST    93           400 AM
 LOWEST     38           200 PM
 AVERAGE    66

..........................................................


THE SIOUX FALLS SD CLIMATE NORMALS FOR TODAY
                         NORMAL    RECORD    YEAR
 MAXIMUM TEMPERATURE (F)   84       106      1995
 MINIMUM TEMPERATURE (F)   62        44      1950
                                             1926


SUNRISE AND SUNSET
JULY 13 2017..........SUNRISE   558 AM CDT   SUNSET   907 PM CDT
JULY 14 2017..........SUNRISE   559 AM CDT   SUNSET   906 PM CDT


-  INDICATES NEGATIVE NUMBERS.
R  INDICATES RECORD WAS SET OR TIED.
MM INDICATES DATA IS MISSING.
T  INDICATES TRACE AMOUNT.




$$
