000
CDUS43 KFSD 060642
CLIFSD


CLIMATE REPORT
NATIONAL WEATHER SERVICE SIOUX FALLS SD
1241 AM CST MON MAR 6 2017


...................................

...THE SIOUX FALLS SD CLIMATE SUMMARY FOR MARCH 5 2017...

CLIMATE NORMAL PERIOD 1981 TO 2010
CLIMATE RECORD PERIOD 1893 TO 2017


WEATHER ITEM   OBSERVED TIME   RECORD YEAR NORMAL DEPARTURE LAST
                VALUE   (LST)  VALUE       VALUE  FROM      YEAR
                                                  NORMAL
..................................................................
TEMPERATURE (F)
 YESTERDAY
  MAXIMUM         65    410 PM  71    2000  38     27       48
  MINIMUM         42    715 AM -19    1960  19     23       28
  AVERAGE         54                        28     26       38

PRECIPITATION (IN)
  YESTERDAY        0.00          0.76 1915   0.04  -0.04     0.00
  MONTH TO DATE    0.07                      0.18  -0.11     0.03
  SINCE MAR 1      0.07                      0.18  -0.11     0.03
  SINCE JAN 1      1.18                      1.34  -0.16     1.71

SNOWFALL (IN)
  YESTERDAY        0.0           9.0  1915   0.3   -0.3      0.0
  MONTH TO DATE    2.2                       1.5    0.7      0.3
  SINCE MAR 1      2.2                       1.5    0.7      0.3
  SINCE JUL 1     33.6                      33.0    0.6     56.6
  SNOW DEPTH       0

DEGREE DAYS
 HEATING
  YESTERDAY       11                        37    -26       27
  MONTH TO DATE  163                       188    -25      201
  SINCE MAR 1    163                       188    -25      201
  SINCE JUL 1   4969                      6038  -1069     5237

 COOLING
  YESTERDAY        0                         0      0        0
  MONTH TO DATE    0                         0      0        0
  SINCE MAR 1      0                         0      0        0
  SINCE JAN 1      0                         0      0        0
..................................................................


WIND (MPH)
  HIGHEST WIND SPEED    22   HIGHEST WIND DIRECTION     S (160)
  HIGHEST GUST SPEED    31   HIGHEST GUST DIRECTION     S (180)
  AVERAGE WIND SPEED    14.4


SKY COVER
  POSSIBLE SUNSHINE  MM
  AVERAGE SKY COVER 0.5


WEATHER CONDITIONS
 THE FOLLOWING WEATHER WAS RECORDED YESTERDAY.
  NO SIGNIFICANT WEATHER WAS OBSERVED.


RELATIVE HUMIDITY (PERCENT)
 HIGHEST    96           600 AM
 LOWEST     63           400 PM
 AVERAGE    80

..........................................................


THE SIOUX FALLS SD CLIMATE NORMALS FOR TODAY
                         NORMAL    RECORD    YEAR
 MAXIMUM TEMPERATURE (F)   38        77      1987
 MINIMUM TEMPERATURE (F)   19       -17      1920


SUNRISE AND SUNSET
MARCH  6 2017.........SUNRISE   654 AM CST   SUNSET   622 PM CST
MARCH  7 2017.........SUNRISE   653 AM CST   SUNSET   624 PM CST


-  INDICATES NEGATIVE NUMBERS.
R  INDICATES RECORD WAS SET OR TIED.
MM INDICATES DATA IS MISSING.
T  INDICATES TRACE AMOUNT.




$$
