000
CDUS43 KFSD 040632
CLIFSD


CLIMATE REPORT
NATIONAL WEATHER SERVICE SIOUX FALLS SD
1232 AM CST THU FEB 4 2016


...................................

...THE SIOUX FALLS SD CLIMATE SUMMARY FOR FEBRUARY 3 2016...

CLIMATE NORMAL PERIOD 1981 TO 2010
CLIMATE RECORD PERIOD 1893 TO 2016


WEATHER ITEM   OBSERVED TIME   RECORD YEAR NORMAL DEPARTURE LAST
                VALUE   (LST)  VALUE       VALUE  FROM      YEAR
                                                  NORMAL
..................................................................
TEMPERATURE (F)
 YESTERDAY
  MAXIMUM         23   1213 AM  58    2005  28     -5       21
  MINIMUM         14    803 PM -35    1917   8      6        1
  AVERAGE         19                        18      1       11

PRECIPITATION (IN)
  YESTERDAY        T             0.66 1997   0.02  -0.02      T
  MONTH TO DATE    0.22                      0.06   0.16     0.18
  SINCE DEC 1      2.01                      1.31   0.70     2.32
  SINCE JAN 1      0.70                      0.62   0.08     0.99

SNOWFALL (IN)
  YESTERDAY        T             8.4  1997   0.3   -0.3       T
  MONTH TO DATE    4.2                       0.8    3.4      3.2
  SINCE DEC 1     30.2                      16.7   13.5     18.9
  SINCE JUL 1     47.5                      25.4   22.1     27.2
  SNOW DEPTH       5

DEGREE DAYS
 HEATING
  YESTERDAY       46                        47     -1       54
  MONTH TO DATE  122                       141    -19      173
  SINCE DEC 1   2784                      3061   -277     2787
  SINCE JUL 1   4058                      4773   -715     4543

 COOLING
  YESTERDAY        0                         0      0        0
  MONTH TO DATE    0                         0      0        0
  SINCE DEC 1      0                         0      0        0
  SINCE JAN 1      0                         0      0        0
..................................................................


WIND (MPH)
  HIGHEST WIND SPEED    26   HIGHEST WIND DIRECTION     N (360)
  HIGHEST GUST SPEED    31   HIGHEST GUST DIRECTION     N (10)
  AVERAGE WIND SPEED    12.8


SKY COVER
  POSSIBLE SUNSHINE  MM
  AVERAGE SKY COVER 0.5


WEATHER CONDITIONS
 THE FOLLOWING WEATHER WAS RECORDED YESTERDAY.
  LIGHT SNOW
  FOG
  BLOWING SNOW


RELATIVE HUMIDITY (PERCENT)
 HIGHEST    84           300 AM
 LOWEST     67          1100 AM
 AVERAGE    76

..........................................................


THE SIOUX FALLS SD CLIMATE NORMALS FOR TODAY
                         NORMAL    RECORD    YEAR
 MAXIMUM TEMPERATURE (F)   28        61      2005
 MINIMUM TEMPERATURE (F)    9       -29      1899


SUNRISE AND SUNSET
FEBRUARY  4 2016......SUNRISE   740 AM CST   SUNSET   542 PM CST
FEBRUARY  5 2016......SUNRISE   739 AM CST   SUNSET   543 PM CST


-  INDICATES NEGATIVE NUMBERS.
R  INDICATES RECORD WAS SET OR TIED.
MM INDICATES DATA IS MISSING.
T  INDICATES TRACE AMOUNT.




$$
