000
CDUS43 KFSD 062239
CLIFSD


CLIMATE REPORT
NATIONAL WEATHER SERVICE SIOUX FALLS SD
538 PM CDT TUE SEP 6 2016


...................................

...THE SIOUX FALLS SD CLIMATE SUMMARY FOR SEPTEMBER 6 2016...
VALID TODAY AS OF 0500 PM LOCAL TIME.

CLIMATE NORMAL PERIOD 1981 TO 2010
CLIMATE RECORD PERIOD 1893 TO 2016


WEATHER ITEM   OBSERVED TIME   RECORD YEAR NORMAL DEPARTURE LAST
                VALUE   (LST)  VALUE       VALUE  FROM      YEAR
                                                  NORMAL
..................................................................
TEMPERATURE (F)
 TODAY
  MAXIMUM         77   1209 PM 104    1976  77      0       84
                                      1922
                                      1913
  MINIMUM         67    650 AM  34    1956  54     13       66
  AVERAGE         72                        65      7       75

PRECIPITATION (IN)
  TODAY            0.07          1.79 1948   0.10  -0.03      T
  MONTH TO DATE    2.06                      0.59   1.47     0.09
  SINCE SEP 1      2.06                      0.59   1.47     0.09
  SINCE JAN 1     19.92                     19.98  -0.06    21.69

SNOWFALL (IN)
  TODAY            0.0           0.0    MM   0.0    0.0      0.0
  MONTH TO DATE    0.0                       0.0    0.0      0.0
  SINCE SEP 1      0.0                       0.0    0.0      0.0
  SINCE JUL 1      0.0                       0.0    0.0      0.0
  SNOW DEPTH       0

DEGREE DAYS
 HEATING
  TODAY            0                         3     -3        0
  MONTH TO DATE    0                        14    -14        0
  SINCE SEP 1      0                        14    -14        0
  SINCE JUL 1      8                        45    -37       40

 COOLING
  TODAY            7                         3      4       10
  MONTH TO DATE   32                        23      9       69
  SINCE SEP 1     32                        23      9       69
  SINCE JAN 1    812                       648    164      644
..................................................................


WIND (MPH)
  HIGHEST WIND SPEED    25   HIGHEST WIND DIRECTION    NW (330)
  HIGHEST GUST SPEED    33   HIGHEST GUST DIRECTION     N (340)
  AVERAGE WIND SPEED     8.5


SKY COVER
  POSSIBLE SUNSHINE  MM
  AVERAGE SKY COVER 0.6


WEATHER CONDITIONS
 THE FOLLOWING WEATHER WAS RECORDED TODAY.
  THUNDERSTORM
  LIGHT RAIN
  FOG


RELATIVE HUMIDITY (PERCENT)
 HIGHEST   100          1200 AM
 LOWEST     74          1200 PM
 AVERAGE    87

..........................................................


THE SIOUX FALLS SD CLIMATE NORMALS FOR TOMORROW
                         NORMAL    RECORD    YEAR
 MAXIMUM TEMPERATURE (F)   77       100      1971
 MINIMUM TEMPERATURE (F)   53        30      1895


SUNRISE AND SUNSET
SEPTEMBER  6 2016.....SUNRISE   657 AM CDT   SUNSET   752 PM CDT
SEPTEMBER  7 2016.....SUNRISE   658 AM CDT   SUNSET   751 PM CDT


-  INDICATES NEGATIVE NUMBERS.
R  INDICATES RECORD WAS SET OR TIED.
MM INDICATES DATA IS MISSING.
T  INDICATES TRACE AMOUNT.




$$
