000
CDUS43 KFSD 010631
CLIFSD


CLIMATE REPORT
NATIONAL WEATHER SERVICE SIOUX FALLS SD
1231 AM CST THU FEB 1 2018


...................................

...THE SIOUX FALLS SD CLIMATE SUMMARY FOR JANUARY 31 2018...

CLIMATE NORMAL PERIOD 1981 TO 2010
CLIMATE RECORD PERIOD 1893 TO 2018


WEATHER ITEM   OBSERVED TIME   RECORD YEAR NORMAL DEPARTURE LAST
                VALUE   (LST)  VALUE       VALUE  FROM      YEAR
                                                  NORMAL
..................................................................
TEMPERATURE (F)
 YESTERDAY
  MAXIMUM         43        MM  57    1911  28     15       36
  MINIMUM         12        MM -27    1918   8      4       28
  AVERAGE         28                        18     10       32

PRECIPITATION (IN)
  YESTERDAY        T             0.65 1922   0.02  -0.02     0.00
  MONTH TO DATE    0.38                      0.56  -0.18     0.62
  SINCE DEC 1      1.06                      1.25  -0.19     2.54
  SINCE JAN 1      0.38                      0.56  -0.18     0.62

SNOWFALL (IN)
  YESTERDAY        T             5.4  2011   0.3   -0.3      0.0
  MONTH TO DATE    5.8                       7.7   -1.9      9.4
  SINCE DEC 1     16.2                      15.9    0.3     20.3
  SINCE JUL 1     16.4                      24.6   -8.2     26.3
  SNOW DEPTH       0

DEGREE DAYS
 HEATING
  YESTERDAY       37                        47    -10       33
  MONTH TO DATE 1469                      1504    -35     1357
  SINCE DEC 1   2821                      2920    -99     2746
  SINCE JUL 1   4230                      4632   -402     3881

 COOLING
  YESTERDAY        0                         0      0        0
  MONTH TO DATE    0                         0      0        0
  SINCE DEC 1      0                         0      0        0
  SINCE JAN 1      0                         0      0        0
..................................................................


WIND (MPH)
  HIGHEST WIND SPEED    25   HIGHEST WIND DIRECTION     N (350)
  HIGHEST GUST SPEED    35   HIGHEST GUST DIRECTION     N (340)
  AVERAGE WIND SPEED    12.6


SKY COVER
  POSSIBLE SUNSHINE  MM
  AVERAGE SKY COVER 0.6


WEATHER CONDITIONS
 THE FOLLOWING WEATHER WAS RECORDED YESTERDAY.
  LIGHT SNOW
  FOG


RELATIVE HUMIDITY (PERCENT)
 HIGHEST    92           300 AM
 LOWEST     45           300 PM
 AVERAGE    69

..........................................................


THE SIOUX FALLS SD CLIMATE NORMALS FOR TODAY
                         NORMAL    RECORD    YEAR
 MAXIMUM TEMPERATURE (F)   28        54      1987
 MINIMUM TEMPERATURE (F)    8       -32      1917


SUNRISE AND SUNSET
FEBRUARY  1 2018......SUNRISE   743 AM CST   SUNSET   538 PM CST
FEBRUARY  2 2018......SUNRISE   742 AM CST   SUNSET   540 PM CST


-  INDICATES NEGATIVE NUMBERS.
R  INDICATES RECORD WAS SET OR TIED.
MM INDICATES DATA IS MISSING.
T  INDICATES TRACE AMOUNT.




$$
