167
CDUS43 KFSD 100658
CLIFSD


CLIMATE REPORT
NATIONAL WEATHER SERVICE SIOUX FALLS SD
1257 AM CST TUE JAN 10 2017


...................................

...THE SIOUX FALLS SD CLIMATE SUMMARY FOR JANUARY 9 2017...

CLIMATE NORMAL PERIOD 1981 TO 2010
CLIMATE RECORD PERIOD 1893 TO 2017


WEATHER ITEM   OBSERVED TIME   RECORD YEAR NORMAL DEPARTURE LAST
                VALUE   (LST)  VALUE       VALUE  FROM      YEAR
                                                  NORMAL
..................................................................
TEMPERATURE (F)
 YESTERDAY
  MAXIMUM         27   1044 PM  56    1958  26      1       10
  MINIMUM          5    351 AM -29    1974   7     -2      -14
  AVERAGE         16                        16      0       -2

PRECIPITATION (IN)
  YESTERDAY        0.02          0.37 1983   0.02   0.00      T
  MONTH TO DATE    0.08                      0.17  -0.09     0.31
  SINCE DEC 1      2.00                      0.86   1.14     1.62
  SINCE JAN 1      0.08                      0.17  -0.09     0.31

SNOWFALL (IN)
  YESTERDAY        0.2           3.1  1983   0.2    0.0       T
                                      1963
  MONTH TO DATE    0.8                       2.2   -1.4      4.5
  SINCE DEC 1     11.7                      10.4    1.3     23.6
  SINCE JUL 1     17.7                      19.1   -1.4     40.9
  SNOW DEPTH       T

DEGREE DAYS
 HEATING
  YESTERDAY       49                        49      0       67
  MONTH TO DATE  486                       441     45      410
  SINCE DEC 1   1875                      1862     13     1604
  SINCE JUL 1   3010                      3574   -564     2878

 COOLING
  YESTERDAY        0                         0      0        0
  MONTH TO DATE    0                         0      0        0
  SINCE DEC 1      0                         0      0        0
  SINCE JAN 1      0                         0      0        0
..................................................................


WIND (MPH)
  HIGHEST WIND SPEED    21   HIGHEST WIND DIRECTION    SE (130)
  HIGHEST GUST SPEED    26   HIGHEST GUST DIRECTION    NW (300)
  AVERAGE WIND SPEED     9.4


SKY COVER
  POSSIBLE SUNSHINE  MM
  AVERAGE SKY COVER 0.8


WEATHER CONDITIONS
 THE FOLLOWING WEATHER WAS RECORDED YESTERDAY.
  LIGHT SNOW
  FOG


RELATIVE HUMIDITY (PERCENT)
 HIGHEST    88          1200 AM
 LOWEST     68           700 PM
 AVERAGE    78

..........................................................


THE SIOUX FALLS SD CLIMATE NORMALS FOR TODAY
                         NORMAL    RECORD    YEAR
 MAXIMUM TEMPERATURE (F)   26        57      2012
 MINIMUM TEMPERATURE (F)    7       -26      1982


SUNRISE AND SUNSET
JANUARY 10 2017.......SUNRISE   759 AM CST   SUNSET   511 PM CST
JANUARY 11 2017.......SUNRISE   759 AM CST   SUNSET   512 PM CST


-  INDICATES NEGATIVE NUMBERS.
R  INDICATES RECORD WAS SET OR TIED.
MM INDICATES DATA IS MISSING.
T  INDICATES TRACE AMOUNT.




$$
