000
CDUS43 KFSD 100932
CLIFSD


CLIMATE REPORT
NATIONAL WEATHER SERVICE SIOUX FALLS SD
431 AM CDT TUE MAY 10 2016


...................................

...THE SIOUX FALLS SD CLIMATE SUMMARY FOR MAY 9 2016...

CLIMATE NORMAL PERIOD 1981 TO 2010
CLIMATE RECORD PERIOD 1893 TO 2016


WEATHER ITEM   OBSERVED TIME   RECORD YEAR NORMAL DEPARTURE LAST
                VALUE   (LST)  VALUE       VALUE  FROM      YEAR
                                                  NORMAL
..................................................................
TEMPERATURE (F)
 YESTERDAY
  MAXIMUM         70   1208 PM  94    1934  68      2       65
  MINIMUM         53   1159 PM  25    1966  44      9       33
  AVERAGE         62                        56      6       49

PRECIPITATION (IN)
  YESTERDAY        0.17          1.94 1979   0.10   0.07      T
  MONTH TO DATE    0.23                      0.96  -0.73     0.23
  SINCE MAR 1      6.94                      5.73   1.21     1.56
  SINCE JAN 1      8.62                      6.89   1.73     2.78

SNOWFALL (IN)
  YESTERDAY        0.0           T    1945   0.1   -0.1      0.0
  MONTH TO DATE    0.0                       0.4   -0.4      0.0
  SINCE MAR 1     12.2                      13.4   -1.2      1.7
  SINCE JUL 1     68.5                      44.9   23.6     31.9
  SNOW DEPTH       0

DEGREE DAYS
 HEATING
  YESTERDAY        3                        10     -7       16
  MONTH TO DATE   78                        99    -21       51
  SINCE MAR 1   1324                      1656   -332     1302
  SINCE JUL 1   6360                      7506  -1146     7051

 COOLING
  YESTERDAY        0                         1     -1        0
  MONTH TO DATE    6                         5      1        6
  SINCE MAR 1      6                        10     -4       10
  SINCE JAN 1      6                        10     -4       10
..................................................................


WIND (MPH)
  HIGHEST WIND SPEED    24   HIGHEST WIND DIRECTION    SE (120)
  HIGHEST GUST SPEED    29   HIGHEST GUST DIRECTION     E (110)
  AVERAGE WIND SPEED    12.4


SKY COVER
  POSSIBLE SUNSHINE  MM
  AVERAGE SKY COVER 0.9


WEATHER CONDITIONS
 THE FOLLOWING WEATHER WAS RECORDED YESTERDAY.
  THUNDERSTORM
  RAIN
  LIGHT RAIN
  FOG


RELATIVE HUMIDITY (PERCENT)
 HIGHEST    93           500 AM
 LOWEST     49          1200 AM
 AVERAGE    71

..........................................................


THE SIOUX FALLS SD CLIMATE NORMALS FOR TODAY
                         NORMAL    RECORD    YEAR
 MAXIMUM TEMPERATURE (F)   68        90      1987
 MINIMUM TEMPERATURE (F)   44        25      1981


SUNRISE AND SUNSET
MAY 10 2016...........SUNRISE   607 AM CDT   SUNSET   840 PM CDT
MAY 11 2016...........SUNRISE   606 AM CDT   SUNSET   841 PM CDT


-  INDICATES NEGATIVE NUMBERS.
R  INDICATES RECORD WAS SET OR TIED.
MM INDICATES DATA IS MISSING.
T  INDICATES TRACE AMOUNT.




$$
