000
CDUS43 KFSD 172224
CLIFSD


CLIMATE REPORT
NATIONAL WEATHER SERVICE SIOUX FALLS SD
524 PM CDT WED MAY 17 2017


...................................

...THE SIOUX FALLS SD CLIMATE SUMMARY FOR MAY 17 2017...
VALID TODAY AS OF 0500 PM LOCAL TIME.

CLIMATE NORMAL PERIOD 1981 TO 2010
CLIMATE RECORD PERIOD 1893 TO 2017


WEATHER ITEM   OBSERVED TIME   RECORD YEAR NORMAL DEPARTURE LAST
                VALUE   (LST)  VALUE       VALUE  FROM      YEAR
                                                  NORMAL
..................................................................
TEMPERATURE (F)
 TODAY
  MAXIMUM         66   1015 AM  97    1934  70     -4       68
  MINIMUM         53    337 PM  27    1930  47      6       38
  AVERAGE         60                        58      2       53

PRECIPITATION (IN)
  TODAY            1.05          1.63 2000   0.11   0.94     0.00
  MONTH TO DATE    2.36                      1.80   0.56     0.65
  SINCE MAR 1      5.77                      6.57  -0.80     7.36
  SINCE JAN 1      6.88                      7.73  -0.85     9.04

SNOWFALL (IN)
  TODAY            0.0          MM      MM   0.0    0.0      0.0
  MONTH TO DATE    2.2                       0.4    1.8      0.0
  SINCE MAR 1     11.5                      13.4   -1.9     12.2
  SINCE JUL 1     42.9                      44.9   -2.0     68.5
  SNOW DEPTH       0

DEGREE DAYS
 HEATING
  TODAY            5                         8     -3       12
  MONTH TO DATE  111                       168    -57      182
  SINCE MAR 1   1495                      1725   -230     1428
  SINCE JUL 1   6301                      7575  -1274     6464

 COOLING
  TODAY            0                         1     -1        0
  MONTH TO DATE   25                        13     12        6
  SINCE MAR 1     26                        18      8        6
  SINCE JAN 1     26                        18      8        6
..................................................................


WIND (MPH)
  HIGHEST WIND SPEED    32   HIGHEST WIND DIRECTION     S (180)
  HIGHEST GUST SPEED    43   HIGHEST GUST DIRECTION     S (180)
  AVERAGE WIND SPEED     9.5


SKY COVER
  POSSIBLE SUNSHINE  MM
  AVERAGE SKY COVER 0.9


WEATHER CONDITIONS
 THE FOLLOWING WEATHER WAS RECORDED TODAY.
  THUNDERSTORM
  HEAVY RAIN
  RAIN
  LIGHT RAIN
  FOG


RELATIVE HUMIDITY (PERCENT)
 HIGHEST   100           200 AM
 LOWEST     87          1000 AM
 AVERAGE    94

..........................................................


THE SIOUX FALLS SD CLIMATE NORMALS FOR TOMORROW
                         NORMAL    RECORD    YEAR
 MAXIMUM TEMPERATURE (F)   70        98      1934
 MINIMUM TEMPERATURE (F)   47        28      1915


SUNRISE AND SUNSET
MAY 17 2017...........SUNRISE   600 AM CDT   SUNSET   848 PM CDT
MAY 18 2017...........SUNRISE   559 AM CDT   SUNSET   849 PM CDT


-  INDICATES NEGATIVE NUMBERS.
R  INDICATES RECORD WAS SET OR TIED.
MM INDICATES DATA IS MISSING.
T  INDICATES TRACE AMOUNT.




$$
