000
CDUS43 KFSD 122227
CLIFSD


CLIMATE REPORT
NATIONAL WEATHER SERVICE SIOUX FALLS SD
526 PM CDT FRI SEP 12 2014


...................................

...THE SIOUX FALLS SD CLIMATE SUMMARY FOR SEPTEMBER 12 2014...
VALID TODAY AS OF 0500 PM LOCAL TIME.

CLIMATE NORMAL PERIOD 1981 TO 2010
CLIMATE RECORD PERIOD 1893 TO 2014


WEATHER ITEM   OBSERVED TIME   RECORD YEAR NORMAL DEPARTURE LAST
                VALUE   (LST)  VALUE       VALUE  FROM      YEAR
                                                  NORMAL
..................................................................
TEMPERATURE (F)
 TODAY
  MAXIMUM         56   1119 AM  97    1908  75    -19       78
  MINIMUM         44    640 AM  27    1902  51     -7       53
  AVERAGE         50                        63    -13       66

PRECIPITATION (IN)
  TODAY            0.04          1.58 1979   0.10  -0.06     0.00
  MONTH TO DATE    1.54                      1.17   0.37     0.21
  SINCE SEP 1      1.54                      1.17   0.37     0.21
  SINCE JAN 1     25.97                     20.56   5.41    20.63

SNOWFALL (IN)
  TODAY            0.0           0.0    MM   0.0    0.0      0.0
  MONTH TO DATE    0.0                       0.0    0.0      0.0
  SINCE SEP 1      0.0                       0.0    0.0      0.0
  SINCE JUL 1      T                         0.0    0.0      0.0
  SNOW DEPTH       0

DEGREE DAYS
 HEATING
  TODAY           15                         4     11        0
  MONTH TO DATE   52                        36     16        1
  SINCE SEP 1     52                        36     16        1
  SINCE JUL 1     70                        67      3       35

 COOLING
  TODAY            0                         2     -2        1
  MONTH TO DATE   22                        40    -18       94
  SINCE SEP 1     22                        40    -18       94
  SINCE JAN 1    573                       665    -92      748
..................................................................


WIND (MPH)
  HIGHEST WIND SPEED    13   HIGHEST WIND DIRECTION     N (350)
  HIGHEST GUST SPEED    16   HIGHEST GUST DIRECTION     N (360)
  AVERAGE WIND SPEED     5.9


SKY COVER
  POSSIBLE SUNSHINE  MM
  AVERAGE SKY COVER 0.9


WEATHER CONDITIONS
 THE FOLLOWING WEATHER WAS RECORDED TODAY.
  LIGHT RAIN


RELATIVE HUMIDITY (PERCENT)
 HIGHEST    93          1200 AM
 LOWEST     50           200 PM
 AVERAGE    72

..........................................................


THE SIOUX FALLS SD CLIMATE NORMALS FOR TOMORROW
                         NORMAL    RECORD    YEAR
 MAXIMUM TEMPERATURE (F)   74        96      1939
 MINIMUM TEMPERATURE (F)   51        32      1902
                                             1899


SUNRISE AND SUNSET
SEPTEMBER 12 2014.....SUNRISE   703 AM CDT   SUNSET   743 PM CDT
SEPTEMBER 13 2014.....SUNRISE   704 AM CDT   SUNSET   741 PM CDT


-  INDICATES NEGATIVE NUMBERS.
R  INDICATES RECORD WAS SET OR TIED.
MM INDICATES DATA IS MISSING.
T  INDICATES TRACE AMOUNT.




$$
