000
CDUS43 KFSD 100654
CLIFSD


CLIMATE REPORT
NATIONAL WEATHER SERVICE SIOUX FALLS SD
1252 AM CST FRI MAR 10 2017


...................................

...THE SIOUX FALLS SD CLIMATE SUMMARY FOR MARCH 9 2017...

CLIMATE NORMAL PERIOD 1981 TO 2010
CLIMATE RECORD PERIOD 1893 TO 2017


WEATHER ITEM   OBSERVED TIME   RECORD YEAR NORMAL DEPARTURE LAST
                VALUE   (LST)  VALUE       VALUE  FROM      YEAR
                                                  NORMAL
..................................................................
TEMPERATURE (F)
 YESTERDAY
  MAXIMUM         32    100 PM  63    1967  40     -8       47
  MINIMUM         15   1159 PM -14    1984  20     -5       25
  AVERAGE         24                        30     -6       36

PRECIPITATION (IN)
  YESTERDAY        T             0.68 2013   0.05  -0.05     0.00
  MONTH TO DATE    0.09                      0.34  -0.25     0.03
  SINCE MAR 1      0.09                      0.34  -0.25     0.03
  SINCE JAN 1      1.20                      1.50  -0.30     1.71

SNOWFALL (IN)
  YESTERDAY        T             6.1  1992   0.3   -0.3      0.0
  MONTH TO DATE    2.5                       2.8   -0.3      0.3
  SINCE MAR 1      2.5                       2.8   -0.3      0.3
  SINCE JUL 1     33.9                      34.3   -0.4     56.6
  SNOW DEPTH       0

DEGREE DAYS
 HEATING
  YESTERDAY       41                        35      6       29
  MONTH TO DATE  271                       331    -60      265
  SINCE MAR 1    271                       331    -60      265
  SINCE JUL 1   5077                      6181  -1104     5301

 COOLING
  YESTERDAY        0                         0      0        0
  MONTH TO DATE    0                         0      0        0
  SINCE MAR 1      0                         0      0        0
  SINCE JAN 1      0                         0      0        0
..................................................................


WIND (MPH)
  HIGHEST WIND SPEED    20   HIGHEST WIND DIRECTION    NE (30)
  HIGHEST GUST SPEED    25   HIGHEST GUST DIRECTION    NE (30)
  AVERAGE WIND SPEED    13.1


SKY COVER
  POSSIBLE SUNSHINE  MM
  AVERAGE SKY COVER 0.9


WEATHER CONDITIONS
 THE FOLLOWING WEATHER WAS RECORDED YESTERDAY.
  LIGHT SNOW


RELATIVE HUMIDITY (PERCENT)
 HIGHEST    92           600 AM
 LOWEST     58          1200 AM
 AVERAGE    75

..........................................................


THE SIOUX FALLS SD CLIMATE NORMALS FOR TODAY
                         NORMAL    RECORD    YEAR
 MAXIMUM TEMPERATURE (F)   40        72      2012
 MINIMUM TEMPERATURE (F)   21       -18      1948


SUNRISE AND SUNSET
MARCH 10 2017.........SUNRISE   647 AM CST   SUNSET   627 PM CST
MARCH 11 2017.........SUNRISE   646 AM CST   SUNSET   629 PM CST


-  INDICATES NEGATIVE NUMBERS.
R  INDICATES RECORD WAS SET OR TIED.
MM INDICATES DATA IS MISSING.
T  INDICATES TRACE AMOUNT.




$$
