000
CDUS43 KFSD 190647
CLIFSD


CLIMATE REPORT
NATIONAL WEATHER SERVICE SIOUX FALLS SD
145 AM CDT SAT JUL 19 2014


...................................

...THE SIOUX FALLS SD CLIMATE SUMMARY FOR JULY 18 2014...

CLIMATE NORMAL PERIOD 1981 TO 2010
CLIMATE RECORD PERIOD 1893 TO 2014


WEATHER ITEM   OBSERVED TIME   RECORD YEAR NORMAL DEPARTURE LAST
                VALUE   (LST)  VALUE       VALUE  FROM      YEAR
                                                  NORMAL
..................................................................
TEMPERATURE (F)
 YESTERDAY
  MAXIMUM         76   1203 PM 105    1940  84     -8       92
  MINIMUM         60    551 AM  50    2009  62     -2       75
                                      2006
                                      1893
  AVERAGE         68                        73     -5       84

PRECIPITATION (IN)
  YESTERDAY        0.00          1.61 1915   0.09  -0.09     0.00
  MONTH TO DATE    0.46                      1.81  -1.35     0.31
  SINCE JUN 1     14.16                      5.73   8.43     4.59
  SINCE JAN 1     19.14                     15.06   4.08    16.90

SNOWFALL (IN)
  YESTERDAY        0.0           0.0    MM   0.0    0.0      0.0
  MONTH TO DATE    0.0                       0.0    0.0      0.0
  SINCE JUN 1      T                         0.0    0.0      0.0
  SINCE JUL 1      0.0                       0.0    0.0      0.0
  SNOW DEPTH       0

DEGREE DAYS
 HEATING
  YESTERDAY        0                         0      0        0
  MONTH TO DATE   13                         0     13        0
  SINCE JUN 1     45                        51     -6       69
  SINCE JUL 1     13                         0     13        0

 COOLING
  YESTERDAY        3                         9     -6       19
  MONTH TO DATE   98                       149    -51      190
  SINCE JUN 1    234                       284    -50      326
  SINCE JAN 1    287                       320    -33      368
..................................................................


WIND (MPH)
  HIGHEST WIND SPEED    26   HIGHEST WIND DIRECTION     S (200)
  HIGHEST GUST SPEED    34   HIGHEST GUST DIRECTION     S (200)
  AVERAGE WIND SPEED    15.0


SKY COVER
  POSSIBLE SUNSHINE  MM
  AVERAGE SKY COVER 0.6


WEATHER CONDITIONS
 THE FOLLOWING WEATHER WAS RECORDED YESTERDAY.
  NO SIGNIFICANT WEATHER WAS OBSERVED.


RELATIVE HUMIDITY (PERCENT)
 HIGHEST    90           600 AM
 LOWEST     60           400 PM
 AVERAGE    75

..........................................................


THE SIOUX FALLS SD CLIMATE NORMALS FOR TODAY
                         NORMAL    RECORD    YEAR
 MAXIMUM TEMPERATURE (F)   84       106      1926
 MINIMUM TEMPERATURE (F)   62        47      1947
                                             1911


SUNRISE AND SUNSET
JULY 19 2014..........SUNRISE   603 AM CDT   SUNSET   903 PM CDT
JULY 20 2014..........SUNRISE   604 AM CDT   SUNSET   902 PM CDT


-  INDICATES NEGATIVE NUMBERS.
R  INDICATES RECORD WAS SET OR TIED.
MM INDICATES DATA IS MISSING.
T  INDICATES TRACE AMOUNT.




$$
