000
CDUS43 KFSD 280657
CLIFSD


CLIMATE REPORT
NATIONAL WEATHER SERVICE SIOUX FALLS SD
1257 AM CST WED JAN 28 2015


...................................

...THE SIOUX FALLS SD CLIMATE SUMMARY FOR JANUARY 27 2015...

CLIMATE NORMAL PERIOD 1981 TO 2010
CLIMATE RECORD PERIOD 1893 TO 2015


WEATHER ITEM   OBSERVED TIME   RECORD YEAR NORMAL DEPARTURE LAST
                VALUE   (LST)  VALUE       VALUE  FROM      YEAR
                                                  NORMAL
..................................................................
TEMPERATURE (F)
 YESTERDAY
  MAXIMUM         41    502 PM  54    1989  27     14        0
  MINIMUM         23    653 AM -26    1897   7     16       -9
  AVERAGE         32                        17     15       -4

PRECIPITATION (IN)
  YESTERDAY        0.00          1.30 1944   0.02  -0.02      T
  MONTH TO DATE    0.57                      0.49   0.08     0.21
  SINCE DEC 1      1.90                      1.18   0.72     1.34
  SINCE JAN 1      0.57                      0.49   0.08     0.21

SNOWFALL (IN)
  YESTERDAY        0.0           5.6  1969   0.3   -0.3       T
  MONTH TO DATE    6.6                       6.7   -0.1      3.8
  SINCE DEC 1     12.5                      14.9   -2.4     16.4
  SINCE JUL 1     20.8                      23.6   -2.8     24.3
  SNOW DEPTH       T

DEGREE DAYS
 HEATING
  YESTERDAY       33                        48    -15       69
  MONTH TO DATE 1228                      1314    -86     1386
  SINCE DEC 1   2477                      2735   -258     3033
  SINCE JUL 1   4233                      4447   -214     4654

 COOLING
  YESTERDAY        0                         0      0        0
  MONTH TO DATE    0                         0      0        0
  SINCE DEC 1      0                         0      0        0
  SINCE JAN 1      0                         0      0        0
..................................................................


WIND (MPH)
  HIGHEST WIND SPEED    17   HIGHEST WIND DIRECTION    SE (140)
  HIGHEST GUST SPEED    22   HIGHEST GUST DIRECTION    SE (140)
  AVERAGE WIND SPEED     7.7


SKY COVER
  POSSIBLE SUNSHINE  MM
  AVERAGE SKY COVER 0.4


WEATHER CONDITIONS
 THE FOLLOWING WEATHER WAS RECORDED YESTERDAY.
  FOG
  FOG W/VISIBILITY <= 1/4 MILE


RELATIVE HUMIDITY (PERCENT)
 HIGHEST   100           200 AM
 LOWEST     73           400 PM
 AVERAGE    87

..........................................................


THE SIOUX FALLS SD CLIMATE NORMALS FOR TODAY
                         NORMAL    RECORD    YEAR
 MAXIMUM TEMPERATURE (F)   27        55      1896
 MINIMUM TEMPERATURE (F)    7       -27      1966


SUNRISE AND SUNSET
JANUARY 28 2015.......SUNRISE   748 AM CST   SUNSET   533 PM CST
JANUARY 29 2015.......SUNRISE   747 AM CST   SUNSET   534 PM CST


-  INDICATES NEGATIVE NUMBERS.
R  INDICATES RECORD WAS SET OR TIED.
MM INDICATES DATA IS MISSING.
T  INDICATES TRACE AMOUNT.




$$
