000
CDUS43 KFSD 020652
CLIFSD


CLIMATE REPORT
NATIONAL WEATHER SERVICE SIOUX FALLS SD
152 AM CDT WED AUG 2 2017


...................................

...THE SIOUX FALLS SD CLIMATE SUMMARY FOR AUGUST 1 2017...

CLIMATE NORMAL PERIOD 1981 TO 2010
CLIMATE RECORD PERIOD 1893 TO 2017


WEATHER ITEM   OBSERVED TIME   RECORD YEAR NORMAL DEPARTURE LAST
                VALUE   (LST)  VALUE       VALUE  FROM      YEAR
                                                  NORMAL
..................................................................
TEMPERATURE (F)
 YESTERDAY
  MAXIMUM         89    152 PM 102    2012  84      5       81
  MINIMUM         62    458 AM  45    1904  62      0       70
  AVERAGE         76                        73      3       76

PRECIPITATION (IN)
  YESTERDAY        T             4.59 1975   0.11  -0.11     0.01
  MONTH TO DATE    T                         0.11  -0.11     0.01
  SINCE JUN 1      4.42                      7.12  -2.70     4.05
  SINCE JAN 1     12.17                     16.45  -4.28    15.55

SNOWFALL (IN)
  YESTERDAY        0.0           0.0    MM   0.0    0.0      0.0
  MONTH TO DATE    0.0                       0.0    0.0      0.0
  SINCE JUN 1      0.0                       0.0    0.0      0.0
  SINCE JUL 1      0.0                       0.0    0.0      0.0
  SNOW DEPTH       0

DEGREE DAYS
 HEATING
  YESTERDAY        0                         0      0        0
  MONTH TO DATE    0                         0      0        0
  SINCE JUN 1     26                        59    -33       14
  SINCE JUL 1      0                         8     -8        5

 COOLING
  YESTERDAY       11                         8      3       11
  MONTH TO DATE   11                         8      3       11
  SINCE JUN 1    546                       399    147      522
  SINCE JAN 1    572                       435    137      555
..................................................................


WIND (MPH)
  HIGHEST WIND SPEED    25   HIGHEST WIND DIRECTION     S (200)
  HIGHEST GUST SPEED    30   HIGHEST GUST DIRECTION    SW (210)
  AVERAGE WIND SPEED     3.5


SKY COVER
  POSSIBLE SUNSHINE  MM
  AVERAGE SKY COVER 0.4


WEATHER CONDITIONS
 THE FOLLOWING WEATHER WAS RECORDED YESTERDAY.
  THUNDERSTORM
  LIGHT RAIN
  FOG


RELATIVE HUMIDITY (PERCENT)
 HIGHEST   100           300 AM
 LOWEST     57          1200 PM
 AVERAGE    79

..........................................................


THE SIOUX FALLS SD CLIMATE NORMALS FOR TODAY
                         NORMAL    RECORD    YEAR
 MAXIMUM TEMPERATURE (F)   84       101      1936
                                             1930
 MINIMUM TEMPERATURE (F)   62        44      1904


SUNRISE AND SUNSET
AUGUST  2 2017........SUNRISE   618 AM CDT   SUNSET   848 PM CDT
AUGUST  3 2017........SUNRISE   619 AM CDT   SUNSET   847 PM CDT


-  INDICATES NEGATIVE NUMBERS.
R  INDICATES RECORD WAS SET OR TIED.
MM INDICATES DATA IS MISSING.
T  INDICATES TRACE AMOUNT.




$$
