000
CDUS43 KFSD 170643
CLIFSD


CLIMATE REPORT
NATIONAL WEATHER SERVICE SIOUX FALLS SD
143 AM CDT FRI JUL 17 2015


...................................

...THE SIOUX FALLS SD CLIMATE SUMMARY FOR JULY 16 2015...

CLIMATE NORMAL PERIOD 1981 TO 2010
CLIMATE RECORD PERIOD 1893 TO 2015


WEATHER ITEM   OBSERVED TIME   RECORD YEAR NORMAL DEPARTURE LAST
                VALUE   (LST)  VALUE       VALUE  FROM      YEAR
                                                  NORMAL
..................................................................
TEMPERATURE (F)
 YESTERDAY
  MAXIMUM         85    533 PM 105    1926  84      1       78
  MINIMUM         66   1159 PM  46    1896  62      4       47
  AVERAGE         76                        73      3       63

PRECIPITATION (IN)
  YESTERDAY        0.01          1.64 1915   0.10  -0.09     0.00
  MONTH TO DATE    1.99                      1.63   0.36     0.46
  SINCE JUN 1      6.28                      5.55   0.73    14.16
  SINCE JAN 1     12.83                     14.88  -2.05    19.14

SNOWFALL (IN)
  YESTERDAY        0.0           0.0    MM   0.0    0.0      0.0
  MONTH TO DATE    0.0                       0.0    0.0      0.0
  SINCE JUN 1      0.0                       0.0    0.0       T
  SINCE JUL 1      0.0                       0.0    0.0      0.0
  SNOW DEPTH       0

DEGREE DAYS
 HEATING
  YESTERDAY        0                         0      0        2
  MONTH TO DATE    6                         0      6       13
  SINCE JUN 1     15                        51    -36       45
  SINCE JUL 1      6                         0      6       13

 COOLING
  YESTERDAY       11                         9      2        0
  MONTH TO DATE  109                       131    -22       92
  SINCE JUN 1    248                       266    -18      228
  SINCE JAN 1    270                       302    -32      281
..................................................................


WIND (MPH)
  HIGHEST WIND SPEED    17   HIGHEST WIND DIRECTION     N (360)
  HIGHEST GUST SPEED    21   HIGHEST GUST DIRECTION     N (10)
  AVERAGE WIND SPEED     5.4


SKY COVER
  POSSIBLE SUNSHINE  MM
  AVERAGE SKY COVER 0.7


WEATHER CONDITIONS
 THE FOLLOWING WEATHER WAS RECORDED YESTERDAY.
  THUNDERSTORM
  LIGHT RAIN


RELATIVE HUMIDITY (PERCENT)
 HIGHEST    90          1200 AM
 LOWEST     61           400 PM
 AVERAGE    76

..........................................................


THE SIOUX FALLS SD CLIMATE NORMALS FOR TODAY
                         NORMAL    RECORD    YEAR
 MAXIMUM TEMPERATURE (F)   84       110      1936
 MINIMUM TEMPERATURE (F)   62        44      1900


SUNRISE AND SUNSET
JULY 17 2015..........SUNRISE   601 AM CDT   SUNSET   905 PM CDT
JULY 18 2015..........SUNRISE   602 AM CDT   SUNSET   904 PM CDT


-  INDICATES NEGATIVE NUMBERS.
R  INDICATES RECORD WAS SET OR TIED.
MM INDICATES DATA IS MISSING.
T  INDICATES TRACE AMOUNT.




$$
