000
CDUS43 KFSD 170633
CLIFSD


CLIMATE REPORT
NATIONAL WEATHER SERVICE SIOUX FALLS SD
1233 AM CST TUE FEB 17 2015


...................................

...THE SIOUX FALLS SD CLIMATE SUMMARY FOR FEBRUARY 16 2015...

CLIMATE NORMAL PERIOD 1981 TO 2010
CLIMATE RECORD PERIOD 1893 TO 2015


WEATHER ITEM   OBSERVED TIME   RECORD YEAR NORMAL DEPARTURE LAST
                VALUE   (LST)  VALUE       VALUE  FROM      YEAR
                                                  NORMAL
..................................................................
TEMPERATURE (F)
 YESTERDAY
  MAXIMUM         30    204 PM  64    1981  32     -2       27
  MINIMUM         15   1104 PM -30    1936  12      3       -1
  AVERAGE         23                        22      1       13

PRECIPITATION (IN)
  YESTERDAY        T             0.68 1932   0.01  -0.01      T
  MONTH TO DATE    0.26                      0.29  -0.03     0.33
  SINCE DEC 1      2.40                      1.54   0.86     1.77
  SINCE JAN 1      1.07                      0.85   0.22     0.64

SNOWFALL (IN)
  YESTERDAY        T             8.0  1938   0.2   -0.2       T
  MONTH TO DATE    4.0                       3.8    0.2      6.0
  SINCE DEC 1     19.7                      19.7    0.0     23.3
  SINCE JUL 1     28.0                      28.4   -0.4     31.2
  SNOW DEPTH       T

DEGREE DAYS
 HEATING
  YESTERDAY       42                        43     -1       52
  MONTH TO DATE  750                       727     23      915
  SINCE DEC 1   3364                      3647   -283     4158
  SINCE JUL 1   5120                      5359   -239     5779

 COOLING
  YESTERDAY        0                         0      0        0
  MONTH TO DATE    0                         0      0        0
  SINCE DEC 1      0                         0      0        0
  SINCE JAN 1      0                         0      0        0
..................................................................


WIND (MPH)
  HIGHEST WIND SPEED    22   HIGHEST WIND DIRECTION     N (340)
  HIGHEST GUST SPEED    28   HIGHEST GUST DIRECTION     E (110)
  AVERAGE WIND SPEED    10.2


SKY COVER
  POSSIBLE SUNSHINE  MM
  AVERAGE SKY COVER 1.0


WEATHER CONDITIONS
 THE FOLLOWING WEATHER WAS RECORDED YESTERDAY.
  LIGHT SNOW


RELATIVE HUMIDITY (PERCENT)
 HIGHEST    74           900 AM
 LOWEST     53           300 PM
 AVERAGE    64

..........................................................


THE SIOUX FALLS SD CLIMATE NORMALS FOR TODAY
                         NORMAL    RECORD    YEAR
 MAXIMUM TEMPERATURE (F)   32        70      1981
 MINIMUM TEMPERATURE (F)   12       -21      1958


SUNRISE AND SUNSET
FEBRUARY 17 2015......SUNRISE   723 AM CST   SUNSET   600 PM CST
FEBRUARY 18 2015......SUNRISE   721 AM CST   SUNSET   601 PM CST


-  INDICATES NEGATIVE NUMBERS.
R  INDICATES RECORD WAS SET OR TIED.
MM INDICATES DATA IS MISSING.
T  INDICATES TRACE AMOUNT.




$$
