000
CDUS43 KFSD 210643
CLIFSD


CLIMATE REPORT
NATIONAL WEATHER SERVICE SIOUX FALLS SD
1242 AM CST WED JAN 21 2015


...................................

...THE SIOUX FALLS SD CLIMATE SUMMARY FOR JANUARY 20 2015...

CLIMATE NORMAL PERIOD 1981 TO 2010
CLIMATE RECORD PERIOD 1893 TO 2015


WEATHER ITEM   OBSERVED TIME   RECORD YEAR NORMAL DEPARTURE LAST
                VALUE   (LST)  VALUE       VALUE  FROM      YEAR
                                                  NORMAL
..................................................................
TEMPERATURE (F)
 YESTERDAY
  MAXIMUM         39   1222 PM  57    1944  26     13       35
  MINIMUM         29   1002 PM -24    1970   7     22       -8
                                      1954
  AVERAGE         34                        17     17       14

PRECIPITATION (IN)
  YESTERDAY        0.01          0.49 1937   0.02  -0.01     0.02
  MONTH TO DATE    0.47                      0.36   0.11     0.20
  SINCE DEC 1      1.80                      1.05   0.75     1.33
  SINCE JAN 1      0.47                      0.36   0.11     0.20

SNOWFALL (IN)
  YESTERDAY        0.3           5.3  1998   0.2    0.1      0.4
  MONTH TO DATE    6.1                       4.9    1.2      3.5
  SINCE DEC 1     12.0                      13.1   -1.1     16.1
  SINCE JUL 1     20.3                      21.8   -1.5     24.0
  SNOW DEPTH       T

DEGREE DAYS
 HEATING
  YESTERDAY       31                        48    -17       51
  MONTH TO DATE 1006                       978     28     1007
  SINCE DEC 1   2255                      2399   -144     2654
  SINCE JUL 1   4011                      4111   -100     4275

 COOLING
  YESTERDAY        0                         0      0        0
  MONTH TO DATE    0                         0      0        0
  SINCE DEC 1      0                         0      0        0
  SINCE JAN 1      0                         0      0        0
..................................................................


WIND (MPH)
  HIGHEST WIND SPEED    21   HIGHEST WIND DIRECTION    NW (310)
  HIGHEST GUST SPEED    28   HIGHEST GUST DIRECTION     W (270)
  AVERAGE WIND SPEED    11.2


SKY COVER
  POSSIBLE SUNSHINE  MM
  AVERAGE SKY COVER 0.9


WEATHER CONDITIONS
 THE FOLLOWING WEATHER WAS RECORDED YESTERDAY.
  LIGHT SNOW
  FOG


RELATIVE HUMIDITY (PERCENT)
 HIGHEST    92           700 PM
 LOWEST     75           200 PM
 AVERAGE    84

..........................................................


THE SIOUX FALLS SD CLIMATE NORMALS FOR TODAY
                         NORMAL    RECORD    YEAR
 MAXIMUM TEMPERATURE (F)   27        53      1900
 MINIMUM TEMPERATURE (F)    7       -31      1970


SUNRISE AND SUNSET
JANUARY 21 2015.......SUNRISE   753 AM CST   SUNSET   523 PM CST
JANUARY 22 2015.......SUNRISE   753 AM CST   SUNSET   525 PM CST


-  INDICATES NEGATIVE NUMBERS.
R  INDICATES RECORD WAS SET OR TIED.
MM INDICATES DATA IS MISSING.
T  INDICATES TRACE AMOUNT.




$$
