000
CDUS43 KFSD 050701
CLIFSD


CLIMATE REPORT
NATIONAL WEATHER SERVICE SIOUX FALLS SD
200 AM CDT TUE JUL 5 2016


...................................

...THE SIOUX FALLS SD CLIMATE SUMMARY FOR JULY 4 2016...

CLIMATE NORMAL PERIOD 1981 TO 2010
CLIMATE RECORD PERIOD 1893 TO 2016


WEATHER ITEM   OBSERVED TIME   RECORD YEAR NORMAL DEPARTURE LAST
                VALUE   (LST)  VALUE       VALUE  FROM      YEAR
                                                  NORMAL
..................................................................
TEMPERATURE (F)
 YESTERDAY
  MAXIMUM         81    611 PM 108    1936  84     -3       82
  MINIMUM         62    428 AM  38    1967  61      1       60
  AVERAGE         72                        72      0       71

PRECIPITATION (IN)
  YESTERDAY        0.00          2.60 1909   0.11  -0.11     0.00
  MONTH TO DATE    0.00                      0.42  -0.42     0.20
  SINCE JUN 1      1.72                      4.34  -2.62     4.49
  SINCE JAN 1     13.22                     13.67  -0.45    11.04

SNOWFALL (IN)
  YESTERDAY        0.0           0.0    MM   0.0    0.0      0.0
  MONTH TO DATE    0.0                       0.0    0.0      0.0
  SINCE JUN 1      0.0                       0.0    0.0      0.0
  SINCE JUL 1      0.0                       0.0    0.0      0.0
  SNOW DEPTH       0

DEGREE DAYS
 HEATING
  YESTERDAY        0                         0      0        0
  MONTH TO DATE    4                         0      4        1
  SINCE JUN 1     13                        51    -38       10
  SINCE JUL 1      4                         0      4        1

 COOLING
  YESTERDAY        7                         8     -1        6
  MONTH TO DATE   10                        31    -21        9
  SINCE JUN 1    245                       166     79      148
  SINCE JAN 1    278                       202     76      170
..................................................................


WIND (MPH)
  HIGHEST WIND SPEED    17   HIGHEST WIND DIRECTION     S (180)
  HIGHEST GUST SPEED    22   HIGHEST GUST DIRECTION    SW (210)
  AVERAGE WIND SPEED     9.8


SKY COVER
  POSSIBLE SUNSHINE  MM
  AVERAGE SKY COVER 0.5


WEATHER CONDITIONS
 THE FOLLOWING WEATHER WAS RECORDED YESTERDAY.
  NO SIGNIFICANT WEATHER WAS OBSERVED.


RELATIVE HUMIDITY (PERCENT)
 HIGHEST    93           400 AM
 LOWEST     62           200 PM
 AVERAGE    78

..........................................................


THE SIOUX FALLS SD CLIMATE NORMALS FOR TODAY
                         NORMAL    RECORD    YEAR
 MAXIMUM TEMPERATURE (F)   84       109      1936
 MINIMUM TEMPERATURE (F)   61        39      1972


SUNRISE AND SUNSET
JULY  5 2016..........SUNRISE   552 AM CDT   SUNSET   911 PM CDT
JULY  6 2016..........SUNRISE   553 AM CDT   SUNSET   910 PM CDT


-  INDICATES NEGATIVE NUMBERS.
R  INDICATES RECORD WAS SET OR TIED.
MM INDICATES DATA IS MISSING.
T  INDICATES TRACE AMOUNT.




$$
