000
CDUS43 KFSD 062244
CLIFSD


CLIMATE REPORT
NATIONAL WEATHER SERVICE SIOUX FALLS SD
444 PM CST MON FEB 6 2017


...................................

...THE SIOUX FALLS SD CLIMATE SUMMARY FOR FEBRUARY 6 2017...
VALID TODAY AS OF 0400 PM LOCAL TIME.

CLIMATE NORMAL PERIOD 1981 TO 2010
CLIMATE RECORD PERIOD 1893 TO 2017


WEATHER ITEM   OBSERVED TIME   RECORD YEAR NORMAL DEPARTURE LAST
                VALUE   (LST)  VALUE       VALUE  FROM      YEAR
                                                  NORMAL
..................................................................
TEMPERATURE (F)
 TODAY
  MAXIMUM         40    358 PM  55    1987  29     11       40
  MINIMUM         21    124 AM -30    1899   9     12       17
  AVERAGE         31                        19     12       29

PRECIPITATION (IN)
  TODAY            0.00          1.01 1928   0.02  -0.02     0.00
  MONTH TO DATE    T                         0.11  -0.11     0.30
  SINCE DEC 1      2.54                      1.36   1.18     2.09
  SINCE JAN 1      0.62                      0.67  -0.05     0.78

SNOWFALL (IN)
  TODAY            0.0           1.7  2010   0.2   -0.2      0.0
  MONTH TO DATE    T                         1.5   -1.5      4.2
  SINCE DEC 1     20.3                      17.4    2.9     30.2
  SINCE JUL 1     26.3                      26.1    0.2     47.5
  SNOW DEPTH       T

DEGREE DAYS
 HEATING
  TODAY           34                        46    -12       36
  MONTH TO DATE  260                       280    -20      248
  SINCE DEC 1   3006                      3200   -194     2910
  SINCE JUL 1   4141                      4912   -771     4184

 COOLING
  TODAY            0                         0      0        0
  MONTH TO DATE    0                         0      0        0
  SINCE DEC 1      0                         0      0        0
  SINCE JAN 1      0                         0      0        0
..................................................................


WIND (MPH)
  HIGHEST WIND SPEED    12   HIGHEST WIND DIRECTION     S (170)
  HIGHEST GUST SPEED    17   HIGHEST GUST DIRECTION     S (180)
  AVERAGE WIND SPEED     5.8


SKY COVER
  POSSIBLE SUNSHINE  MM
  AVERAGE SKY COVER 0.6


WEATHER CONDITIONS
 THE FOLLOWING WEATHER WAS RECORDED TODAY.
  NO SIGNIFICANT WEATHER WAS OBSERVED.


RELATIVE HUMIDITY (PERCENT)
 HIGHEST    92           100 AM
 LOWEST     70          1200 PM
 AVERAGE    81

..........................................................


THE SIOUX FALLS SD CLIMATE NORMALS FOR TOMORROW
                         NORMAL    RECORD    YEAR
 MAXIMUM TEMPERATURE (F)   29        65      1987
 MINIMUM TEMPERATURE (F)    9       -30      1895


SUNRISE AND SUNSET
FEBRUARY  6 2017......SUNRISE   737 AM CST   SUNSET   546 PM CST
FEBRUARY  7 2017......SUNRISE   736 AM CST   SUNSET   547 PM CST


-  INDICATES NEGATIVE NUMBERS.
R  INDICATES RECORD WAS SET OR TIED.
MM INDICATES DATA IS MISSING.
T  INDICATES TRACE AMOUNT.




$$
