000
CDUS43 KFSD 030629
CLIFSD


CLIMATE REPORT
NATIONAL WEATHER SERVICE SIOUX FALLS SD
127 AM CDT WED MAY 3 2017


...................................

...THE SIOUX FALLS SD CLIMATE SUMMARY FOR MAY 2 2017...

CLIMATE NORMAL PERIOD 1981 TO 2010
CLIMATE RECORD PERIOD 1893 TO 2017


WEATHER ITEM   OBSERVED TIME   RECORD YEAR NORMAL DEPARTURE LAST
                VALUE   (LST)  VALUE       VALUE  FROM      YEAR
                                                  NORMAL
..................................................................
TEMPERATURE (F)
 YESTERDAY
  MAXIMUM         64    412 PM  88    1955  66     -2       63
  MINIMUM         31    503 AM  22    1908  41    -10       32
  AVERAGE         48                        53     -5       48

PRECIPITATION (IN)
  YESTERDAY        0.00          2.05 1902   0.11  -0.11     0.00
  MONTH TO DATE    0.32                      0.22   0.10     0.06
  SINCE MAR 1      3.73                      4.99  -1.26     6.77
  SINCE JAN 1      4.84                      6.15  -1.31     8.45

SNOWFALL (IN)
  YESTERDAY        0.0           0.2  1954   0.0    0.0      0.0
  MONTH TO DATE    2.2                       0.1    2.1      0.0
  SINCE MAR 1     11.5                      13.1   -1.6     12.2
  SINCE JUL 1     42.9                      44.6   -1.7     68.5
  SNOW DEPTH       0

DEGREE DAYS
 HEATING
  YESTERDAY       17                        12      5       17
  MONTH TO DATE   38                        24     14       33
  SINCE MAR 1   1422                      1581   -159     1279
  SINCE JUL 1   6228                      7431  -1203     6315

 COOLING
  YESTERDAY        0                         0      0        0
  MONTH TO DATE    0                         0      0        0
  SINCE MAR 1      1                         5     -4        0
  SINCE JAN 1      1                         5     -4        0
..................................................................


WIND (MPH)
  HIGHEST WIND SPEED    10   HIGHEST WIND DIRECTION    NW (310)
  HIGHEST GUST SPEED    13   HIGHEST GUST DIRECTION     S (200)
  AVERAGE WIND SPEED     4.4


SKY COVER
  POSSIBLE SUNSHINE  MM
  AVERAGE SKY COVER 0.4


WEATHER CONDITIONS
 THE FOLLOWING WEATHER WAS RECORDED YESTERDAY.
  NO SIGNIFICANT WEATHER WAS OBSERVED.


RELATIVE HUMIDITY (PERCENT)
 HIGHEST    92          1200 AM
 LOWEST     32           300 PM
 AVERAGE    62

..........................................................


THE SIOUX FALLS SD CLIMATE NORMALS FOR TODAY
                         NORMAL    RECORD    YEAR
 MAXIMUM TEMPERATURE (F)   66        92      1949
 MINIMUM TEMPERATURE (F)   42        18      1967


SUNRISE AND SUNSET
MAY  3 2017...........SUNRISE   616 AM CDT   SUNSET   832 PM CDT
MAY  4 2017...........SUNRISE   615 AM CDT   SUNSET   833 PM CDT


-  INDICATES NEGATIVE NUMBERS.
R  INDICATES RECORD WAS SET OR TIED.
MM INDICATES DATA IS MISSING.
T  INDICATES TRACE AMOUNT.




$$
