000
CDUS43 KFSD 100719
CLIFSD


CLIMATE REPORT
NATIONAL WEATHER SERVICE SIOUX FALLS SD
119 AM CST WED DEC 10 2014


...................................

...THE SIOUX FALLS SD CLIMATE SUMMARY FOR DECEMBER 9 2014...

CLIMATE NORMAL PERIOD 1981 TO 2010
CLIMATE RECORD PERIOD 1893 TO 2014


WEATHER ITEM   OBSERVED TIME   RECORD YEAR NORMAL DEPARTURE LAST
                VALUE   (LST)  VALUE       VALUE  FROM      YEAR
                                                  NORMAL
..................................................................
TEMPERATURE (F)
 YESTERDAY
  MAXIMUM         28    757 PM  61    1957  30     -2       21
  MINIMUM         20    755 AM -19    1958  11      9      -10
                                      1917
  AVERAGE         24                        21      3        6

PRECIPITATION (IN)
  YESTERDAY        0.00          1.01 1918   0.03  -0.03      T
  MONTH TO DATE    T                         0.25  -0.25     0.73
  SINCE DEC 1      T                         0.25  -0.25     0.73
  SINCE JAN 1     27.94                     25.94   2.00    25.39

SNOWFALL (IN)
  YESTERDAY        0.0           8.0  2003   0.3   -0.3       T
  MONTH TO DATE    T                         2.5   -2.5      7.4
  SINCE DEC 1      T                         2.5   -2.5      7.4
  SINCE JUL 1      8.3                      11.2   -2.9     15.3
  SNOW DEPTH       0

DEGREE DAYS
 HEATING
  YESTERDAY       41                        44     -3       59
  MONTH TO DATE  351                       385    -34      477
  SINCE DEC 1    351                       385    -34      477
  SINCE JUL 1   2107                      2097     10     2098

 COOLING
  YESTERDAY        0                         0      0        0
  MONTH TO DATE    0                         0      0        0
  SINCE DEC 1      0                         0      0        0
  SINCE JAN 1    610                       690    -80      787
..................................................................


WIND (MPH)
  HIGHEST WIND SPEED    16   HIGHEST WIND DIRECTION     S (160)
  HIGHEST GUST SPEED    34   HIGHEST GUST DIRECTION    SE (150)
  AVERAGE WIND SPEED     9.3


SKY COVER
  POSSIBLE SUNSHINE  MM
  AVERAGE SKY COVER 1.0


WEATHER CONDITIONS
 THE FOLLOWING WEATHER WAS RECORDED YESTERDAY.
  FOG


RELATIVE HUMIDITY (PERCENT)
 HIGHEST    96          1000 AM
 LOWEST     77          1200 AM
 AVERAGE    87

..........................................................


THE SIOUX FALLS SD CLIMATE NORMALS FOR TODAY
                         NORMAL    RECORD    YEAR
 MAXIMUM TEMPERATURE (F)   30        54      1990
 MINIMUM TEMPERATURE (F)   11       -22      1917


SUNRISE AND SUNSET
DECEMBER 10 2014......SUNRISE   749 AM CST   SUNSET   450 PM CST
DECEMBER 11 2014......SUNRISE   750 AM CST   SUNSET   450 PM CST


-  INDICATES NEGATIVE NUMBERS.
R  INDICATES RECORD WAS SET OR TIED.
MM INDICATES DATA IS MISSING.
T  INDICATES TRACE AMOUNT.




$$
