379
CDUS43 KFSD 192245
CLIFSD


CLIMATE REPORT
NATIONAL WEATHER SERVICE SIOUX FALLS SD
544 PM CDT TUE JUL 19 2016


...................................

...THE SIOUX FALLS SD CLIMATE SUMMARY FOR JULY 19 2016...
VALID TODAY AS OF 0500 PM LOCAL TIME.

CLIMATE NORMAL PERIOD 1981 TO 2010
CLIMATE RECORD PERIOD 1893 TO 2016


WEATHER ITEM   OBSERVED TIME   RECORD YEAR NORMAL DEPARTURE LAST
                VALUE   (LST)  VALUE       VALUE  FROM      YEAR
                                                  NORMAL
..................................................................
TEMPERATURE (F)
 TODAY
  MAXIMUM         85    354 PM 106    1926  84      1       83
  MINIMUM         71    621 AM  47    1947  62      9       57
                                      1911
  AVERAGE         78                        73      5       70

PRECIPITATION (IN)
  TODAY            0.49          2.65 1900   0.10   0.39     0.00
  MONTH TO DATE    1.31                      1.91  -0.60     1.99
  SINCE JUN 1      3.03                      5.83  -2.80     6.28
  SINCE JAN 1     14.53                     15.16  -0.63    12.83

SNOWFALL (IN)
  TODAY            0.0           0.0    MM   0.0    0.0      0.0
  MONTH TO DATE    0.0                       0.0    0.0      0.0
  SINCE JUN 1      0.0                       0.0    0.0      0.0
  SINCE JUL 1      0.0                       0.0    0.0      0.0
  SNOW DEPTH       0

DEGREE DAYS
 HEATING
  TODAY            0                         0      0        0
  MONTH TO DATE    5                         0      5        6
  SINCE JUN 1     14                        51    -37       15
  SINCE JUL 1      5                         0      5        6

 COOLING
  TODAY           13                         9      4        5
  MONTH TO DATE  140                       158    -18      135
  SINCE JUN 1    375                       293     82      274
  SINCE JAN 1    408                       329     79      296
..................................................................


WIND (MPH)
  HIGHEST WIND SPEED    24   HIGHEST WIND DIRECTION     S (160)
  HIGHEST GUST SPEED    30   HIGHEST GUST DIRECTION     S (170)
  AVERAGE WIND SPEED    13.7


SKY COVER
  POSSIBLE SUNSHINE  MM
  AVERAGE SKY COVER 0.8


WEATHER CONDITIONS
 THE FOLLOWING WEATHER WAS RECORDED TODAY.
  THUNDERSTORM
  HEAVY RAIN
  RAIN
  LIGHT RAIN
  FOG


RELATIVE HUMIDITY (PERCENT)
 HIGHEST    93           600 AM
 LOWEST     65           300 PM
 AVERAGE    79

..........................................................


THE SIOUX FALLS SD CLIMATE NORMALS FOR TOMORROW
                         NORMAL    RECORD    YEAR
 MAXIMUM TEMPERATURE (F)   84       102      1926
                                             1901
 MINIMUM TEMPERATURE (F)   62        44      1900


SUNRISE AND SUNSET
JULY 19 2016..........SUNRISE   604 AM CDT   SUNSET   902 PM CDT
JULY 20 2016..........SUNRISE   605 AM CDT   SUNSET   902 PM CDT


-  INDICATES NEGATIVE NUMBERS.
R  INDICATES RECORD WAS SET OR TIED.
MM INDICATES DATA IS MISSING.
T  INDICATES TRACE AMOUNT.




$$
