000
CDUS43 KFSD 160632
CLIFSD


CLIMATE REPORT
NATIONAL WEATHER SERVICE SIOUX FALLS SD
131 AM CDT WED JUL 16 2014


...................................

...THE SIOUX FALLS SD CLIMATE SUMMARY FOR JULY 15 2014...

CLIMATE NORMAL PERIOD 1981 TO 2010
CLIMATE RECORD PERIOD 1893 TO 2014


WEATHER ITEM   OBSERVED TIME   RECORD YEAR NORMAL DEPARTURE LAST
                VALUE   (LST)  VALUE       VALUE  FROM      YEAR
                                                  NORMAL
..................................................................
TEMPERATURE (F)
 YESTERDAY
  MAXIMUM         73    559 PM 103    1936  84    -11       87
                                      1931
  MINIMUM         50    529 AM  45    1906  62    -12       61
  AVERAGE         62                        73    -11       74

PRECIPITATION (IN)
  YESTERDAY        0.00          1.96 1900   0.10  -0.10     0.00
  MONTH TO DATE    0.46                      1.53  -1.07     0.31
  SINCE JUN 1     14.16                      5.45   8.71     4.59
  SINCE JAN 1     19.14                     14.78   4.36    16.90

SNOWFALL (IN)
  YESTERDAY        0.0           0.0    MM   0.0    0.0      0.0
  MONTH TO DATE    0.0                       0.0    0.0      0.0
  SINCE JUN 1      T                         0.0    0.0      0.0
  SINCE JUL 1      0.0                       0.0    0.0      0.0
  SNOW DEPTH       0

DEGREE DAYS
 HEATING
  YESTERDAY        3                         0      3        0
  MONTH TO DATE   11                         0     11        0
  SINCE JUN 1     43                        51     -8       69
  SINCE JUL 1     11                         0     11        0

 COOLING
  YESTERDAY        0                         9     -9        9
  MONTH TO DATE   92                       122    -30      140
  SINCE JUN 1    228                       257    -29      276
  SINCE JAN 1    281                       293    -12      318
..................................................................


WIND (MPH)
  HIGHEST WIND SPEED    20   HIGHEST WIND DIRECTION     N (340)
  HIGHEST GUST SPEED    23   HIGHEST GUST DIRECTION     N (340)
  AVERAGE WIND SPEED     8.4


SKY COVER
  POSSIBLE SUNSHINE  MM
  AVERAGE SKY COVER 0.4


WEATHER CONDITIONS
 THE FOLLOWING WEATHER WAS RECORDED YESTERDAY.
  NO SIGNIFICANT WEATHER WAS OBSERVED.


RELATIVE HUMIDITY (PERCENT)
 HIGHEST    86           400 AM
 LOWEST     41           400 PM
 AVERAGE    64

..........................................................


THE SIOUX FALLS SD CLIMATE NORMALS FOR TODAY
                         NORMAL    RECORD    YEAR
 MAXIMUM TEMPERATURE (F)   84       105      1926
 MINIMUM TEMPERATURE (F)   62        46      1896


SUNRISE AND SUNSET
JULY 16 2014..........SUNRISE   600 AM CDT   SUNSET   905 PM CDT
JULY 17 2014..........SUNRISE   601 AM CDT   SUNSET   904 PM CDT


-  INDICATES NEGATIVE NUMBERS.
R  INDICATES RECORD WAS SET OR TIED.
MM INDICATES DATA IS MISSING.
T  INDICATES TRACE AMOUNT.




$$
