000
CDUS43 KFSD 090634
CLIFSD


CLIMATE REPORT
NATIONAL WEATHER SERVICE SIOUX FALLS SD
134 AM CDT SAT SEP 9 2017


...................................

...THE SIOUX FALLS SD CLIMATE SUMMARY FOR SEPTEMBER 8 2017...

CLIMATE NORMAL PERIOD 1981 TO 2010
CLIMATE RECORD PERIOD 1893 TO 2017


WEATHER ITEM   OBSERVED TIME   RECORD YEAR NORMAL DEPARTURE LAST
                VALUE   (LST)  VALUE       VALUE  FROM      YEAR
                                                  NORMAL
..................................................................
TEMPERATURE (F)
 YESTERDAY
  MAXIMUM         78    116 PM  98    1947  76      2       77
  MINIMUM         49    633 AM  36    1992  53     -4       55
  AVERAGE         64                        65     -1       66

PRECIPITATION (IN)
  YESTERDAY        0.00          2.88 1946   0.10  -0.10     0.00
  MONTH TO DATE    0.06                      0.78  -0.72     2.46
  SINCE SEP 1      0.06                      0.78  -0.72     2.46
  SINCE JAN 1     17.65                     20.17  -2.52    20.32

SNOWFALL (IN)
  YESTERDAY        0.0           0.0    MM   0.0    0.0      0.0
  MONTH TO DATE    0.0                       0.0    0.0      0.0
  SINCE SEP 1      0.0                       0.0    0.0      0.0
  SINCE JUL 1      0.0                       0.0    0.0      0.0
  SNOW DEPTH       0

DEGREE DAYS
 HEATING
  YESTERDAY        1                         3     -2        0
  MONTH TO DATE   22                        20      2        0
  SINCE SEP 1     22                        20      2        0
  SINCE JUL 1     28                        51    -23        8

 COOLING
  YESTERDAY        0                         3     -3        1
  MONTH TO DATE   14                        29    -15       41
  SINCE SEP 1     14                        29    -15       41
  SINCE JAN 1    688                       654     34      821
..................................................................


WIND (MPH)
  HIGHEST WIND SPEED    17   HIGHEST WIND DIRECTION     E (100)
  HIGHEST GUST SPEED    22   HIGHEST GUST DIRECTION     E (90)
  AVERAGE WIND SPEED     9.6


SKY COVER
  POSSIBLE SUNSHINE  MM
  AVERAGE SKY COVER 0.0


WEATHER CONDITIONS
 THE FOLLOWING WEATHER WAS RECORDED YESTERDAY.
  FOG


RELATIVE HUMIDITY (PERCENT)
 HIGHEST   100           200 AM
 LOWEST     56           100 PM
 AVERAGE    78

..........................................................


THE SIOUX FALLS SD CLIMATE NORMALS FOR TODAY
                         NORMAL    RECORD    YEAR
 MAXIMUM TEMPERATURE (F)   76       101      1904
 MINIMUM TEMPERATURE (F)   53        34      1898


SUNRISE AND SUNSET
SEPTEMBER  9 2017.....SUNRISE   700 AM CDT   SUNSET   747 PM CDT
SEPTEMBER 10 2017.....SUNRISE   701 AM CDT   SUNSET   746 PM CDT


-  INDICATES NEGATIVE NUMBERS.
R  INDICATES RECORD WAS SET OR TIED.
MM INDICATES DATA IS MISSING.
T  INDICATES TRACE AMOUNT.




$$
