000
CDUS43 KFSD 040633
CLIFSD


CLIMATE REPORT
NATIONAL WEATHER SERVICE SIOUX FALLS SD
133 AM CDT SUN JUN 4 2017


...................................

...THE SIOUX FALLS SD CLIMATE SUMMARY FOR JUNE 3 2017...

CLIMATE NORMAL PERIOD 1981 TO 2010
CLIMATE RECORD PERIOD 1893 TO 2017


WEATHER ITEM   OBSERVED TIME   RECORD YEAR NORMAL DEPARTURE LAST
                VALUE   (LST)  VALUE       VALUE  FROM      YEAR
                                                  NORMAL
..................................................................
TEMPERATURE (F)
 YESTERDAY
  MAXIMUM         90    234 PM  96    1968  75     15       80
  MINIMUM         62   1151 PM  36    1969  52     10       57
  AVERAGE         76                        64     12       69

PRECIPITATION (IN)
  YESTERDAY        0.00          1.90 1899   0.13  -0.13     0.38
  MONTH TO DATE    0.00                      0.38  -0.38     0.38
  SINCE JUN 1      0.00                      0.38  -0.38     0.38
  SINCE JAN 1      7.75                      9.71  -1.96    11.88

SNOWFALL (IN)
  YESTERDAY        0.0           T    1998   0.0    0.0      0.0
  MONTH TO DATE    0.0                       0.0    0.0      0.0
  SINCE JUN 1      0.0                       0.0    0.0      0.0
  SINCE JUL 1     42.9                      44.5   -1.6     68.5
  SNOW DEPTH       0

DEGREE DAYS
 HEATING
  YESTERDAY        0                         4     -4        0
  MONTH TO DATE    3                        12     -9        6
  SINCE JUN 1      3                        12     -9        6
  SINCE JUL 1   6440                      7667  -1227     6501

 COOLING
  YESTERDAY       11                         2      9        4
  MONTH TO DATE   25                         6     19        4
  SINCE JUN 1     25                         6     19        4
  SINCE JAN 1     51                        42      9       37
..................................................................


WIND (MPH)
  HIGHEST WIND SPEED    18   HIGHEST WIND DIRECTION    NW (320)
  HIGHEST GUST SPEED    22   HIGHEST GUST DIRECTION    NW (330)
  AVERAGE WIND SPEED     6.8


SKY COVER
  POSSIBLE SUNSHINE  MM
  AVERAGE SKY COVER 0.3


WEATHER CONDITIONS
 THE FOLLOWING WEATHER WAS RECORDED YESTERDAY.
  NO SIGNIFICANT WEATHER WAS OBSERVED.


RELATIVE HUMIDITY (PERCENT)
 HIGHEST    73          1100 PM
 LOWEST     36           400 PM
 AVERAGE    55

..........................................................


THE SIOUX FALLS SD CLIMATE NORMALS FOR TODAY
                         NORMAL    RECORD    YEAR
 MAXIMUM TEMPERATURE (F)   76        95      1977
 MINIMUM TEMPERATURE (F)   53        35      1951


SUNRISE AND SUNSET
JUNE  4 2017..........SUNRISE   547 AM CDT   SUNSET   904 PM CDT
JUNE  5 2017..........SUNRISE   547 AM CDT   SUNSET   905 PM CDT


-  INDICATES NEGATIVE NUMBERS.
R  INDICATES RECORD WAS SET OR TIED.
MM INDICATES DATA IS MISSING.
T  INDICATES TRACE AMOUNT.




$$
