000
CDUS43 KFSD 191302
CLIFSD


CLIMATE REPORT
NATIONAL WEATHER SERVICE SIOUX FALLS SD
701 AM CST SAT NOV 19 2016


...................................

...THE SIOUX FALLS SD CLIMATE SUMMARY FOR NOVEMBER 18 2016...

CLIMATE NORMAL PERIOD 1981 TO 2010
CLIMATE RECORD PERIOD 1893 TO 2016


WEATHER ITEM   OBSERVED TIME   RECORD YEAR NORMAL DEPARTURE LAST
                VALUE   (LST)  VALUE       VALUE  FROM      YEAR
                                                  NORMAL
..................................................................
TEMPERATURE (F)
 YESTERDAY
  MAXIMUM         37    118 AM  71    1908  41     -4       48
  MINIMUM         27   1159 PM  -2    1927  21      6       34
  AVERAGE         32                        31      1       41

PRECIPITATION (IN)
  YESTERDAY        0.39          1.45 2015   0.05   0.34     1.45
  MONTH TO DATE    0.42                      0.84  -0.42     2.43
  SINCE SEP 1     11.06                      5.78   5.28     8.57
  SINCE JAN 1     28.92                     25.17   3.75    30.17

SNOWFALL (IN)
  YESTERDAY        5.0           5.3  1948   0.3    4.7      0.0
  MONTH TO DATE    5.0                       3.7    1.3       T
  SINCE SEP 1      5.0                       5.0    0.0       T
  SINCE JUL 1      5.0                       5.0    0.0       T
  SNOW DEPTH       1

DEGREE DAYS
 HEATING
  YESTERDAY       33                        34     -1       24
  MONTH TO DATE  294                       520   -226      318
  SINCE SEP 1    747                      1229   -482      757
  SINCE JUL 1    755                      1260   -505      797

 COOLING
  YESTERDAY        0                         0      0        0
  MONTH TO DATE    0                         0      0        0
  SINCE SEP 1     99                        65     34      140
  SINCE JAN 1    879                       690    189      715
..................................................................


WIND (MPH)
  HIGHEST WIND SPEED    41   HIGHEST WIND DIRECTION    NW (320)
  HIGHEST GUST SPEED    52   HIGHEST GUST DIRECTION    NW (320)
  AVERAGE WIND SPEED    24.5


SKY COVER
  POSSIBLE SUNSHINE  MM
  AVERAGE SKY COVER 0.9


WEATHER CONDITIONS
 THE FOLLOWING WEATHER WAS RECORDED YESTERDAY.
  LIGHT RAIN
  HEAVY SNOW
  SNOW
  LIGHT SNOW
  FOG
  FOG W/VISIBILITY <= 1/4 MILE
  BLOWING SNOW


RELATIVE HUMIDITY (PERCENT)
 HIGHEST   100           300 AM
 LOWEST     63          1000 PM
 AVERAGE    82

..........................................................


THE SIOUX FALLS SD CLIMATE NORMALS FOR TODAY
                         NORMAL    RECORD    YEAR
 MAXIMUM TEMPERATURE (F)   40        68      1908
 MINIMUM TEMPERATURE (F)   21        -6      1914


SUNRISE AND SUNSET
NOVEMBER 19 2016......SUNRISE   727 AM CST   SUNSET   458 PM CST
NOVEMBER 20 2016......SUNRISE   728 AM CST   SUNSET   457 PM CST


-  INDICATES NEGATIVE NUMBERS.
R  INDICATES RECORD WAS SET OR TIED.
MM INDICATES DATA IS MISSING.
T  INDICATES TRACE AMOUNT.




$$
