000
CDUS43 KFSD 062233
CLIFSD


CLIMATE REPORT
NATIONAL WEATHER SERVICE SIOUX FALLS SD
532 PM CDT FRI MAY 6 2016


...................................

...THE SIOUX FALLS SD CLIMATE SUMMARY FOR MAY 6 2016...
VALID TODAY AS OF 0500 PM LOCAL TIME.

CLIMATE NORMAL PERIOD 1981 TO 2010
CLIMATE RECORD PERIOD 1893 TO 2016


WEATHER ITEM   OBSERVED TIME   RECORD YEAR NORMAL DEPARTURE LAST
                VALUE   (LST)  VALUE       VALUE  FROM      YEAR
                                                  NORMAL
..................................................................
TEMPERATURE (F)
 TODAY
  MAXIMUM         87    340 PM  89    1934  67     20       72
  MINIMUM         55    542 AM  25    1976  43     12       62
                                      1931
  AVERAGE         71                        55     16       67

PRECIPITATION (IN)
  TODAY            0.00          1.57 1900   0.11  -0.11     0.20
  MONTH TO DATE    0.06                      0.65  -0.59     0.20
  SINCE MAR 1      6.77                      5.42   1.35     1.53
  SINCE JAN 1      8.45                      6.58   1.87     2.75

SNOWFALL (IN)
  TODAY            0.0           T    1942   0.1   -0.1      0.0
  MONTH TO DATE    0.0                       0.3   -0.3      0.0
  SINCE MAR 1     12.2                      13.3   -1.1      1.7
  SINCE JUL 1     68.5                      44.8   23.7     31.9
  SNOW DEPTH      MM

DEGREE DAYS
 HEATING
  TODAY            0                        11    -11        0
  MONTH TO DATE   61                        69     -8       17
  SINCE MAR 1   1307                      1626   -319     1268
  SINCE JUL 1   6343                      7476  -1133     7017

 COOLING
  TODAY            6                         1      5        2
  MONTH TO DATE    6                         2      4        6
  SINCE MAR 1      6                         7     -1       10
  SINCE JAN 1      6                         7     -1       10
..................................................................


WIND (MPH)
  HIGHEST WIND SPEED    18   HIGHEST WIND DIRECTION     W (250)
  HIGHEST GUST SPEED    28   HIGHEST GUST DIRECTION    SW (220)
  AVERAGE WIND SPEED    11.7


SKY COVER
  POSSIBLE SUNSHINE  MM
  AVERAGE SKY COVER 0.3


WEATHER CONDITIONS
 THE FOLLOWING WEATHER WAS RECORDED TODAY.
  NO SIGNIFICANT WEATHER WAS OBSERVED.


RELATIVE HUMIDITY (PERCENT)
 HIGHEST    62           400 AM
 LOWEST     29           300 PM
 AVERAGE    46

..........................................................


THE SIOUX FALLS SD CLIMATE NORMALS FOR TOMORROW
                         NORMAL    RECORD    YEAR
 MAXIMUM TEMPERATURE (F)   67        92      1916
 MINIMUM TEMPERATURE (F)   43        26      1991


SUNRISE AND SUNSET
MAY  6 2016...........SUNRISE   612 AM CDT   SUNSET   836 PM CDT
MAY  7 2016...........SUNRISE   611 AM CDT   SUNSET   837 PM CDT


-  INDICATES NEGATIVE NUMBERS.
R  INDICATES RECORD WAS SET OR TIED.
MM INDICATES DATA IS MISSING.
T  INDICATES TRACE AMOUNT.




$$
