000
CDUS43 KFSD 012221
CLIFSD


CLIMATE REPORT
NATIONAL WEATHER SERVICE SIOUX FALLS SD
521 PM CDT SAT NOV 1 2014


...................................

...THE SIOUX FALLS SD CLIMATE SUMMARY FOR NOVEMBER 1 2014...
VALID TODAY AS OF 0500 PM LOCAL TIME.

CLIMATE NORMAL PERIOD 1981 TO 2010
CLIMATE RECORD PERIOD 1893 TO 2014


WEATHER ITEM   OBSERVED TIME   RECORD YEAR NORMAL DEPARTURE LAST
                VALUE   (LST)  VALUE       VALUE  FROM      YEAR
                                                  NORMAL
..................................................................
TEMPERATURE (F)
 TODAY
  MAXIMUM         49    255 PM  73    1938  52     -3       53
  MINIMUM         27    630 AM   8    1951  30     -3       38
                                      1911
  AVERAGE         38                        41     -3       46

PRECIPITATION (IN)
  TODAY            0.00          1.55 1972   0.05  -0.05      T
  MONTH TO DATE    0.00                      0.05  -0.05      T
  SINCE SEP 1      2.95                      4.99  -2.04     3.78
  SINCE JAN 1     27.38                     24.38   3.00    24.20

SNOWFALL (IN)
  TODAY            0.0           5.0  1928   0.2   -0.2      0.0
  MONTH TO DATE    0.0                       0.2   -0.2      0.0
  SINCE SEP 1      0.0                       1.5   -1.5      0.4
  SINCE JUL 1      T                         1.5   -1.5      0.4
  SNOW DEPTH       0

DEGREE DAYS
 HEATING
  TODAY           27                        24      3       19
  MONTH TO DATE   27                        24      3       19
  SINCE SEP 1    607                       733   -126      620
  SINCE JUL 1    625                       764   -139      654

 COOLING
  TODAY            0                         0      0        0
  MONTH TO DATE    0                         0      0        0
  SINCE SEP 1     59                        65     -6      133
  SINCE JAN 1    610                       690    -80      787
..................................................................


WIND (MPH)
  HIGHEST WIND SPEED    28   HIGHEST WIND DIRECTION     S (160)
  HIGHEST GUST SPEED    36   HIGHEST GUST DIRECTION     S (170)
  AVERAGE WIND SPEED    17.6


SKY COVER
  POSSIBLE SUNSHINE  MM
  AVERAGE SKY COVER 0.3


WEATHER CONDITIONS
 THE FOLLOWING WEATHER WAS RECORDED TODAY.
  NO SIGNIFICANT WEATHER WAS OBSERVED.


RELATIVE HUMIDITY (PERCENT)
 HIGHEST    MM
 LOWEST     MM
 AVERAGE    MM

..........................................................


THE SIOUX FALLS SD CLIMATE NORMALS FOR TOMORROW
                         NORMAL    RECORD    YEAR
 MAXIMUM TEMPERATURE (F)   51        77      2005
 MINIMUM TEMPERATURE (F)   30         5      1951


SUNRISE AND SUNSET
NOVEMBER  1 2014......SUNRISE   803 AM CDT   SUNSET   618 PM CDT
NOVEMBER  2 2014......SUNRISE   704 AM CST   SUNSET   517 PM CST


-  INDICATES NEGATIVE NUMBERS.
R  INDICATES RECORD WAS SET OR TIED.
MM INDICATES DATA IS MISSING.
T  INDICATES TRACE AMOUNT.




$$
