000
CDUS43 KFSD 040623
CLIFSD


CLIMATE REPORT
NATIONAL WEATHER SERVICE SIOUX FALLS SD
1223 AM CST SUN FEB 4 2018


...................................

...THE SIOUX FALLS SD CLIMATE SUMMARY FOR FEBRUARY 3 2018...

CLIMATE NORMAL PERIOD 1981 TO 2010
CLIMATE RECORD PERIOD 1893 TO 2018


WEATHER ITEM   OBSERVED TIME   RECORD YEAR NORMAL DEPARTURE LAST
                VALUE   (LST)  VALUE       VALUE  FROM      YEAR
                                                  NORMAL
..................................................................
TEMPERATURE (F)
 YESTERDAY
  MAXIMUM         41    137 PM  58    2005  28     13       24
  MINIMUM          5   1159 PM -35    1917   8     -3        4
  AVERAGE         23                        18      5       14

PRECIPITATION (IN)
  YESTERDAY        T             0.66 1997   0.02  -0.02     0.00
  MONTH TO DATE    T                         0.06  -0.06      T
  SINCE DEC 1      1.06                      1.31  -0.25     2.54
  SINCE JAN 1      0.38                      0.62  -0.24     0.62

SNOWFALL (IN)
  YESTERDAY        T             8.4  1997   0.3   -0.3      0.0
  MONTH TO DATE    T                         0.8   -0.8       T
  SINCE DEC 1     16.2                      16.7   -0.5     20.3
  SINCE JUL 1     16.4                      25.4   -9.0     26.3
  SNOW DEPTH       T

DEGREE DAYS
 HEATING
  YESTERDAY       42                        47     -5       51
  MONTH TO DATE  138                       141     -3      145
  SINCE DEC 1   2959                      3061   -102     2891
  SINCE JUL 1   4368                      4773   -405     4026

 COOLING
  YESTERDAY        0                         0      0        0
  MONTH TO DATE    0                         0      0        0
  SINCE DEC 1      0                         0      0        0
  SINCE JAN 1      0                         0      0        0
..................................................................


WIND (MPH)
  HIGHEST WIND SPEED    26   HIGHEST WIND DIRECTION     N (350)
  HIGHEST GUST SPEED    31   HIGHEST GUST DIRECTION     N (360)
  AVERAGE WIND SPEED    10.6


SKY COVER
  POSSIBLE SUNSHINE  MM
  AVERAGE SKY COVER 0.9


WEATHER CONDITIONS
 THE FOLLOWING WEATHER WAS RECORDED YESTERDAY.
  LIGHT SNOW
  HAZE
  BLOWING SNOW


RELATIVE HUMIDITY (PERCENT)
 HIGHEST    81           800 AM
 LOWEST     48           100 PM
 AVERAGE    65

..........................................................


THE SIOUX FALLS SD CLIMATE NORMALS FOR TODAY
                         NORMAL    RECORD    YEAR
 MAXIMUM TEMPERATURE (F)   28        61      2005
 MINIMUM TEMPERATURE (F)    9       -29      1899


SUNRISE AND SUNSET
FEBRUARY  4 2018......SUNRISE   740 AM CST   SUNSET   542 PM CST
FEBRUARY  5 2018......SUNRISE   739 AM CST   SUNSET   544 PM CST


-  INDICATES NEGATIVE NUMBERS.
R  INDICATES RECORD WAS SET OR TIED.
MM INDICATES DATA IS MISSING.
T  INDICATES TRACE AMOUNT.




$$
