000
CDUS43 KFSD 272228
CLIFSD


CLIMATE REPORT
NATIONAL WEATHER SERVICE SIOUX FALLS SD
527 PM CDT WED SEP 27 2017


...................................

...THE SIOUX FALLS SD CLIMATE SUMMARY FOR SEPTEMBER 27 2017...
VALID TODAY AS OF 0500 PM LOCAL TIME.

CLIMATE NORMAL PERIOD 1981 TO 2010
CLIMATE RECORD PERIOD 1893 TO 2017


WEATHER ITEM   OBSERVED TIME   RECORD YEAR NORMAL DEPARTURE LAST
                VALUE   (LST)  VALUE       VALUE  FROM      YEAR
                                                  NORMAL
..................................................................
TEMPERATURE (F)
 TODAY
  MAXIMUM         70    343 PM  96    1956  68      2       75
  MINIMUM         41    649 AM  23    1900  44     -3       44
  AVERAGE         56                        56      0       60

PRECIPITATION (IN)
  TODAY            0.00          0.76 1947   0.08  -0.08     0.00
  MONTH TO DATE    1.57                      2.52  -0.95     7.55
  SINCE SEP 1      1.57                      2.52  -0.95     7.55
  SINCE JAN 1     19.16                     21.91  -2.75    25.41

SNOWFALL (IN)
  TODAY            0.0           0.0    MM   0.1   -0.1      0.0
  MONTH TO DATE    0.0                       0.1   -0.1      0.0
  SINCE SEP 1      0.0                       0.1   -0.1      0.0
  SINCE JUL 1      0.0                       0.1   -0.1      0.0
  SNOW DEPTH       0

DEGREE DAYS
 HEATING
  TODAY            9                        10     -1        5
  MONTH TO DATE   75                       142    -67       43
  SINCE SEP 1     75                       142    -67       43
  SINCE JUL 1     81                       173    -92       51

 COOLING
  TODAY            0                         1     -1        0
  MONTH TO DATE   98                        60     38       97
  SINCE SEP 1     98                        60     38       97
  SINCE JAN 1    772                       685     87      877
..................................................................


WIND (MPH)
  HIGHEST WIND SPEED    17   HIGHEST WIND DIRECTION    NW (310)
  HIGHEST GUST SPEED    20   HIGHEST GUST DIRECTION     W (270)
  AVERAGE WIND SPEED     4.1


SKY COVER
  POSSIBLE SUNSHINE  MM
  AVERAGE SKY COVER 0.2


WEATHER CONDITIONS
 THE FOLLOWING WEATHER WAS RECORDED TODAY.
  FOG


RELATIVE HUMIDITY (PERCENT)
 HIGHEST   100          1200 AM
 LOWEST     47           200 PM
 AVERAGE    74

..........................................................


THE SIOUX FALLS SD CLIMATE NORMALS FOR TOMORROW
                         NORMAL    RECORD    YEAR
 MAXIMUM TEMPERATURE (F)   68        93      1894
 MINIMUM TEMPERATURE (F)   43        24      1976
                                             1951


SUNRISE AND SUNSET
SEPTEMBER 27 2017.....SUNRISE   720 AM CDT   SUNSET   715 PM CDT
SEPTEMBER 28 2017.....SUNRISE   721 AM CDT   SUNSET   713 PM CDT


-  INDICATES NEGATIVE NUMBERS.
R  INDICATES RECORD WAS SET OR TIED.
MM INDICATES DATA IS MISSING.
T  INDICATES TRACE AMOUNT.




$$
