000
CDUS43 KFSD 040732
CLIFSD


CLIMATE REPORT
NATIONAL WEATHER SERVICE SIOUX FALLS SD
131 AM CST SAT MAR 4 2017


...................................

...THE SIOUX FALLS SD CLIMATE SUMMARY FOR MARCH 3 2017...

CLIMATE NORMAL PERIOD 1981 TO 2010
CLIMATE RECORD PERIOD 1893 TO 2017


WEATHER ITEM   OBSERVED TIME   RECORD YEAR NORMAL DEPARTURE LAST
                VALUE   (LST)  VALUE       VALUE  FROM      YEAR
                                                  NORMAL
..................................................................
TEMPERATURE (F)
 YESTERDAY
  MAXIMUM         36    540 PM  73    1905  37     -1       32
  MINIMUM         12    304 AM -15    2014  18     -6       21
                                      1916
  AVERAGE         24                        27     -3       27

PRECIPITATION (IN)
  YESTERDAY        0.00          1.22 1920   0.03  -0.03     0.00
  MONTH TO DATE    0.07                      0.10  -0.03     0.02
  SINCE MAR 1      0.07                      0.10  -0.03     0.02
  SINCE JAN 1      1.18                      1.26  -0.08     1.70

SNOWFALL (IN)
  YESTERDAY        0.0          13.0  1920   0.3   -0.3      0.0
  MONTH TO DATE    2.2                       0.9    1.3      0.3
  SINCE MAR 1      2.2                       0.9    1.3      0.3
  SINCE JUL 1     33.6                      32.4    1.2     56.6
  SNOW DEPTH       T

DEGREE DAYS
 HEATING
  YESTERDAY       41                        38      3       38
  MONTH TO DATE  124                       114     10      143
  SINCE MAR 1    124                       114     10      143
  SINCE JUL 1   4930                      5964  -1034     5179

 COOLING
  YESTERDAY        0                         0      0        0
  MONTH TO DATE    0                         0      0        0
  SINCE MAR 1      0                         0      0        0
  SINCE JAN 1      0                         0      0        0
..................................................................


WIND (MPH)
  HIGHEST WIND SPEED    26   HIGHEST WIND DIRECTION     S (160)
  HIGHEST GUST SPEED    34   HIGHEST GUST DIRECTION     S (160)
  AVERAGE WIND SPEED    11.3


SKY COVER
  POSSIBLE SUNSHINE  MM
  AVERAGE SKY COVER 0.6


WEATHER CONDITIONS
 THE FOLLOWING WEATHER WAS RECORDED YESTERDAY.
  NO SIGNIFICANT WEATHER WAS OBSERVED.


RELATIVE HUMIDITY (PERCENT)
 HIGHEST    92           200 AM
 LOWEST     59           200 PM
 AVERAGE    76

..........................................................


THE SIOUX FALLS SD CLIMATE NORMALS FOR TODAY
                         NORMAL    RECORD    YEAR
 MAXIMUM TEMPERATURE (F)   37        67      2000
                                             1968
 MINIMUM TEMPERATURE (F)   18       -16      1960


SUNRISE AND SUNSET
MARCH  4 2017.........SUNRISE   658 AM CST   SUNSET   620 PM CST
MARCH  5 2017.........SUNRISE   656 AM CST   SUNSET   621 PM CST


-  INDICATES NEGATIVE NUMBERS.
R  INDICATES RECORD WAS SET OR TIED.
MM INDICATES DATA IS MISSING.
T  INDICATES TRACE AMOUNT.




$$
