000
CDUS43 KFSD 052219
CLIFSD


CLIMATE REPORT
NATIONAL WEATHER SERVICE SIOUX FALLS SD
518 PM CDT FRI AUG 5 2016


...................................

...THE SIOUX FALLS SD CLIMATE SUMMARY FOR AUGUST 5 2016...
VALID TODAY AS OF 0500 PM LOCAL TIME.

CLIMATE NORMAL PERIOD 1981 TO 2010
CLIMATE RECORD PERIOD 1893 TO 2016


WEATHER ITEM   OBSERVED TIME   RECORD YEAR NORMAL DEPARTURE LAST
                VALUE   (LST)  VALUE       VALUE  FROM      YEAR
                                                  NORMAL
..................................................................
TEMPERATURE (F)
 TODAY
  MAXIMUM         80    359 PM  99    1968  83     -3       80
                                      1934
  MINIMUM         54    548 AM  44    1908  61     -7       60
  AVERAGE         67                        72     -5       70

PRECIPITATION (IN)
  TODAY            0.00          1.88 1953   0.09  -0.09     0.00
  MONTH TO DATE    0.01                      0.51  -0.50     0.00
  SINCE JUN 1      4.05                      7.52  -3.47     8.48
  SINCE JAN 1     15.55                     16.85  -1.30    15.03

SNOWFALL (IN)
  TODAY            0.0           0.0    MM   0.0    0.0      0.0
  MONTH TO DATE    0.0                       0.0    0.0      0.0
  SINCE JUN 1      0.0                       0.0    0.0      0.0
  SINCE JUL 1      0.0                       0.0    0.0      0.0
  SNOW DEPTH       0

DEGREE DAYS
 HEATING
  TODAY            0                         0      0        0
  MONTH TO DATE    0                         0      0        0
  SINCE JUN 1     14                        59    -45       15
  SINCE JUL 1      5                         8     -3        6

 COOLING
  TODAY            2                         8     -6        5
  MONTH TO DATE   45                        40      5       30
  SINCE JUN 1    556                       431    125      405
  SINCE JAN 1    589                       467    122      427
..................................................................


WIND (MPH)
  HIGHEST WIND SPEED    16   HIGHEST WIND DIRECTION     N (10)
  HIGHEST GUST SPEED    22   HIGHEST GUST DIRECTION     N (350)
  AVERAGE WIND SPEED     6.2


SKY COVER
  POSSIBLE SUNSHINE  MM
  AVERAGE SKY COVER 0.2


WEATHER CONDITIONS
 THE FOLLOWING WEATHER WAS RECORDED TODAY.
  NO SIGNIFICANT WEATHER WAS OBSERVED.


RELATIVE HUMIDITY (PERCENT)
 HIGHEST    93           500 AM
 LOWEST     42           200 PM
 AVERAGE    68

..........................................................


THE SIOUX FALLS SD CLIMATE NORMALS FOR TOMORROW
                         NORMAL    RECORD    YEAR
 MAXIMUM TEMPERATURE (F)   83        99      1969
                                             1894
 MINIMUM TEMPERATURE (F)   61        46      1908
                                             1904
                                             1902


SUNRISE AND SUNSET
AUGUST  5 2016........SUNRISE   621 AM CDT   SUNSET   844 PM CDT
AUGUST  6 2016........SUNRISE   622 AM CDT   SUNSET   842 PM CDT


-  INDICATES NEGATIVE NUMBERS.
R  INDICATES RECORD WAS SET OR TIED.
MM INDICATES DATA IS MISSING.
T  INDICATES TRACE AMOUNT.




$$
