078
CDUS43 KFSD 120658
CLIFSD


CLIMATE REPORT
NATIONAL WEATHER SERVICE SIOUX FALLS SD
133 AM CDT TUE JUL 12 2016


...................................

...THE SIOUX FALLS SD CLIMATE SUMMARY FOR JULY 11 2016...

CLIMATE NORMAL PERIOD 1981 TO 2010
CLIMATE RECORD PERIOD 1893 TO 2016


WEATHER ITEM   OBSERVED TIME   RECORD YEAR NORMAL DEPARTURE LAST
                VALUE   (LST)  VALUE       VALUE  FROM      YEAR
                                                  NORMAL
..................................................................
TEMPERATURE (F)
 YESTERDAY
  MAXIMUM         91    424 PM 104    1894  84      7       86
  MINIMUM         69   1159 PM  46    1975  62      7       67
  AVERAGE         80                        73      7       77

PRECIPITATION (IN)
  YESTERDAY        T             1.56 1908   0.10  -0.10     0.00
  MONTH TO DATE    0.66                      1.14  -0.48     1.98
  SINCE JUN 1      2.38                      5.06  -2.68     6.27
  SINCE JAN 1     13.88                     14.39  -0.51    12.82

SNOWFALL (IN)
  YESTERDAY        0.0           0.0    MM   0.0    0.0      0.0
  MONTH TO DATE    0.0                       0.0    0.0      0.0
  SINCE JUN 1      0.0                       0.0    0.0      0.0
  SINCE JUL 1      0.0                       0.0    0.0      0.0
  SNOW DEPTH       0

DEGREE DAYS
 HEATING
  YESTERDAY        0                         0      0        0
  MONTH TO DATE    4                         0      4        6
  SINCE JUN 1     13                        51    -38       15
  SINCE JUL 1      4                         0      4        6

 COOLING
  YESTERDAY       15                         8      7       12
  MONTH TO DATE   82                        87     -5       48
  SINCE JUN 1    317                       222     95      187
  SINCE JAN 1    350                       258     92      209
..................................................................


WIND (MPH)
  HIGHEST WIND SPEED    28   HIGHEST WIND DIRECTION     S (180)
  HIGHEST GUST SPEED    36   HIGHEST GUST DIRECTION     S (180)
  AVERAGE WIND SPEED    14.3


SKY COVER
  POSSIBLE SUNSHINE  MM
  AVERAGE SKY COVER 0.6


WEATHER CONDITIONS
 THE FOLLOWING WEATHER WAS RECORDED YESTERDAY.
  LIGHT RAIN


RELATIVE HUMIDITY (PERCENT)
 HIGHEST   100          1200 AM
 LOWEST     57          1100 PM
 AVERAGE    79

..........................................................


THE SIOUX FALLS SD CLIMATE NORMALS FOR TODAY
                         NORMAL    RECORD    YEAR
 MAXIMUM TEMPERATURE (F)   84       107      1995
 MINIMUM TEMPERATURE (F)   62        48      1975
                                             1897


SUNRISE AND SUNSET
JULY 12 2016..........SUNRISE   557 AM CDT   SUNSET   907 PM CDT
JULY 13 2016..........SUNRISE   558 AM CDT   SUNSET   907 PM CDT


-  INDICATES NEGATIVE NUMBERS.
R  INDICATES RECORD WAS SET OR TIED.
MM INDICATES DATA IS MISSING.
T  INDICATES TRACE AMOUNT.




$$
