000
CDUS43 KFSD 010654
CLIFSD


CLIMATE REPORT
NATIONAL WEATHER SERVICE SIOUX FALLS SD
153 AM CDT FRI SEP 1 2017


...................................

...THE SIOUX FALLS SD CLIMATE SUMMARY FOR AUGUST 31 2017...

CLIMATE NORMAL PERIOD 1981 TO 2010
CLIMATE RECORD PERIOD 1893 TO 2017


WEATHER ITEM   OBSERVED TIME   RECORD YEAR NORMAL DEPARTURE LAST
                VALUE   (LST)  VALUE       VALUE  FROM      YEAR
                                                  NORMAL
..................................................................
TEMPERATURE (F)
 YESTERDAY
  MAXIMUM         79    153 PM  97    1898  79      0       84
  MINIMUM         58    555 AM  37    1895  56      2       54
  AVERAGE         69                        68      1       69

PRECIPITATION (IN)
  YESTERDAY        0.00          3.99 1982   0.10  -0.10     0.00
  MONTH TO DATE    5.42                      3.05   2.37     2.32
  SINCE JUN 1      9.84                     10.06  -0.22     6.36
  SINCE JAN 1     17.59                     19.39  -1.80    17.86

SNOWFALL (IN)
  YESTERDAY        0.0           0.0    MM   0.0    0.0      0.0
  MONTH TO DATE    0.0                       0.0    0.0      0.0
  SINCE JUN 1      0.0                       0.0    0.0      0.0
  SINCE JUL 1      0.0                       0.0    0.0      0.0
  SNOW DEPTH       0

DEGREE DAYS
 HEATING
  YESTERDAY        0                         2     -2        0
  MONTH TO DATE    6                        21    -15        3
  SINCE JUN 1     32                        82    -50       17
  SINCE JUL 1      6                        31    -25        8

 COOLING
  YESTERDAY        4                         4      0        4
  MONTH TO DATE  113                       198    -85      236
  SINCE JUN 1    648                       589     59      747
  SINCE JAN 1    674                       625     49      780
..................................................................


WIND (MPH)
  HIGHEST WIND SPEED    18   HIGHEST WIND DIRECTION    SE (130)
  HIGHEST GUST SPEED    24   HIGHEST GUST DIRECTION     E (110)
  AVERAGE WIND SPEED     8.3


SKY COVER
  POSSIBLE SUNSHINE  MM
  AVERAGE SKY COVER 0.5


WEATHER CONDITIONS
 THE FOLLOWING WEATHER WAS RECORDED YESTERDAY.
  FOG


RELATIVE HUMIDITY (PERCENT)
 HIGHEST   100           100 AM
 LOWEST     67           200 PM
 AVERAGE    84

..........................................................


THE SIOUX FALLS SD CLIMATE NORMALS FOR TODAY
                         NORMAL    RECORD    YEAR
 MAXIMUM TEMPERATURE (F)   79        97      1913
                                             1898
 MINIMUM TEMPERATURE (F)   56        36      1974


SUNRISE AND SUNSET
SEPTEMBER  1 2017.....SUNRISE   651 AM CDT   SUNSET   802 PM CDT
SEPTEMBER  2 2017.....SUNRISE   652 AM CDT   SUNSET   800 PM CDT


-  INDICATES NEGATIVE NUMBERS.
R  INDICATES RECORD WAS SET OR TIED.
MM INDICATES DATA IS MISSING.
T  INDICATES TRACE AMOUNT.




$$
