000
CDUS43 KFSD 230726
CLIFSD


CLIMATE REPORT
NATIONAL WEATHER SERVICE SIOUX FALLS SD
225 AM CDT TUE SEP 23 2014


...................................

...THE SIOUX FALLS SD CLIMATE SUMMARY FOR SEPTEMBER 22 2014...

CLIMATE NORMAL PERIOD 1981 TO 2010
CLIMATE RECORD PERIOD 1893 TO 2014


WEATHER ITEM   OBSERVED TIME   RECORD YEAR NORMAL DEPARTURE LAST
                VALUE   (LST)  VALUE       VALUE  FROM      YEAR
                                                  NORMAL
..................................................................
TEMPERATURE (F)
 YESTERDAY
  MAXIMUM         74    324 PM  94    1936  71      3       83
                                      1908
  MINIMUM         43    639 AM  24    1974  46     -3       51
  AVERAGE         59                        58      1       67

PRECIPITATION (IN)
  YESTERDAY        0.00          1.67 1895   0.09  -0.09     0.00
  MONTH TO DATE    1.93                      2.07  -0.14     0.29
  SINCE SEP 1      1.93                      2.07  -0.14     0.29
  SINCE JAN 1     26.36                     21.46   4.90    20.71

SNOWFALL (IN)
  YESTERDAY        0.0           0.0    MM   0.0    0.0      0.0
  MONTH TO DATE    0.0                       0.0    0.0      0.0
  SINCE SEP 1      0.0                       0.0    0.0      0.0
  SINCE JUL 1      T                         0.0    0.0      0.0
  SNOW DEPTH       0

DEGREE DAYS
 HEATING
  YESTERDAY        6                         8     -2        0
  MONTH TO DATE  117                        98     19       54
  SINCE SEP 1    117                        98     19       54
  SINCE JUL 1    135                       129      6       88

 COOLING
  YESTERDAY        0                         1     -1        2
  MONTH TO DATE   37                        55    -18      108
  SINCE SEP 1     37                        55    -18      108
  SINCE JAN 1    588                       680    -92      762
..................................................................


WIND (MPH)
  HIGHEST WIND SPEED    15   HIGHEST WIND DIRECTION     S (180)
  HIGHEST GUST SPEED    20   HIGHEST GUST DIRECTION     S (170)
  AVERAGE WIND SPEED     6.7


SKY COVER
  POSSIBLE SUNSHINE  MM
  AVERAGE SKY COVER 0.4


WEATHER CONDITIONS
 THE FOLLOWING WEATHER WAS RECORDED YESTERDAY.
  FOG


RELATIVE HUMIDITY (PERCENT)
 HIGHEST   100           700 AM
 LOWEST     38           200 PM
 AVERAGE    69

..........................................................


THE SIOUX FALLS SD CLIMATE NORMALS FOR TODAY
                         NORMAL    RECORD    YEAR
 MAXIMUM TEMPERATURE (F)   70        92      1935
 MINIMUM TEMPERATURE (F)   46        27      2012
                                             1989


SUNRISE AND SUNSET
SEPTEMBER 23 2014.....SUNRISE   715 AM CDT   SUNSET   722 PM CDT
SEPTEMBER 24 2014.....SUNRISE   716 AM CDT   SUNSET   721 PM CDT


-  INDICATES NEGATIVE NUMBERS.
R  INDICATES RECORD WAS SET OR TIED.
MM INDICATES DATA IS MISSING.
T  INDICATES TRACE AMOUNT.




$$
