000
CDUS43 KFSD 160632
CLIFSD


CLIMATE REPORT
NATIONAL WEATHER SERVICE SIOUX FALLS SD
131 AM CDT TUE MAY 16 2017


...................................

...THE SIOUX FALLS SD CLIMATE SUMMARY FOR MAY 15 2017...

CLIMATE NORMAL PERIOD 1981 TO 2010
CLIMATE RECORD PERIOD 1893 TO 2017


WEATHER ITEM   OBSERVED TIME   RECORD YEAR NORMAL DEPARTURE LAST
                VALUE   (LST)  VALUE       VALUE  FROM      YEAR
                                                  NORMAL
..................................................................
TEMPERATURE (F)
 YESTERDAY
  MAXIMUM         80    619 PM  92    2001  70     10       66
  MINIMUM         58   1033 AM  27    1997  46     12       33
                                      1959
  AVERAGE         69                        58     11       50

PRECIPITATION (IN)
  YESTERDAY        0.55          1.36 1965   0.11   0.44     0.00
  MONTH TO DATE    1.11                      1.58  -0.47     0.65
  SINCE MAR 1      4.52                      6.35  -1.83     7.36
  SINCE JAN 1      5.63                      7.51  -1.88     9.04

SNOWFALL (IN)
  YESTERDAY        0.0           T    1916   0.0    0.0      0.0
  MONTH TO DATE    2.2                       0.4    1.8      0.0
  SINCE MAR 1     11.5                      13.4   -1.9     12.2
  SINCE JUL 1     42.9                      44.9   -2.0     68.5
  SNOW DEPTH       0

DEGREE DAYS
 HEATING
  YESTERDAY        0                         8     -8       15
  MONTH TO DATE  106                       152    -46      158
  SINCE MAR 1   1490                      1709   -219     1404
  SINCE JUL 1   6296                      7559  -1263     6440

 COOLING
  YESTERDAY        4                         1      3        0
  MONTH TO DATE   17                        11      6        6
  SINCE MAR 1     18                        16      2        6
  SINCE JAN 1     18                        16      2        6
..................................................................


WIND (MPH)
  HIGHEST WIND SPEED    24   HIGHEST WIND DIRECTION    NE (50)
  HIGHEST GUST SPEED    33   HIGHEST GUST DIRECTION    NE (50)
  AVERAGE WIND SPEED     8.1


SKY COVER
  POSSIBLE SUNSHINE  MM
  AVERAGE SKY COVER 0.6


WEATHER CONDITIONS
 THE FOLLOWING WEATHER WAS RECORDED YESTERDAY.
  THUNDERSTORM
  HEAVY RAIN
  RAIN
  LIGHT RAIN
  FOG


RELATIVE HUMIDITY (PERCENT)
 HIGHEST    87          1000 PM
 LOWEST     51           400 PM
 AVERAGE    69

..........................................................


THE SIOUX FALLS SD CLIMATE NORMALS FOR TODAY
                         NORMAL    RECORD    YEAR
 MAXIMUM TEMPERATURE (F)   70        92      1934
 MINIMUM TEMPERATURE (F)   46        23      2014


SUNRISE AND SUNSET
MAY 16 2017...........SUNRISE   601 AM CDT   SUNSET   846 PM CDT
MAY 17 2017...........SUNRISE   600 AM CDT   SUNSET   848 PM CDT


-  INDICATES NEGATIVE NUMBERS.
R  INDICATES RECORD WAS SET OR TIED.
MM INDICATES DATA IS MISSING.
T  INDICATES TRACE AMOUNT.




$$
