000
CDUS43 KFSD 240638
CLIFSD


CLIMATE REPORT
NATIONAL WEATHER SERVICE SIOUX FALLS SD
137 AM CDT SUN APR 24 2016


...................................

...THE SIOUX FALLS SD CLIMATE SUMMARY FOR APRIL 23 2016...

CLIMATE NORMAL PERIOD 1981 TO 2010
CLIMATE RECORD PERIOD 1893 TO 2016


WEATHER ITEM   OBSERVED TIME   RECORD YEAR NORMAL DEPARTURE LAST
                VALUE   (LST)  VALUE       VALUE  FROM      YEAR
                                                  NORMAL
..................................................................
TEMPERATURE (F)
 YESTERDAY
  MAXIMUM         75    435 PM  91    2009  62     13       64
  MINIMUM         47    518 AM  20    1996  38      9       34
                                      1967
  AVERAGE         61                        50     11       49

PRECIPITATION (IN)
  YESTERDAY        0.00          1.52 1929   0.10  -0.10     0.00
  MONTH TO DATE    1.82                      2.27  -0.45     0.65
  SINCE MAR 1      3.91                      4.03  -0.12     0.98
  SINCE JAN 1      5.59                      5.19   0.40     2.20

SNOWFALL (IN)
  YESTERDAY        0.0           1.4  2001   0.1   -0.1      0.0
  MONTH TO DATE    T                         4.0   -4.0       T
  SINCE MAR 1     12.2                      12.4   -0.2      1.7
  SINCE JUL 1     68.5                      43.9   24.6     31.9
  SNOW DEPTH       0

DEGREE DAYS
 HEATING
  YESTERDAY        4                        15    -11       16
  MONTH TO DATE  365                       464    -99      352
  SINCE MAR 1   1129                      1459   -330     1172
  SINCE JUL 1   6165                      7309  -1144     6921

 COOLING
  YESTERDAY        0                         0      0        0
  MONTH TO DATE    0                         0      0        4
  SINCE MAR 1      0                         0      0        4
  SINCE JAN 1      0                         0      0        4
..................................................................


WIND (MPH)
  HIGHEST WIND SPEED    31   HIGHEST WIND DIRECTION     S (170)
  HIGHEST GUST SPEED    41   HIGHEST GUST DIRECTION     S (160)
  AVERAGE WIND SPEED    16.9


SKY COVER
  POSSIBLE SUNSHINE  MM
  AVERAGE SKY COVER 0.6


WEATHER CONDITIONS
 THE FOLLOWING WEATHER WAS RECORDED YESTERDAY.
  NO SIGNIFICANT WEATHER WAS OBSERVED.


RELATIVE HUMIDITY (PERCENT)
 HIGHEST    86          1200 AM
 LOWEST     46           600 PM
 AVERAGE    66

..........................................................


THE SIOUX FALLS SD CLIMATE NORMALS FOR TODAY
                         NORMAL    RECORD    YEAR
 MAXIMUM TEMPERATURE (F)   63        89      1906
 MINIMUM TEMPERATURE (F)   38        20      1967


SUNRISE AND SUNSET
APRIL 24 2016.........SUNRISE   629 AM CDT   SUNSET   822 PM CDT
APRIL 25 2016.........SUNRISE   628 AM CDT   SUNSET   823 PM CDT


-  INDICATES NEGATIVE NUMBERS.
R  INDICATES RECORD WAS SET OR TIED.
MM INDICATES DATA IS MISSING.
T  INDICATES TRACE AMOUNT.




$$
