000
CDUS43 KFSD 110621
CLIFSD


CLIMATE REPORT
NATIONAL WEATHER SERVICE SIOUX FALLS SD
121 AM CDT SAT OCT 11 2014


...................................

...THE SIOUX FALLS SD CLIMATE SUMMARY FOR OCTOBER 10 2014...

CLIMATE NORMAL PERIOD 1981 TO 2010
CLIMATE RECORD PERIOD 1893 TO 2014


WEATHER ITEM   OBSERVED TIME   RECORD YEAR NORMAL DEPARTURE LAST
                VALUE   (LST)  VALUE       VALUE  FROM      YEAR
                                                  NORMAL
..................................................................
TEMPERATURE (F)
 YESTERDAY
  MAXIMUM         57    325 PM  88    1928  63     -6       79
  MINIMUM         29    452 AM  18    1987  38     -9       56
  AVERAGE         43                        50     -7       68

PRECIPITATION (IN)
  YESTERDAY        0.00          1.66 1913   0.08  -0.08     0.00
  MONTH TO DATE    0.22                      0.85  -0.63     0.24
  SINCE SEP 1      2.50                      3.62  -1.12     1.01
  SINCE JAN 1     26.93                     23.01   3.92    21.43

SNOWFALL (IN)
  YESTERDAY        0.0           0.9  1977   0.1   -0.1      0.0
  MONTH TO DATE    0.0                       0.2   -0.2      0.0
  SINCE SEP 1      0.0                       0.2   -0.2      0.0
  SINCE JUL 1      T                         0.2   -0.2      0.0
  SNOW DEPTH       0

DEGREE DAYS
 HEATING
  YESTERDAY       22                        15      7        0
  MONTH TO DATE  149                       130     19       71
  SINCE SEP 1    279                       303    -24      137
  SINCE JUL 1    297                       334    -37      171

 COOLING
  YESTERDAY        0                         0      0        3
  MONTH TO DATE    0                         0      0        3
  SINCE SEP 1     59                        60     -1      133
  SINCE JAN 1    610                       685    -75      787
..................................................................


WIND (MPH)
  HIGHEST WIND SPEED    10   HIGHEST WIND DIRECTION     N (360)
  HIGHEST GUST SPEED    17   HIGHEST GUST DIRECTION    NE (30)
  AVERAGE WIND SPEED     3.1


SKY COVER
  POSSIBLE SUNSHINE  MM
  AVERAGE SKY COVER 0.3


WEATHER CONDITIONS
 THE FOLLOWING WEATHER WAS RECORDED YESTERDAY.
  NO SIGNIFICANT WEATHER WAS OBSERVED.


RELATIVE HUMIDITY (PERCENT)
 HIGHEST    92           300 AM
 LOWEST     38           200 PM
 AVERAGE    65

..........................................................


THE SIOUX FALLS SD CLIMATE NORMALS FOR TODAY
                         NORMAL    RECORD    YEAR
 MAXIMUM TEMPERATURE (F)   62        90      1910
 MINIMUM TEMPERATURE (F)   38        20      1987


SUNRISE AND SUNSET
OCTOBER 11 2014.......SUNRISE   736 AM CDT   SUNSET   650 PM CDT
OCTOBER 12 2014.......SUNRISE   737 AM CDT   SUNSET   649 PM CDT


-  INDICATES NEGATIVE NUMBERS.
R  INDICATES RECORD WAS SET OR TIED.
MM INDICATES DATA IS MISSING.
T  INDICATES TRACE AMOUNT.




$$
