000
CDUS43 KFSD 142223
CLIFSD


CLIMATE REPORT
NATIONAL WEATHER SERVICE SIOUX FALLS SD
523 PM CDT MON JUL 14 2014


...................................

...THE SIOUX FALLS SD CLIMATE SUMMARY FOR JULY 14 2014...
VALID TODAY AS OF 0500 PM LOCAL TIME.

CLIMATE NORMAL PERIOD 1981 TO 2010
CLIMATE RECORD PERIOD 1893 TO 2014


WEATHER ITEM   OBSERVED TIME   RECORD YEAR NORMAL DEPARTURE LAST
                VALUE   (LST)  VALUE       VALUE  FROM      YEAR
                                                  NORMAL
..................................................................
TEMPERATURE (F)
 TODAY
  MAXIMUM         69    330 PM 103    1936  84    -15       77
  MINIMUM         53    522 AM  42    1967  62     -9       66
  AVERAGE         61                        73    -12       72

PRECIPITATION (IN)
  TODAY            0.00          1.99 2011   0.09  -0.09     0.06
  MONTH TO DATE    0.46                      1.43  -0.97     0.31
  SINCE JUN 1     14.16                      5.35   8.81     4.59
  SINCE JAN 1     19.14                     14.68   4.46    16.90

SNOWFALL (IN)
  TODAY            0.0           0.0    MM   0.0    0.0      0.0
  MONTH TO DATE    0.0                       0.0    0.0      0.0
  SINCE JUN 1      T                         0.0    0.0      0.0
  SINCE JUL 1      0.0                       0.0    0.0      0.0
  SNOW DEPTH       0

DEGREE DAYS
 HEATING
  TODAY            4                         0      4        0
  MONTH TO DATE    8                         0      8        0
  SINCE JUN 1     40                        51    -11       69
  SINCE JUL 1      8                         0      8        0

 COOLING
  TODAY            0                         9     -9        7
  MONTH TO DATE   92                       113    -21      131
  SINCE JUN 1    228                       248    -20      267
  SINCE JAN 1    281                       284     -3      309
..................................................................


WIND (MPH)
  HIGHEST WIND SPEED    26   HIGHEST WIND DIRECTION     N (350)
  HIGHEST GUST SPEED    35   HIGHEST GUST DIRECTION    NW (330)
  AVERAGE WIND SPEED    14.7


SKY COVER
  POSSIBLE SUNSHINE  MM
  AVERAGE SKY COVER 0.3


WEATHER CONDITIONS
 THE FOLLOWING WEATHER WAS RECORDED TODAY.
  HAZE


RELATIVE HUMIDITY (PERCENT)
 HIGHEST    77           500 AM
 LOWEST     42           100 PM
 AVERAGE    60

..........................................................


THE SIOUX FALLS SD CLIMATE NORMALS FOR TOMORROW
                         NORMAL    RECORD    YEAR
 MAXIMUM TEMPERATURE (F)   84       103      1936
                                             1931
 MINIMUM TEMPERATURE (F)   62        45      1906


SUNRISE AND SUNSET
JULY 14 2014..........SUNRISE   559 AM CDT   SUNSET   906 PM CDT
JULY 15 2014..........SUNRISE   600 AM CDT   SUNSET   906 PM CDT


-  INDICATES NEGATIVE NUMBERS.
R  INDICATES RECORD WAS SET OR TIED.
MM INDICATES DATA IS MISSING.
T  INDICATES TRACE AMOUNT.




$$
