000
CDUS43 KFSD 290644
CLIFSD


CLIMATE REPORT
NATIONAL WEATHER SERVICE SIOUX FALLS SD
143 AM CDT FRI SEP 29 2017


...................................

...THE SIOUX FALLS SD CLIMATE SUMMARY FOR SEPTEMBER 28 2017...

CLIMATE NORMAL PERIOD 1981 TO 2010
CLIMATE RECORD PERIOD 1893 TO 2017


WEATHER ITEM   OBSERVED TIME   RECORD YEAR NORMAL DEPARTURE LAST
                VALUE   (LST)  VALUE       VALUE  FROM      YEAR
                                                  NORMAL
..................................................................
TEMPERATURE (F)
 YESTERDAY
  MAXIMUM         80    227 PM  93    1894  68     12       66
  MINIMUM         43    454 AM  24    1976  43      0       43
                                      1951
  AVERAGE         62                        56      6       55

PRECIPITATION (IN)
  YESTERDAY        0.00          1.51 1988   0.09  -0.09     0.00
  MONTH TO DATE    1.57                      2.61  -1.04     7.55
  SINCE SEP 1      1.57                      2.61  -1.04     7.55
  SINCE JAN 1     19.16                     22.00  -2.84    25.41

SNOWFALL (IN)
  YESTERDAY        0.0           0.9  1985   0.0    0.0      0.0
  MONTH TO DATE    0.0                       0.1   -0.1      0.0
  SINCE SEP 1      0.0                       0.1   -0.1      0.0
  SINCE JUL 1      0.0                       0.1   -0.1      0.0
  SNOW DEPTH       0

DEGREE DAYS
 HEATING
  YESTERDAY        3                        10     -7       10
  MONTH TO DATE   78                       152    -74       53
  SINCE SEP 1     78                       152    -74       53
  SINCE JUL 1     84                       183    -99       61

 COOLING
  YESTERDAY        0                         1     -1        0
  MONTH TO DATE   98                        61     37       97
  SINCE SEP 1     98                        61     37       97
  SINCE JAN 1    772                       686     86      877
..................................................................


WIND (MPH)
  HIGHEST WIND SPEED    17   HIGHEST WIND DIRECTION    NW (300)
  HIGHEST GUST SPEED    26   HIGHEST GUST DIRECTION     W (280)
  AVERAGE WIND SPEED     4.7


SKY COVER
  POSSIBLE SUNSHINE  MM
  AVERAGE SKY COVER 0.1


WEATHER CONDITIONS
 THE FOLLOWING WEATHER WAS RECORDED YESTERDAY.
  NO SIGNIFICANT WEATHER WAS OBSERVED.


RELATIVE HUMIDITY (PERCENT)
 HIGHEST   100           200 AM
 LOWEST     33           100 PM
 AVERAGE    67

..........................................................


THE SIOUX FALLS SD CLIMATE NORMALS FOR TODAY
                         NORMAL    RECORD    YEAR
 MAXIMUM TEMPERATURE (F)   67        90      1897
 MINIMUM TEMPERATURE (F)   43        13      1899


SUNRISE AND SUNSET
SEPTEMBER 29 2017.....SUNRISE   722 AM CDT   SUNSET   711 PM CDT
SEPTEMBER 30 2017.....SUNRISE   724 AM CDT   SUNSET   709 PM CDT


-  INDICATES NEGATIVE NUMBERS.
R  INDICATES RECORD WAS SET OR TIED.
MM INDICATES DATA IS MISSING.
T  INDICATES TRACE AMOUNT.




$$
