000
CDUS43 KFSD 302230
CLIFSD


CLIMATE REPORT
NATIONAL WEATHER SERVICE SIOUX FALLS SD
430 PM CST FRI DEC 30 2016


...................................

...THE SIOUX FALLS SD CLIMATE SUMMARY FOR DECEMBER 30 2016...
VALID TODAY AS OF 0400 PM LOCAL TIME.

CLIMATE NORMAL PERIOD 1981 TO 2010
CLIMATE RECORD PERIOD 1893 TO 2016


WEATHER ITEM   OBSERVED TIME   RECORD YEAR NORMAL DEPARTURE LAST
                VALUE   (LST)  VALUE       VALUE  FROM      YEAR
                                                  NORMAL
..................................................................
TEMPERATURE (F)
 TODAY
  MAXIMUM         41    337 PM  59    2004  26     15       22
  MINIMUM         19    228 AM -29    1917   7     12        4
  AVERAGE         30                        17     13       13

PRECIPITATION (IN)
  TODAY            0.00          1.22 1931   0.02  -0.02     0.08
  MONTH TO DATE    1.92                      0.67   1.25     1.31
  SINCE DEC 1      1.92                      0.67   1.25     1.31
  SINCE JAN 1     32.23                     26.36   5.87    32.94

SNOWFALL (IN)
  TODAY            0.0           6.3  1998   0.3   -0.3      1.3
  MONTH TO DATE   10.9                       8.0    2.9     19.1
  SINCE DEC 1     10.9                       8.0    2.9     19.1
  SINCE JUL 1     16.9                      16.7    0.2     36.4
  SNOW DEPTH       T

DEGREE DAYS
 HEATING
  TODAY           35                        48    -13       52
  MONTH TO DATE 1351                      1371    -20     1138
  SINCE DEC 1   1351                      1371    -20     1138
  SINCE JUL 1   2486                      3083   -597     2412

 COOLING
  TODAY            0                         0      0        0
  MONTH TO DATE    0                         0      0        0
  SINCE DEC 1      0                         0      0        0
  SINCE JAN 1    879                       690    189      715
..................................................................


WIND (MPH)
  HIGHEST WIND SPEED    21   HIGHEST WIND DIRECTION     S (190)
  HIGHEST GUST SPEED    26   HIGHEST GUST DIRECTION     S (180)
  AVERAGE WIND SPEED     8.5


SKY COVER
  POSSIBLE SUNSHINE  MM
  AVERAGE SKY COVER 0.7


WEATHER CONDITIONS
 THE FOLLOWING WEATHER WAS RECORDED TODAY.
  NO SIGNIFICANT WEATHER WAS OBSERVED.


RELATIVE HUMIDITY (PERCENT)
 HIGHEST    91           200 AM
 LOWEST     50           200 PM
 AVERAGE    71

..........................................................


THE SIOUX FALLS SD CLIMATE NORMALS FOR TOMORROW
                         NORMAL    RECORD    YEAR
 MAXIMUM TEMPERATURE (F)   26        54      1904
 MINIMUM TEMPERATURE (F)    7       -26      1973


SUNRISE AND SUNSET
DECEMBER 30 2016......SUNRISE   800 AM CST   SUNSET   500 PM CST
DECEMBER 31 2016......SUNRISE   800 AM CST   SUNSET   501 PM CST


-  INDICATES NEGATIVE NUMBERS.
R  INDICATES RECORD WAS SET OR TIED.
MM INDICATES DATA IS MISSING.
T  INDICATES TRACE AMOUNT.




$$
