000
CDUS43 KFSD 222227
CLIFSD


CLIMATE REPORT
NATIONAL WEATHER SERVICE SIOUX FALLS SD
427 PM CST TUE NOV 22 2016


...................................

...THE SIOUX FALLS SD CLIMATE SUMMARY FOR NOVEMBER 22 2016...
VALID TODAY AS OF 0400 PM LOCAL TIME.

CLIMATE NORMAL PERIOD 1981 TO 2010
CLIMATE RECORD PERIOD 1893 TO 2016


WEATHER ITEM   OBSERVED TIME   RECORD YEAR NORMAL DEPARTURE LAST
                VALUE   (LST)  VALUE       VALUE  FROM      YEAR
                                                  NORMAL
..................................................................
TEMPERATURE (F)
 TODAY
  MAXIMUM         37    213 AM  66    1908  38     -1       31
  MINIMUM         34   1228 PM  -8    1898  19     15        3
  AVERAGE         36                        29      7       17

PRECIPITATION (IN)
  TODAY            0.20          1.60 1908   0.05   0.15     0.00
  MONTH TO DATE    0.63                      1.03  -0.40     3.12
  SINCE SEP 1     11.27                      5.97   5.30     9.26
  SINCE JAN 1     29.13                     25.36   3.77    30.86

SNOWFALL (IN)
  TODAY            0.0           4.6  1983   0.3   -0.3      0.0
  MONTH TO DATE    5.0                       4.9    0.1      7.2
  SINCE SEP 1      5.0                       6.2   -1.2      7.2
  SINCE JUL 1      5.0                       6.2   -1.2      7.2
  SNOW DEPTH       1

DEGREE DAYS
 HEATING
  TODAY           29                        36     -7       48
  MONTH TO DATE  444                       661   -217      495
  SINCE SEP 1    897                      1370   -473      934
  SINCE JUL 1    905                      1401   -496      974

 COOLING
  TODAY            0                         0      0        0
  MONTH TO DATE    0                         0      0        0
  SINCE SEP 1     99                        65     34      140
  SINCE JAN 1    879                       690    189      715
..................................................................


WIND (MPH)
  HIGHEST WIND SPEED    18   HIGHEST WIND DIRECTION    SE (130)
  HIGHEST GUST SPEED    37   HIGHEST GUST DIRECTION    SE (140)
  AVERAGE WIND SPEED    11.4


SKY COVER
  POSSIBLE SUNSHINE  MM
  AVERAGE SKY COVER 1.0


WEATHER CONDITIONS
 THE FOLLOWING WEATHER WAS RECORDED TODAY.
  LIGHT RAIN
  FOG


RELATIVE HUMIDITY (PERCENT)
 HIGHEST   100          1100 AM
 LOWEST     82          1200 AM
 AVERAGE    91

..........................................................


THE SIOUX FALLS SD CLIMATE NORMALS FOR TOMORROW
                         NORMAL    RECORD    YEAR
 MAXIMUM TEMPERATURE (F)   38        60      1902
 MINIMUM TEMPERATURE (F)   19       -11      1898


SUNRISE AND SUNSET
NOVEMBER 22 2016......SUNRISE   730 AM CST   SUNSET   456 PM CST
NOVEMBER 23 2016......SUNRISE   732 AM CST   SUNSET   455 PM CST


-  INDICATES NEGATIVE NUMBERS.
R  INDICATES RECORD WAS SET OR TIED.
MM INDICATES DATA IS MISSING.
T  INDICATES TRACE AMOUNT.




$$
