233
CDUS43 KFSD 242300
CLIFSD


CLIMATE REPORT
NATIONAL WEATHER SERVICE SIOUX FALLS SD
500 PM CST SUN JAN 24 2016


...................................

...THE SIOUX FALLS SD CLIMATE SUMMARY FOR JANUARY 24 2016...
VALID TODAY AS OF 0500 PM LOCAL TIME.

CLIMATE NORMAL PERIOD 1981 TO 2010
CLIMATE RECORD PERIOD 1893 TO 2016


WEATHER ITEM   OBSERVED TIME   RECORD YEAR NORMAL DEPARTURE LAST
                VALUE   (LST)  VALUE       VALUE  FROM      YEAR
                                                  NORMAL
..................................................................
TEMPERATURE (F)
 TODAY
  MAXIMUM         30    359 PM  66    1981  27      3       42
  MINIMUM         15    313 AM -32    1904   7      8       28
                                      1894
  AVERAGE         23                        17      6       35

PRECIPITATION (IN)
  TODAY            0.00          0.22 1956   0.01  -0.01     0.08
                                      1941
  MONTH TO DATE    0.43                      0.43   0.00     0.55
  SINCE DEC 1      1.74                      1.12   0.62     1.88
  SINCE JAN 1      0.43                      0.43   0.00     0.55

SNOWFALL (IN)
  TODAY            0.0           2.6  1956   0.3   -0.3      0.2
  MONTH TO DATE    6.1                       5.9    0.2      6.5
  SINCE DEC 1     25.2                      14.1   11.1     12.4
  SINCE JUL 1     42.5                      22.8   19.7     20.7
  SNOW DEPTH       7

DEGREE DAYS
 HEATING
  TODAY           42                        48     -6       30
  MONTH TO DATE 1216                      1170     46     1137
  SINCE DEC 1   2410                      2591   -181     2386
  SINCE JUL 1   3684                      4303   -619     4142

 COOLING
  TODAY            0                         0      0        0
  MONTH TO DATE    0                         0      0        0
  SINCE DEC 1      0                         0      0        0
  SINCE JAN 1      0                         0      0        0
..................................................................


WIND (MPH)
  HIGHEST WIND SPEED    14   HIGHEST WIND DIRECTION     E (70)
  HIGHEST GUST SPEED    16   HIGHEST GUST DIRECTION     E (70)
  AVERAGE WIND SPEED     4.8


SKY COVER
  POSSIBLE SUNSHINE  MM
  AVERAGE SKY COVER 0.8


WEATHER CONDITIONS
 THE FOLLOWING WEATHER WAS RECORDED TODAY.
  FOG
  FOG W/VISIBILITY <= 1/4 MILE


RELATIVE HUMIDITY (PERCENT)
 HIGHEST    96          1200 AM
 LOWEST     78           300 PM
 AVERAGE    87

..........................................................


THE SIOUX FALLS SD CLIMATE NORMALS FOR TOMORROW
                         NORMAL    RECORD    YEAR
 MAXIMUM TEMPERATURE (F)   27        57      1944
 MINIMUM TEMPERATURE (F)    7       -28      1905
                                             1904


SUNRISE AND SUNSET
JANUARY 24 2016.......SUNRISE   751 AM CST   SUNSET   527 PM CST
JANUARY 25 2016.......SUNRISE   751 AM CST   SUNSET   528 PM CST


-  INDICATES NEGATIVE NUMBERS.
R  INDICATES RECORD WAS SET OR TIED.
MM INDICATES DATA IS MISSING.
T  INDICATES TRACE AMOUNT.




$$
