000
CDUS43 KFSD 140633
CLIFSD


CLIMATE REPORT
NATIONAL WEATHER SERVICE SIOUX FALLS SD
133 AM CDT THU AUG 14 2014


...................................

...THE SIOUX FALLS SD CLIMATE SUMMARY FOR AUGUST 13 2014...

CLIMATE NORMAL PERIOD 1981 TO 2010
CLIMATE RECORD PERIOD 1893 TO 2014


WEATHER ITEM   OBSERVED TIME   RECORD YEAR NORMAL DEPARTURE LAST
                VALUE   (LST)  VALUE       VALUE  FROM      YEAR
                                                  NORMAL
..................................................................
TEMPERATURE (F)
 YESTERDAY
  MAXIMUM         83    438 PM 101    1965  82      1       76
  MINIMUM         53    530 AM  37    1964  60     -7       52
  AVERAGE         68                        71     -3       64

PRECIPITATION (IN)
  YESTERDAY        0.00          1.40 1909   0.10  -0.10     0.00
  MONTH TO DATE    1.02                      1.31  -0.29     2.42
  SINCE JUN 1     15.52                      8.32   7.20     7.30
  SINCE JAN 1     20.50                     17.65   2.85    19.61

SNOWFALL (IN)
  YESTERDAY        0.0           0.0    MM   0.0    0.0      0.0
  MONTH TO DATE    0.0                       0.0    0.0      0.0
  SINCE JUN 1      T                         0.0    0.0      0.0
  SINCE JUL 1      T                         0.0    0.0      0.0
  SNOW DEPTH       0

DEGREE DAYS
 HEATING
  YESTERDAY        0                         0      0        1
  MONTH TO DATE    0                         0      0        5
  SINCE JUN 1     47                        59    -12       93
  SINCE JUL 1     15                         8      7       24

 COOLING
  YESTERDAY        3                         7     -4        0
  MONTH TO DATE   59                        97    -38       39
  SINCE JUN 1    367                       488   -121      424
  SINCE JAN 1    420                       524   -104      466
..................................................................


WIND (MPH)
  HIGHEST WIND SPEED    13   HIGHEST WIND DIRECTION     S (160)
  HIGHEST GUST SPEED    15   HIGHEST GUST DIRECTION    SE (140)
  AVERAGE WIND SPEED     4.9


SKY COVER
  POSSIBLE SUNSHINE  MM
  AVERAGE SKY COVER 0.1


WEATHER CONDITIONS
 THE FOLLOWING WEATHER WAS RECORDED YESTERDAY.
  NO SIGNIFICANT WEATHER WAS OBSERVED.


RELATIVE HUMIDITY (PERCENT)
 HIGHEST    93           300 AM
 LOWEST     37           400 PM
 AVERAGE    65

..........................................................


THE SIOUX FALLS SD CLIMATE NORMALS FOR TODAY
                         NORMAL    RECORD    YEAR
 MAXIMUM TEMPERATURE (F)   82        99      1970
 MINIMUM TEMPERATURE (F)   60        43      2004


SUNRISE AND SUNSET
AUGUST 14 2014........SUNRISE   631 AM CDT   SUNSET   832 PM CDT
AUGUST 15 2014........SUNRISE   632 AM CDT   SUNSET   830 PM CDT


-  INDICATES NEGATIVE NUMBERS.
R  INDICATES RECORD WAS SET OR TIED.
MM INDICATES DATA IS MISSING.
T  INDICATES TRACE AMOUNT.




$$
