000
CDUS43 KFSD 090622
CLIFSD


CLIMATE REPORT
NATIONAL WEATHER SERVICE SIOUX FALLS SD
121 AM CDT TUE SEP 9 2014


...................................

...THE SIOUX FALLS SD CLIMATE SUMMARY FOR SEPTEMBER 8 2014...

CLIMATE NORMAL PERIOD 1981 TO 2010
CLIMATE RECORD PERIOD 1893 TO 2014


WEATHER ITEM   OBSERVED TIME   RECORD YEAR NORMAL DEPARTURE LAST
                VALUE   (LST)  VALUE       VALUE  FROM      YEAR
                                                  NORMAL
..................................................................
TEMPERATURE (F)
 YESTERDAY
  MAXIMUM         74    419 PM  98    1947  76     -2       82
  MINIMUM         60    541 AM  36    1992  53      7       67
  AVERAGE         67                        65      2       75

PRECIPITATION (IN)
  YESTERDAY        0.15          2.88 1946   0.10   0.05     0.00
  MONTH TO DATE    0.20                      0.78  -0.58      T
  SINCE SEP 1      0.20                      0.78  -0.58      T
  SINCE JAN 1     24.63                     20.17   4.46    20.42

SNOWFALL (IN)
  YESTERDAY        0.0           0.0    MM   0.0    0.0      0.0
  MONTH TO DATE    0.0                       0.0    0.0      0.0
  SINCE SEP 1      0.0                       0.0    0.0      0.0
  SINCE JUL 1      T                         0.0    0.0      0.0
  SNOW DEPTH       0

DEGREE DAYS
 HEATING
  YESTERDAY        0                         3     -3        0
  MONTH TO DATE   13                        20     -7        1
  SINCE SEP 1     13                        20     -7        1
  SINCE JUL 1     31                        51    -20       35

 COOLING
  YESTERDAY        2                         3     -1       10
  MONTH TO DATE   19                        29    -10       63
  SINCE SEP 1     19                        29    -10       63
  SINCE JAN 1    570                       654    -84      717
..................................................................


WIND (MPH)
  HIGHEST WIND SPEED    33   HIGHEST WIND DIRECTION     S (200)
  HIGHEST GUST SPEED    42   HIGHEST GUST DIRECTION     S (200)
  AVERAGE WIND SPEED    14.1


SKY COVER
  POSSIBLE SUNSHINE  MM
  AVERAGE SKY COVER 0.5


WEATHER CONDITIONS
 THE FOLLOWING WEATHER WAS RECORDED YESTERDAY.
  THUNDERSTORM
  RAIN
  LIGHT RAIN


RELATIVE HUMIDITY (PERCENT)
 HIGHEST    93           900 PM
 LOWEST     66          1000 AM
 AVERAGE    80

..........................................................


THE SIOUX FALLS SD CLIMATE NORMALS FOR TODAY
                         NORMAL    RECORD    YEAR
 MAXIMUM TEMPERATURE (F)   76       101      1904
 MINIMUM TEMPERATURE (F)   53        34      1898


SUNRISE AND SUNSET
SEPTEMBER  9 2014.....SUNRISE   700 AM CDT   SUNSET   748 PM CDT
SEPTEMBER 10 2014.....SUNRISE   701 AM CDT   SUNSET   746 PM CDT


-  INDICATES NEGATIVE NUMBERS.
R  INDICATES RECORD WAS SET OR TIED.
MM INDICATES DATA IS MISSING.
T  INDICATES TRACE AMOUNT.




$$
