397
CDUS43 KFSD 190649
CLIFSD


CLIMATE REPORT
NATIONAL WEATHER SERVICE SIOUX FALLS SD
148 AM CDT SUN MAR 19 2017


...................................

...THE SIOUX FALLS SD CLIMATE SUMMARY FOR MARCH 18 2017...

CLIMATE NORMAL PERIOD 1981 TO 2010
CLIMATE RECORD PERIOD 1893 TO 2017


WEATHER ITEM   OBSERVED TIME   RECORD YEAR NORMAL DEPARTURE LAST
                VALUE   (LST)  VALUE       VALUE  FROM      YEAR
                                                  NORMAL
..................................................................
TEMPERATURE (F)
 YESTERDAY
  MAXIMUM         51    527 PM  85    2012  44      7       37
  MINIMUM         24    655 AM -12    1923  24      0       22
  AVERAGE         38                        34      4       30

PRECIPITATION (IN)
  YESTERDAY        0.00          1.50 1905   0.06  -0.06     0.02
  MONTH TO DATE    0.43                      0.80  -0.37     0.14
  SINCE MAR 1      0.43                      0.80  -0.37     0.14
  SINCE JAN 1      1.54                      1.96  -0.42     1.82

SNOWFALL (IN)
  YESTERDAY        0.0           9.4  2005   0.3   -0.3      0.4
  MONTH TO DATE    8.0                       5.4    2.6      0.7
  SINCE MAR 1      8.0                       5.4    2.6      0.7
  SINCE JUL 1     39.4                      36.9    2.5     57.0
  SNOW DEPTH       0

DEGREE DAYS
 HEATING
  YESTERDAY       27                        31     -4       35
  MONTH TO DATE  635                       628      7      429
  SINCE MAR 1    635                       628      7      429
  SINCE JUL 1   5441                      6478  -1037     5465

 COOLING
  YESTERDAY        0                         0      0        0
  MONTH TO DATE    0                         0      0        0
  SINCE MAR 1      0                         0      0        0
  SINCE JAN 1      0                         0      0        0
..................................................................


WIND (MPH)
  HIGHEST WIND SPEED    15   HIGHEST WIND DIRECTION    SE (140)
  HIGHEST GUST SPEED    20   HIGHEST GUST DIRECTION    SE (130)
  AVERAGE WIND SPEED     7.9


SKY COVER
  POSSIBLE SUNSHINE  MM
  AVERAGE SKY COVER 0.3


WEATHER CONDITIONS
 THE FOLLOWING WEATHER WAS RECORDED YESTERDAY.
  NO SIGNIFICANT WEATHER WAS OBSERVED.


RELATIVE HUMIDITY (PERCENT)
 HIGHEST    92           400 AM
 LOWEST     30           300 PM
 AVERAGE    61

..........................................................


THE SIOUX FALLS SD CLIMATE NORMALS FOR TODAY
                         NORMAL    RECORD    YEAR
 MAXIMUM TEMPERATURE (F)   44        75      1976
 MINIMUM TEMPERATURE (F)   24        -5      1965


SUNRISE AND SUNSET
MARCH 19 2017.........SUNRISE   731 AM CDT   SUNSET   738 PM CDT
MARCH 20 2017.........SUNRISE   730 AM CDT   SUNSET   740 PM CDT


-  INDICATES NEGATIVE NUMBERS.
R  INDICATES RECORD WAS SET OR TIED.
MM INDICATES DATA IS MISSING.
T  INDICATES TRACE AMOUNT.




$$
