000
CDUS43 KFSD 290628
CLIFSD


CLIMATE REPORT
NATIONAL WEATHER SERVICE SIOUX FALLS SD
1228 AM CST MON JAN 29 2018


...................................

...THE SIOUX FALLS SD CLIMATE SUMMARY FOR JANUARY 28 2018...

CLIMATE NORMAL PERIOD 1981 TO 2010
CLIMATE RECORD PERIOD 1893 TO 2018


WEATHER ITEM   OBSERVED TIME   RECORD YEAR NORMAL DEPARTURE LAST
                VALUE   (LST)  VALUE       VALUE  FROM      YEAR
                                                  NORMAL
..................................................................
TEMPERATURE (F)
 YESTERDAY
  MAXIMUM         21   1224 AM  55    1896  27     -6       35
  MINIMUM          1   1151 PM -27    1966   7     -6       22
  AVERAGE         11                        17     -6       29

PRECIPITATION (IN)
  YESTERDAY        T             0.80 1909   0.01  -0.01      T
  MONTH TO DATE    0.38                      0.50  -0.12     0.62
  SINCE DEC 1      1.06                      1.19  -0.13     2.54
  SINCE JAN 1      0.38                      0.50  -0.12     0.62

SNOWFALL (IN)
  YESTERDAY        T             7.7  1947   0.2   -0.2       T
  MONTH TO DATE    5.8                       6.9   -1.1      9.4
  SINCE DEC 1     16.2                      15.1    1.1     20.3
  SINCE JUL 1     16.4                      23.8   -7.4     26.3
  SNOW DEPTH       2

DEGREE DAYS
 HEATING
  YESTERDAY       54                        48      6       36
  MONTH TO DATE 1333                      1362    -29     1263
  SINCE DEC 1   2685                      2783    -98     2652
  SINCE JUL 1   4094                      4495   -401     3787

 COOLING
  YESTERDAY        0                         0      0        0
  MONTH TO DATE    0                         0      0        0
  SINCE DEC 1      0                         0      0        0
  SINCE JAN 1      0                         0      0        0
..................................................................


WIND (MPH)
  HIGHEST WIND SPEED    21   HIGHEST WIND DIRECTION     N (340)
  HIGHEST GUST SPEED    25   HIGHEST GUST DIRECTION     N (350)
  AVERAGE WIND SPEED     7.0


SKY COVER
  POSSIBLE SUNSHINE  MM
  AVERAGE SKY COVER 0.5


WEATHER CONDITIONS
 THE FOLLOWING WEATHER WAS RECORDED YESTERDAY.
  NO SIGNIFICANT WEATHER WAS OBSERVED.


RELATIVE HUMIDITY (PERCENT)
 HIGHEST    95          1100 PM
 LOWEST     67           400 PM
 AVERAGE    81

..........................................................


THE SIOUX FALLS SD CLIMATE NORMALS FOR TODAY
                         NORMAL    RECORD    YEAR
 MAXIMUM TEMPERATURE (F)   27        62      1931
 MINIMUM TEMPERATURE (F)    8       -29      1966


SUNRISE AND SUNSET
JANUARY 29 2018.......SUNRISE   746 AM CST   SUNSET   534 PM CST
JANUARY 30 2018.......SUNRISE   745 AM CST   SUNSET   536 PM CST


-  INDICATES NEGATIVE NUMBERS.
R  INDICATES RECORD WAS SET OR TIED.
MM INDICATES DATA IS MISSING.
T  INDICATES TRACE AMOUNT.




$$
