000
CDUS43 KFSD 300657
CLIFSD


CLIMATE REPORT
NATIONAL WEATHER SERVICE SIOUX FALLS SD
157 AM CDT FRI JUN 30 2017


...................................

...THE SIOUX FALLS SD CLIMATE SUMMARY FOR JUNE 29 2017...

CLIMATE NORMAL PERIOD 1981 TO 2010
CLIMATE RECORD PERIOD 1893 TO 2017


WEATHER ITEM   OBSERVED TIME   RECORD YEAR NORMAL DEPARTURE LAST
                VALUE   (LST)  VALUE       VALUE  FROM      YEAR
                                                  NORMAL
..................................................................
TEMPERATURE (F)
 YESTERDAY
  MAXIMUM         80    228 PM 101    2002  83     -3       81
  MINIMUM         56    301 AM  42    1950  60     -4       63
  AVERAGE         68                        72     -4       72

PRECIPITATION (IN)
  YESTERDAY        0.02          2.68 1997   0.12  -0.10     0.45
  MONTH TO DATE    3.29                      3.80  -0.51     1.72
  SINCE JUN 1      3.29                      3.80  -0.51     1.72
  SINCE JAN 1     11.04                     13.13  -2.09    13.22

SNOWFALL (IN)
  YESTERDAY        0.0           0.0    MM   0.0    0.0      0.0
  MONTH TO DATE    0.0                       0.0    0.0      0.0
  SINCE JUN 1      0.0                       0.0    0.0      0.0
  SINCE JUL 1     42.9                      44.5   -1.6     68.5
  SNOW DEPTH       0

DEGREE DAYS
 HEATING
  YESTERDAY        0                         0      0        0
  MONTH TO DATE   26                        52    -26        9
  SINCE JUN 1     26                        52    -26        9
  SINCE JUL 1   6463                      7707  -1244     6504

 COOLING
  YESTERDAY        3                         7     -4        7
  MONTH TO DATE  197                       128     69      234
  SINCE JUN 1    197                       128     69      234
  SINCE JAN 1    223                       164     59      267
..................................................................


WIND (MPH)
  HIGHEST WIND SPEED    23   HIGHEST WIND DIRECTION    SE (120)
  HIGHEST GUST SPEED    29   HIGHEST GUST DIRECTION     E (110)
  AVERAGE WIND SPEED     5.9


SKY COVER
  POSSIBLE SUNSHINE  MM
  AVERAGE SKY COVER 0.7


WEATHER CONDITIONS
 THE FOLLOWING WEATHER WAS RECORDED YESTERDAY.
  THUNDERSTORM
  LIGHT RAIN


RELATIVE HUMIDITY (PERCENT)
 HIGHEST   100           300 AM
 LOWEST     48           300 PM
 AVERAGE    74

..........................................................


THE SIOUX FALLS SD CLIMATE NORMALS FOR TODAY
                         NORMAL    RECORD    YEAR
 MAXIMUM TEMPERATURE (F)   83       103      1894
 MINIMUM TEMPERATURE (F)   61        43      1924


SUNRISE AND SUNSET
JUNE 30 2017..........SUNRISE   549 AM CDT   SUNSET   912 PM CDT
JULY  1 2017..........SUNRISE   550 AM CDT   SUNSET   912 PM CDT


-  INDICATES NEGATIVE NUMBERS.
R  INDICATES RECORD WAS SET OR TIED.
MM INDICATES DATA IS MISSING.
T  INDICATES TRACE AMOUNT.




$$
