000
CDUS43 KFSD 230634
CLIFSD


CLIMATE REPORT
NATIONAL WEATHER SERVICE SIOUX FALLS SD
1232 AM CST FRI DEC 23 2016


...................................

...THE SIOUX FALLS SD CLIMATE SUMMARY FOR DECEMBER 22 2016...

CLIMATE NORMAL PERIOD 1981 TO 2010
CLIMATE RECORD PERIOD 1893 TO 2016


WEATHER ITEM   OBSERVED TIME   RECORD YEAR NORMAL DEPARTURE LAST
                VALUE   (LST)  VALUE       VALUE  FROM      YEAR
                                                  NORMAL
..................................................................
TEMPERATURE (F)
 YESTERDAY
  MAXIMUM         38    846 PM  54    1982  27     11       42
                                      1972
  MINIMUM         11    758 AM -26    1989   8      3       21
                                      1983
  AVERAGE         25                        17      8       32

PRECIPITATION (IN)
  YESTERDAY        0.00          0.81 1968   0.02  -0.02      T
  MONTH TO DATE    0.69                      0.52   0.17     0.38
  SINCE DEC 1      0.69                      0.52   0.17     0.38
  SINCE JAN 1     31.00                     26.21   4.79    32.01

SNOWFALL (IN)
  YESTERDAY        0.0          12.0  1968   0.3   -0.3       T
  MONTH TO DATE   10.9                       6.0    4.9      2.0
  SINCE DEC 1     10.9                       6.0    4.9      2.0
  SINCE JUL 1     16.9                      14.7    2.2     19.3
  SNOW DEPTH       2

DEGREE DAYS
 HEATING
  YESTERDAY       40                        48     -8       33
  MONTH TO DATE 1061                       987     74      775
  SINCE DEC 1   1061                       987     74      775
  SINCE JUL 1   2196                      2699   -503     2049

 COOLING
  YESTERDAY        0                         0      0        0
  MONTH TO DATE    0                         0      0        0
  SINCE DEC 1      0                         0      0        0
  SINCE JAN 1    879                       690    189      715
..................................................................


WIND (MPH)
  HIGHEST WIND SPEED    18   HIGHEST WIND DIRECTION     S (200)
  HIGHEST GUST SPEED    22   HIGHEST GUST DIRECTION     S (200)
  AVERAGE WIND SPEED     8.8


SKY COVER
  POSSIBLE SUNSHINE  MM
  AVERAGE SKY COVER 0.5


WEATHER CONDITIONS
 THE FOLLOWING WEATHER WAS RECORDED YESTERDAY.
  HAZE


RELATIVE HUMIDITY (PERCENT)
 HIGHEST   100           800 AM
 LOWEST     59           300 PM
 AVERAGE    80

..........................................................


THE SIOUX FALLS SD CLIMATE NORMALS FOR TODAY
                         NORMAL    RECORD    YEAR
 MAXIMUM TEMPERATURE (F)   27        57      1899
 MINIMUM TEMPERATURE (F)    8       -28      1990


SUNRISE AND SUNSET
DECEMBER 23 2016......SUNRISE   758 AM CST   SUNSET   455 PM CST
DECEMBER 24 2016......SUNRISE   758 AM CST   SUNSET   455 PM CST


-  INDICATES NEGATIVE NUMBERS.
R  INDICATES RECORD WAS SET OR TIED.
MM INDICATES DATA IS MISSING.
T  INDICATES TRACE AMOUNT.




$$
