000
CDUS43 KFSD 290654
CLIFSD


CLIMATE REPORT
NATIONAL WEATHER SERVICE SIOUX FALLS SD
153 AM CDT WED OCT 29 2014


...................................

...THE SIOUX FALLS SD CLIMATE SUMMARY FOR OCTOBER 28 2014...

CLIMATE NORMAL PERIOD 1981 TO 2010
CLIMATE RECORD PERIOD 1893 TO 2014


WEATHER ITEM   OBSERVED TIME   RECORD YEAR NORMAL DEPARTURE LAST
                VALUE   (LST)  VALUE       VALUE  FROM      YEAR
                                                  NORMAL
..................................................................
TEMPERATURE (F)
 YESTERDAY
  MAXIMUM         46    301 PM  79    1937  54     -8       43
  MINIMUM         40    303 AM   2    1925  32      8       31
  AVERAGE         43                        43      0       37

PRECIPITATION (IN)
  YESTERDAY        T             1.19 1961   0.05  -0.05     0.04
  MONTH TO DATE    0.67                      2.02  -1.35     2.82
  SINCE SEP 1      2.95                      4.79  -1.84     3.59
  SINCE JAN 1     27.38                     24.18   3.20    24.01

SNOWFALL (IN)
  YESTERDAY        0.0           4.5  1925   0.1   -0.1       T
  MONTH TO DATE    0.0                       1.0   -1.0      0.4
  SINCE SEP 1      0.0                       1.0   -1.0      0.4
  SINCE JUL 1      T                         1.0   -1.0      0.4
  SNOW DEPTH       0

DEGREE DAYS
 HEATING
  YESTERDAY       22                        22      0       28
  MONTH TO DATE  367                       466    -99      459
  SINCE SEP 1    497                       639   -142      525
  SINCE JUL 1    515                       670   -155      559

 COOLING
  YESTERDAY        0                         0      0        0
  MONTH TO DATE    0                         0      0        3
  SINCE SEP 1     59                        60     -1      133
  SINCE JAN 1    610                       685    -75      787
..................................................................


WIND (MPH)
  HIGHEST WIND SPEED    32   HIGHEST WIND DIRECTION    NW (310)
  HIGHEST GUST SPEED    38   HIGHEST GUST DIRECTION    NW (300)
  AVERAGE WIND SPEED    17.3


SKY COVER
  POSSIBLE SUNSHINE  MM
  AVERAGE SKY COVER 0.8


WEATHER CONDITIONS
 THE FOLLOWING WEATHER WAS RECORDED YESTERDAY.
  LIGHT RAIN


RELATIVE HUMIDITY (PERCENT)
 HIGHEST    79           100 AM
 LOWEST     58           500 PM
 AVERAGE    69

..........................................................


THE SIOUX FALLS SD CLIMATE NORMALS FOR TODAY
                         NORMAL    RECORD    YEAR
 MAXIMUM TEMPERATURE (F)   53        86      1937
 MINIMUM TEMPERATURE (F)   31        -5      1925


SUNRISE AND SUNSET
OCTOBER 29 2014.......SUNRISE   759 AM CDT   SUNSET   622 PM CDT
OCTOBER 30 2014.......SUNRISE   800 AM CDT   SUNSET   621 PM CDT


-  INDICATES NEGATIVE NUMBERS.
R  INDICATES RECORD WAS SET OR TIED.
MM INDICATES DATA IS MISSING.
T  INDICATES TRACE AMOUNT.




$$
