000
CDUS43 KFSD 010041
CLIFSD


CLIMATE REPORT
NATIONAL WEATHER SERVICE SIOUX FALLS SD
738 PM CDT THU JUL 31 2014


...................................

...THE SIOUX FALLS SD CLIMATE SUMMARY FOR JULY 31 2014...
VALID AS OF 0700 PM LOCAL TIME.

CLIMATE NORMAL PERIOD 1981 TO 2010
CLIMATE RECORD PERIOD 1893 TO 2014


WEATHER ITEM   OBSERVED TIME   RECORD YEAR NORMAL DEPARTURE LAST
                VALUE   (LST)  VALUE       VALUE  FROM      YEAR
                                                  NORMAL
..................................................................
TEMPERATURE (F)
 TODAY
  MAXIMUM         80    353 PM 107    1988  84     -4       81
  MINIMUM         53    458 AM  45    1903  62     -9       56
  AVERAGE         67                        73     -6       69

PRECIPITATION (IN)
  TODAY            T             2.38 1921   0.10  -0.10     0.01
  MONTH TO DATE    0.80                      3.09  -2.29     0.60
  SINCE JUN 1     14.50                      7.01   7.49     4.88
  SINCE JAN 1     19.48                     16.34   3.14    17.19

SNOWFALL (IN)
  TODAY            0.0           0.0    MM   0.0    0.0      0.0
  MONTH TO DATE    T                         0.0    0.0      0.0
  SINCE JUN 1      T                         0.0    0.0      0.0
  SINCE JUL 1      T                         0.0    0.0      0.0
  SNOW DEPTH       0

DEGREE DAYS
 HEATING
  TODAY            0                         0      0        0
  MONTH TO DATE   15                         0     15       19
  SINCE JUN 1     47                        59    -12       88
  SINCE JUL 1     15                         8      7       19

 COOLING
  TODAY            2                         8     -6        4
  MONTH TO DATE  172                       256    -84      249
  SINCE JUN 1    308                       391    -83      385
  SINCE JAN 1    361                       427    -66      427
..................................................................


WIND (MPH)
  HIGHEST WIND SPEED    12   HIGHEST WIND DIRECTION     W (280)
  HIGHEST GUST SPEED    18   HIGHEST GUST DIRECTION     W (270)
  AVERAGE WIND SPEED     2.3


SKY COVER
  POSSIBLE SUNSHINE  MM
  AVERAGE SKY COVER 0.5


WEATHER CONDITIONS
 THE FOLLOWING WEATHER WAS RECORDED TODAY.
  THUNDERSTORM
  LIGHT RAIN


RELATIVE HUMIDITY (PERCENT)
 HIGHEST    93           200 AM
 LOWEST     52          1200 PM
 AVERAGE    73

..........................................................


THE SIOUX FALLS SD CLIMATE NORMALS FOR TOMORROW
                         NORMAL    RECORD    YEAR
 MAXIMUM TEMPERATURE (F)   84       102      2012
 MINIMUM TEMPERATURE (F)   62        45      1904


SUNRISE AND SUNSET
JULY 31 2014..........SUNRISE   615 AM CDT   SUNSET   851 PM CDT
AUGUST  1 2014........SUNRISE   616 AM CDT   SUNSET   850 PM CDT


-  INDICATES NEGATIVE NUMBERS.
R  INDICATES RECORD WAS SET OR TIED.
MM INDICATES DATA IS MISSING.
T  INDICATES TRACE AMOUNT.




&&
.........................................................

ADDITIONAL WEATHER INFORMATION FOR TODAY
        TEMPERATURE / HUMIDITY
AT  4 AM      55    /    92%
AT  7 AM      58    /    93%
AT 10 AM      72    /    63%
AT  1 PM      78    /    52%
AT  4 PM      79    /    45%
AT  7 PM      72    /    70%

$$
