309
CDUS43 KFSD 290629
CLIFSD


CLIMATE REPORT
NATIONAL WEATHER SERVICE SIOUX FALLS SD
1228 AM CST WED NOV 29 2017


...................................

...THE SIOUX FALLS SD CLIMATE SUMMARY FOR NOVEMBER 28 2017...

CLIMATE NORMAL PERIOD 1981 TO 2010
CLIMATE RECORD PERIOD 1893 TO 2017


WEATHER ITEM   OBSERVED TIME   RECORD YEAR NORMAL DEPARTURE LAST
                VALUE   (LST)  VALUE       VALUE  FROM      YEAR
                                                  NORMAL
..................................................................
TEMPERATURE (F)
 YESTERDAY
  MAXIMUM         53    255 PM  66    1941  35     18       50
  MINIMUM         22   1133 PM -11    1896  16      6       32
  AVERAGE         38                        26     12       41

PRECIPITATION (IN)
  YESTERDAY        0.00          1.16 2005   0.04  -0.04     0.19
  MONTH TO DATE    0.03                      1.29  -1.26     1.75
  SINCE SEP 1      6.93                      6.23   0.70    12.39
  SINCE JAN 1     24.52                     25.62  -1.10    30.25

SNOWFALL (IN)
  YESTERDAY        0.0           5.6  2005   0.3   -0.3      0.4
  MONTH TO DATE    0.2                       6.8   -6.6      5.4
  SINCE SEP 1      0.2                       8.1   -7.9      5.4
  SINCE JUL 1      0.2                       8.1   -7.9      5.4
  SNOW DEPTH       0

DEGREE DAYS
 HEATING
  YESTERDAY       27                        40    -13       24
  MONTH TO DATE  809                       890    -81      610
  SINCE SEP 1   1346                      1599   -253     1063
  SINCE JUL 1   1352                      1630   -278     1071

 COOLING
  YESTERDAY        0                         0      0        0
  MONTH TO DATE    0                         0      0        0
  SINCE SEP 1    102                        65     37       99
  SINCE JAN 1    776                       690     86      879
..................................................................


WIND (MPH)
  HIGHEST WIND SPEED    25   HIGHEST WIND DIRECTION    NW (330)
  HIGHEST GUST SPEED    32   HIGHEST GUST DIRECTION    NW (330)
  AVERAGE WIND SPEED    11.6


SKY COVER
  POSSIBLE SUNSHINE  MM
  AVERAGE SKY COVER 0.3


WEATHER CONDITIONS
 THE FOLLOWING WEATHER WAS RECORDED YESTERDAY.
  NO SIGNIFICANT WEATHER WAS OBSERVED.


RELATIVE HUMIDITY (PERCENT)
 HIGHEST    68          1100 PM
 LOWEST     21           400 PM
 AVERAGE    45

..........................................................


THE SIOUX FALLS SD CLIMATE NORMALS FOR TODAY
                         NORMAL    RECORD    YEAR
 MAXIMUM TEMPERATURE (F)   34        60      1973
 MINIMUM TEMPERATURE (F)   16       -14      1964


SUNRISE AND SUNSET
NOVEMBER 29 2017......SUNRISE   738 AM CST   SUNSET   452 PM CST
NOVEMBER 30 2017......SUNRISE   739 AM CST   SUNSET   452 PM CST


-  INDICATES NEGATIVE NUMBERS.
R  INDICATES RECORD WAS SET OR TIED.
MM INDICATES DATA IS MISSING.
T  INDICATES TRACE AMOUNT.




$$
