000
CDUS43 KFSD 302230
CLIFSD


CLIMATE REPORT
NATIONAL WEATHER SERVICE SIOUX FALLS SD
530 PM CDT TUE MAY 30 2017


...................................

...THE SIOUX FALLS SD CLIMATE SUMMARY FOR MAY 30 2017...
VALID TODAY AS OF 0500 PM LOCAL TIME.

CLIMATE NORMAL PERIOD 1981 TO 2010
CLIMATE RECORD PERIOD 1893 TO 2017


WEATHER ITEM   OBSERVED TIME   RECORD YEAR NORMAL DEPARTURE LAST
                VALUE   (LST)  VALUE       VALUE  FROM      YEAR
                                                  NORMAL
..................................................................
TEMPERATURE (F)
 TODAY
  MAXIMUM         70    344 PM 104    1934  74     -4       82
  MINIMUM         49   1246 AM  30    1897  51     -2       54
  AVERAGE         60                        62     -2       68

PRECIPITATION (IN)
  TODAY            0.00          1.95 1943   0.13  -0.13     0.13
  MONTH TO DATE    3.23                      3.28  -0.05     2.95
  SINCE MAR 1      6.64                      8.05  -1.41     9.66
  SINCE JAN 1      7.75                      9.21  -1.46    11.34

SNOWFALL (IN)
  TODAY            0.0          MM      MM   0.0    0.0      0.0
  MONTH TO DATE    2.2                       0.4    1.8      0.0
  SINCE MAR 1     11.5                      13.4   -1.9     12.2
  SINCE JUL 1     42.9                      44.9   -2.0     68.5
  SNOW DEPTH       0

DEGREE DAYS
 HEATING
  TODAY            5                         4      1        0
  MONTH TO DATE  239                       244     -5      213
  SINCE MAR 1   1623                      1801   -178     1459
  SINCE JUL 1   6429                      7651  -1222     6495

 COOLING
  TODAY            0                         2     -2        3
  MONTH TO DATE   25                        30     -5       32
  SINCE MAR 1     26                        35     -9       32
  SINCE JAN 1     26                        35     -9       32
..................................................................


WIND (MPH)
  HIGHEST WIND SPEED    24   HIGHEST WIND DIRECTION    NW (310)
  HIGHEST GUST SPEED    34   HIGHEST GUST DIRECTION    NW (300)
  AVERAGE WIND SPEED    11.6


SKY COVER
  POSSIBLE SUNSHINE  MM
  AVERAGE SKY COVER 0.5


WEATHER CONDITIONS
 THE FOLLOWING WEATHER WAS RECORDED TODAY.
  NO SIGNIFICANT WEATHER WAS OBSERVED.


RELATIVE HUMIDITY (PERCENT)
 HIGHEST    86          1200 AM
 LOWEST     39           200 PM
 AVERAGE    63

..........................................................


THE SIOUX FALLS SD CLIMATE NORMALS FOR TOMORROW
                         NORMAL    RECORD    YEAR
 MAXIMUM TEMPERATURE (F)   74       100      1934
 MINIMUM TEMPERATURE (F)   51        30      1897


SUNRISE AND SUNSET
MAY 30 2017...........SUNRISE   550 AM CDT   SUNSET   900 PM CDT
MAY 31 2017...........SUNRISE   549 AM CDT   SUNSET   901 PM CDT


-  INDICATES NEGATIVE NUMBERS.
R  INDICATES RECORD WAS SET OR TIED.
MM INDICATES DATA IS MISSING.
T  INDICATES TRACE AMOUNT.




$$
