000
CDUS43 KFSD 142225
CLIFSD


CLIMATE REPORT
NATIONAL WEATHER SERVICE SIOUX FALLS SD
523 PM CDT TUE JUL 14 2015


...................................

...THE SIOUX FALLS SD CLIMATE SUMMARY FOR JULY 14 2015...
VALID TODAY AS OF 0500 PM LOCAL TIME.

CLIMATE NORMAL PERIOD 1981 TO 2010
CLIMATE RECORD PERIOD 1893 TO 2015


WEATHER ITEM   OBSERVED TIME   RECORD YEAR NORMAL DEPARTURE LAST
                VALUE   (LST)  VALUE       VALUE  FROM      YEAR
                                                  NORMAL
..................................................................
TEMPERATURE (F)
 TODAY
  MAXIMUM         87    359 PM 103    1936  84      3       69
  MINIMUM         66    505 AM  42    1967  62      4       53
  AVERAGE         77                        73      4       61

PRECIPITATION (IN)
  TODAY            0.00          1.99 2011   0.09  -0.09     0.00
  MONTH TO DATE    1.98                      1.43   0.55     0.46
  SINCE JUN 1      6.27                      5.35   0.92    14.16
  SINCE JAN 1     12.82                     14.68  -1.86    19.14

SNOWFALL (IN)
  TODAY            0.0           0.0    MM   0.0    0.0      0.0
  MONTH TO DATE    0.0                       0.0    0.0      0.0
  SINCE JUN 1      0.0                       0.0    0.0       T
  SINCE JUL 1      0.0                       0.0    0.0      0.0
  SNOW DEPTH       0

DEGREE DAYS
 HEATING
  TODAY            0                         0      0        4
  MONTH TO DATE    6                         0      6        8
  SINCE JUN 1     15                        51    -36       40
  SINCE JUL 1      6                         0      6        8

 COOLING
  TODAY           12                         9      3        0
  MONTH TO DATE   88                       113    -25       92
  SINCE JUN 1    227                       248    -21      228
  SINCE JAN 1    249                       284    -35      281
..................................................................


WIND (MPH)
  HIGHEST WIND SPEED    12   HIGHEST WIND DIRECTION     N (360)
  HIGHEST GUST SPEED    16   HIGHEST GUST DIRECTION     N (350)
  AVERAGE WIND SPEED     6.8


SKY COVER
  POSSIBLE SUNSHINE  MM
  AVERAGE SKY COVER 0.2


WEATHER CONDITIONS
 THE FOLLOWING WEATHER WAS RECORDED TODAY.
  NO SIGNIFICANT WEATHER WAS OBSERVED.


RELATIVE HUMIDITY (PERCENT)
 HIGHEST    87           500 AM
 LOWEST     50           400 PM
 AVERAGE    69

..........................................................


THE SIOUX FALLS SD CLIMATE NORMALS FOR TOMORROW
                         NORMAL    RECORD    YEAR
 MAXIMUM TEMPERATURE (F)   84       103      1936
                                             1931
 MINIMUM TEMPERATURE (F)   62        45      1906


SUNRISE AND SUNSET
JULY 14 2015..........SUNRISE   558 AM CDT   SUNSET   907 PM CDT
JULY 15 2015..........SUNRISE   559 AM CDT   SUNSET   906 PM CDT


-  INDICATES NEGATIVE NUMBERS.
R  INDICATES RECORD WAS SET OR TIED.
MM INDICATES DATA IS MISSING.
T  INDICATES TRACE AMOUNT.




$$
