000
CDUS43 KFSD 140021
CLIFSD


CLIMATE REPORT
NATIONAL WEATHER SERVICE SIOUX FALLS SD
720 PM CDT SUN JUL 13 2014


...................................

...THE SIOUX FALLS SD CLIMATE SUMMARY FOR JULY 13 2014...
VALID AS OF 0700 PM LOCAL TIME.

CLIMATE NORMAL PERIOD 1981 TO 2010
CLIMATE RECORD PERIOD 1893 TO 2014


WEATHER ITEM   OBSERVED TIME   RECORD YEAR NORMAL DEPARTURE LAST
                VALUE   (LST)  VALUE       VALUE  FROM      YEAR
                                                  NORMAL
..................................................................
TEMPERATURE (F)
 TODAY
  MAXIMUM         83    404 PM 106    1995  84     -1       88
  MINIMUM         64    539 AM  44    1950  62      2       74
                                      1926
  AVERAGE         74                        73      1       81

PRECIPITATION (IN)
  TODAY            0.00          1.11 1921   0.10  -0.10     0.00
  MONTH TO DATE    0.46                      1.34  -0.88     0.25
  SINCE JUN 1     14.16                      5.26   8.90     4.53
  SINCE JAN 1     19.14                     14.59   4.55    16.84

SNOWFALL (IN)
  TODAY            0.0           0.0    MM   0.0    0.0      0.0
  MONTH TO DATE    0.0                       0.0    0.0      0.0
  SINCE JUN 1      T                         0.0    0.0      0.0
  SINCE JUL 1      0.0                       0.0    0.0      0.0
  SNOW DEPTH       0

DEGREE DAYS
 HEATING
  TODAY            0                         0      0        0
  MONTH TO DATE    4                         0      4        0
  SINCE JUN 1     36                        51    -15       69
  SINCE JUL 1      4                         0      4        0

 COOLING
  TODAY            9                         9      0       16
  MONTH TO DATE   95                       104     -9      124
  SINCE JUN 1    231                       239     -8      260
  SINCE JAN 1    284                       275      9      302
..................................................................


WIND (MPH)
  HIGHEST WIND SPEED    20   HIGHEST WIND DIRECTION    NW (330)
  HIGHEST GUST SPEED    31   HIGHEST GUST DIRECTION    NW (300)
  AVERAGE WIND SPEED     7.5


SKY COVER
  POSSIBLE SUNSHINE  MM
  AVERAGE SKY COVER 0.2


WEATHER CONDITIONS
 THE FOLLOWING WEATHER WAS RECORDED TODAY.
  NO SIGNIFICANT WEATHER WAS OBSERVED.


RELATIVE HUMIDITY (PERCENT)
 HIGHEST    93           200 AM
 LOWEST     42           500 PM
 AVERAGE    68

..........................................................


THE SIOUX FALLS SD CLIMATE NORMALS FOR TOMORROW
                         NORMAL    RECORD    YEAR
 MAXIMUM TEMPERATURE (F)   84       103      1936
 MINIMUM TEMPERATURE (F)   62        42      1967


SUNRISE AND SUNSET
JULY 13 2014..........SUNRISE   558 AM CDT   SUNSET   907 PM CDT
JULY 14 2014..........SUNRISE   559 AM CDT   SUNSET   906 PM CDT


-  INDICATES NEGATIVE NUMBERS.
R  INDICATES RECORD WAS SET OR TIED.
MM INDICATES DATA IS MISSING.
T  INDICATES TRACE AMOUNT.




&&
.........................................................

ADDITIONAL WEATHER INFORMATION FOR TODAY
        TEMPERATURE / HUMIDITY
AT  4 AM      67    /    90%
AT  7 AM      66    /    86%
AT 10 AM      75    /    68%
AT  1 PM      80    /    50%
AT  4 PM      83    /    42%
AT  7 PM      80    /    48%

$$
