000
CDUS43 KFSD 070620
CLIFSD


CLIMATE REPORT
NATIONAL WEATHER SERVICE SIOUX FALLS SD
1220 AM CST SUN DEC 7 2014


...................................

...THE SIOUX FALLS SD CLIMATE SUMMARY FOR DECEMBER 6 2014...

CLIMATE NORMAL PERIOD 1981 TO 2010
CLIMATE RECORD PERIOD 1893 TO 2014


WEATHER ITEM   OBSERVED TIME   RECORD YEAR NORMAL DEPARTURE LAST
                VALUE   (LST)  VALUE       VALUE  FROM      YEAR
                                                  NORMAL
..................................................................
TEMPERATURE (F)
 YESTERDAY
  MAXIMUM         37    237 PM  59    1939  31      6       -3
  MINIMUM         12    733 AM -22    1972  12      0      -14
  AVERAGE         25                        22      3       -8

PRECIPITATION (IN)
  YESTERDAY        0.00          0.44 1951   0.03  -0.03     0.00
  MONTH TO DATE    T                         0.17  -0.17     0.59
  SINCE DEC 1      T                         0.17  -0.17     0.59
  SINCE JAN 1     27.94                     25.86   2.08    25.25

SNOWFALL (IN)
  YESTERDAY        0.0           2.5  1893   0.3   -0.3      0.0
  MONTH TO DATE    T                         1.7   -1.7      6.2
  SINCE DEC 1      T                         1.7   -1.7      6.2
  SINCE JUL 1      8.3                      10.4   -2.1     14.1
  SNOW DEPTH       0

DEGREE DAYS
 HEATING
  YESTERDAY       40                        43     -3       73
  MONTH TO DATE  245                       253     -8      284
  SINCE DEC 1    245                       253     -8      284
  SINCE JUL 1   2001                      1965     36     1905

 COOLING
  YESTERDAY        0                         0      0        0
  MONTH TO DATE    0                         0      0        0
  SINCE DEC 1      0                         0      0        0
  SINCE JAN 1    610                       690    -80      787
..................................................................


WIND (MPH)
  HIGHEST WIND SPEED    16   HIGHEST WIND DIRECTION     S (160)
  HIGHEST GUST SPEED    27   HIGHEST GUST DIRECTION     S (160)
  AVERAGE WIND SPEED     7.5


SKY COVER
  POSSIBLE SUNSHINE  MM
  AVERAGE SKY COVER 0.5


WEATHER CONDITIONS
 THE FOLLOWING WEATHER WAS RECORDED YESTERDAY.
  NO SIGNIFICANT WEATHER WAS OBSERVED.


RELATIVE HUMIDITY (PERCENT)
 HIGHEST    92           100 AM
 LOWEST     52           100 PM
 AVERAGE    72

..........................................................


THE SIOUX FALLS SD CLIMATE NORMALS FOR TODAY
                         NORMAL    RECORD    YEAR
 MAXIMUM TEMPERATURE (F)   31        61      1984
 MINIMUM TEMPERATURE (F)   12       -20      1976


SUNRISE AND SUNSET
DECEMBER  7 2014......SUNRISE   746 AM CST   SUNSET   450 PM CST
DECEMBER  8 2014......SUNRISE   747 AM CST   SUNSET   450 PM CST


-  INDICATES NEGATIVE NUMBERS.
R  INDICATES RECORD WAS SET OR TIED.
MM INDICATES DATA IS MISSING.
T  INDICATES TRACE AMOUNT.




$$
