000
CDUS43 KFSD 250643
CLIFSD


CLIMATE REPORT
NATIONAL WEATHER SERVICE SIOUX FALLS SD
1243 AM CST WED FEB 25 2015


...................................

...THE SIOUX FALLS SD CLIMATE SUMMARY FOR FEBRUARY 24 2015...

CLIMATE NORMAL PERIOD 1981 TO 2010
CLIMATE RECORD PERIOD 1893 TO 2015


WEATHER ITEM   OBSERVED TIME   RECORD YEAR NORMAL DEPARTURE LAST
                VALUE   (LST)  VALUE       VALUE  FROM      YEAR
                                                  NORMAL
..................................................................
TEMPERATURE (F)
 YESTERDAY
  MAXIMUM         41    312 PM  61    1996  34      7       17
  MINIMUM         26    356 AM -30    1965  15     11        2
  AVERAGE         34                        24     10       10

PRECIPITATION (IN)
  YESTERDAY        T             0.57 2007   0.03  -0.03     0.17
  MONTH TO DATE    0.26                      0.49  -0.23     0.67
  SINCE DEC 1      2.40                      1.74   0.66     2.11
  SINCE JAN 1      1.07                      1.05   0.02     0.98

SNOWFALL (IN)
  YESTERDAY        T             3.7  2001   0.2   -0.2      2.0
  MONTH TO DATE    4.1                       5.8   -1.7      8.9
  SINCE DEC 1     19.8                      21.7   -1.9     26.2
  SINCE JUL 1     28.1                      30.4   -2.3     34.1
  SNOW DEPTH       0

DEGREE DAYS
 HEATING
  YESTERDAY       31                        40     -9       55
  MONTH TO DATE 1147                      1061     86     1239
  SINCE DEC 1   3761                      3981   -220     4482
  SINCE JUL 1   5517                      5693   -176     6103

 COOLING
  YESTERDAY        0                         0      0        0
  MONTH TO DATE    0                         0      0        0
  SINCE DEC 1      0                         0      0        0
  SINCE JAN 1      0                         0      0        0
..................................................................


WIND (MPH)
  HIGHEST WIND SPEED    30   HIGHEST WIND DIRECTION    NW (330)
  HIGHEST GUST SPEED    38   HIGHEST GUST DIRECTION    NW (330)
  AVERAGE WIND SPEED    15.1


SKY COVER
  POSSIBLE SUNSHINE  MM
  AVERAGE SKY COVER 0.6


WEATHER CONDITIONS
 THE FOLLOWING WEATHER WAS RECORDED YESTERDAY.
  LIGHT SNOW


RELATIVE HUMIDITY (PERCENT)
 HIGHEST    69           600 AM
 LOWEST     44           100 PM
 AVERAGE    57

..........................................................


THE SIOUX FALLS SD CLIMATE NORMALS FOR TODAY
                         NORMAL    RECORD    YEAR
 MAXIMUM TEMPERATURE (F)   35        63      1896
 MINIMUM TEMPERATURE (F)   15       -14      1965


SUNRISE AND SUNSET
FEBRUARY 25 2015......SUNRISE   710 AM CST   SUNSET   610 PM CST
FEBRUARY 26 2015......SUNRISE   709 AM CST   SUNSET   612 PM CST


-  INDICATES NEGATIVE NUMBERS.
R  INDICATES RECORD WAS SET OR TIED.
MM INDICATES DATA IS MISSING.
T  INDICATES TRACE AMOUNT.




$$
