000
CDUS43 KFSD 030643
CLIFSD


CLIMATE REPORT
NATIONAL WEATHER SERVICE SIOUX FALLS SD
141 AM CDT MON AUG 3 2015


...................................

...THE SIOUX FALLS SD CLIMATE SUMMARY FOR AUGUST 2 2015...

CLIMATE NORMAL PERIOD 1981 TO 2010
CLIMATE RECORD PERIOD 1893 TO 2015


WEATHER ITEM   OBSERVED TIME   RECORD YEAR NORMAL DEPARTURE LAST
                VALUE   (LST)  VALUE       VALUE  FROM      YEAR
                                                  NORMAL
..................................................................
TEMPERATURE (F)
 YESTERDAY
  MAXIMUM         86    226 PM 101    1936  84      2       82
                                      1930
  MINIMUM         61   1150 PM  44    1904  62     -1       57
  AVERAGE         74                        73      1       70

PRECIPITATION (IN)
  YESTERDAY        0.00          3.94 1959   0.10  -0.10     0.02
  MONTH TO DATE    0.00                      0.21  -0.21     0.02
  SINCE JUN 1      8.48                      7.22   1.26    14.52
  SINCE JAN 1     15.03                     16.55  -1.52    19.50

SNOWFALL (IN)
  YESTERDAY        0.0           0.0    MM   0.0    0.0      0.0
  MONTH TO DATE    0.0                       0.0    0.0      0.0
  SINCE JUN 1      0.0                       0.0    0.0       T
  SINCE JUL 1      0.0                       0.0    0.0       T
  SNOW DEPTH       0

DEGREE DAYS
 HEATING
  YESTERDAY        0                         0      0        0
  MONTH TO DATE    0                         0      0        0
  SINCE JUN 1     15                        59    -44       47
  SINCE JUL 1      6                         8     -2       15

 COOLING
  YESTERDAY        9                         8      1        5
  MONTH TO DATE   17                        16      1        9
  SINCE JUN 1    392                       407    -15      317
  SINCE JAN 1    414                       443    -29      370
..................................................................


WIND (MPH)
  HIGHEST WIND SPEED    17   HIGHEST WIND DIRECTION     N (350)
  HIGHEST GUST SPEED    22   HIGHEST GUST DIRECTION     N (350)
  AVERAGE WIND SPEED     8.2


SKY COVER
  POSSIBLE SUNSHINE  MM
  AVERAGE SKY COVER 0.2


WEATHER CONDITIONS
 THE FOLLOWING WEATHER WAS RECORDED YESTERDAY.
  THUNDERSTORM


RELATIVE HUMIDITY (PERCENT)
 HIGHEST    87           500 AM
 LOWEST     47           500 PM
 AVERAGE    67

..........................................................


THE SIOUX FALLS SD CLIMATE NORMALS FOR TODAY
                         NORMAL    RECORD    YEAR
 MAXIMUM TEMPERATURE (F)   83       105      1930
 MINIMUM TEMPERATURE (F)   62        39      1894


SUNRISE AND SUNSET
AUGUST  3 2015........SUNRISE   618 AM CDT   SUNSET   847 PM CDT
AUGUST  4 2015........SUNRISE   619 AM CDT   SUNSET   846 PM CDT


-  INDICATES NEGATIVE NUMBERS.
R  INDICATES RECORD WAS SET OR TIED.
MM INDICATES DATA IS MISSING.
T  INDICATES TRACE AMOUNT.




$$
