000
CDUS43 KFSD 260642
CLIFSD


CLIMATE REPORT
NATIONAL WEATHER SERVICE SIOUX FALLS SD
141 AM CDT WED APR 26 2017


...................................

...THE SIOUX FALLS SD CLIMATE SUMMARY FOR APRIL 25 2017...

CLIMATE NORMAL PERIOD 1981 TO 2010
CLIMATE RECORD PERIOD 1893 TO 2017


WEATHER ITEM   OBSERVED TIME   RECORD YEAR NORMAL DEPARTURE LAST
                VALUE   (LST)  VALUE       VALUE  FROM      YEAR
                                                  NORMAL
..................................................................
TEMPERATURE (F)
 YESTERDAY
  MAXIMUM         44   1200 AM  94    1962  63    -19       58
  MINIMUM         37   1159 PM  22    1918  38     -1       46
  AVERAGE         41                        51    -10       52

PRECIPITATION (IN)
  YESTERDAY        0.28          2.30 1893   0.11   0.17      T
  MONTH TO DATE    1.49                      2.49  -1.00     2.34
  SINCE MAR 1      2.03                      4.25  -2.22     4.43
  SINCE JAN 1      3.14                      5.41  -2.27     6.11

SNOWFALL (IN)
  YESTERDAY        0.0           6.0  1893   0.0    0.0      0.0
  MONTH TO DATE    T                         4.2   -4.2       T
  SINCE MAR 1      8.0                      12.6   -4.6     12.2
  SINCE JUL 1     39.4                      44.1   -4.7     68.5
  SNOW DEPTH       0

DEGREE DAYS
 HEATING
  YESTERDAY       24                        15      9       13
  MONTH TO DATE  346                       494   -148      378
  SINCE MAR 1   1256                      1489   -233     1142
  SINCE JUL 1   6062                      7339  -1277     6178

 COOLING
  YESTERDAY        0                         0      0        0
  MONTH TO DATE    1                         0      1        0
  SINCE MAR 1      1                         0      1        0
  SINCE JAN 1      1                         0      1        0
..................................................................


WIND (MPH)
  HIGHEST WIND SPEED    23   HIGHEST WIND DIRECTION     N (350)
  HIGHEST GUST SPEED    28   HIGHEST GUST DIRECTION     N (340)
  AVERAGE WIND SPEED    13.6


SKY COVER
  POSSIBLE SUNSHINE  MM
  AVERAGE SKY COVER 0.9


WEATHER CONDITIONS
 THE FOLLOWING WEATHER WAS RECORDED YESTERDAY.
  RAIN
  LIGHT RAIN
  FOG


RELATIVE HUMIDITY (PERCENT)
 HIGHEST   100           100 PM
 LOWEST     82           100 AM
 AVERAGE    91

..........................................................


THE SIOUX FALLS SD CLIMATE NORMALS FOR TODAY
                         NORMAL    RECORD    YEAR
 MAXIMUM TEMPERATURE (F)   63        88      1987
                                             1901
 MINIMUM TEMPERATURE (F)   39        21      1931


SUNRISE AND SUNSET
APRIL 26 2017.........SUNRISE   626 AM CDT   SUNSET   824 PM CDT
APRIL 27 2017.........SUNRISE   625 AM CDT   SUNSET   825 PM CDT


-  INDICATES NEGATIVE NUMBERS.
R  INDICATES RECORD WAS SET OR TIED.
MM INDICATES DATA IS MISSING.
T  INDICATES TRACE AMOUNT.




$$
