000
CDUS43 KFSD 040725
CLIFSD


CLIMATE REPORT
NATIONAL WEATHER SERVICE SIOUX FALLS SD
124 AM CST SUN DEC 4 2016


...................................

...THE SIOUX FALLS SD CLIMATE SUMMARY FOR DECEMBER 3 2016...

CLIMATE NORMAL PERIOD 1981 TO 2010
CLIMATE RECORD PERIOD 1893 TO 2016


WEATHER ITEM   OBSERVED TIME   RECORD YEAR NORMAL DEPARTURE LAST
                VALUE   (LST)  VALUE       VALUE  FROM      YEAR
                                                  NORMAL
..................................................................
TEMPERATURE (F)
 YESTERDAY
  MAXIMUM         36    415 PM  63    1998  32      4       33
  MINIMUM         25    138 AM -10    1919  14     11        2
  AVERAGE         31                        23      8       18

PRECIPITATION (IN)
  YESTERDAY        T             1.41 1955   0.03  -0.03      T
  MONTH TO DATE    T                         0.09  -0.09     0.05
  SINCE DEC 1      T                         0.09  -0.09     0.05
  SINCE JAN 1     30.31                     25.78   4.53    31.68

SNOWFALL (IN)
  YESTERDAY        T            10.9  1955   0.3   -0.3       T
  MONTH TO DATE    T                         0.8   -0.8      0.9
  SINCE DEC 1      T                         0.8   -0.8      0.9
  SINCE JUL 1      6.0                       9.5   -3.5     18.2
  SNOW DEPTH       0

DEGREE DAYS
 HEATING
  YESTERDAY       34                        42     -8       47
  MONTH TO DATE   99                       125    -26      129
  SINCE DEC 1     99                       125    -26      129
  SINCE JUL 1   1234                      1837   -603     1403

 COOLING
  YESTERDAY        0                         0      0        0
  MONTH TO DATE    0                         0      0        0
  SINCE DEC 1      0                         0      0        0
  SINCE JAN 1    879                       690    189      715
..................................................................


WIND (MPH)
  HIGHEST WIND SPEED    22   HIGHEST WIND DIRECTION     S (190)
  HIGHEST GUST SPEED    27   HIGHEST GUST DIRECTION     S (200)
  AVERAGE WIND SPEED    11.4


SKY COVER
  POSSIBLE SUNSHINE  MM
  AVERAGE SKY COVER 0.8


WEATHER CONDITIONS
 THE FOLLOWING WEATHER WAS RECORDED YESTERDAY.
  LIGHT RAIN
  SNOW
  LIGHT SNOW
  FOG


RELATIVE HUMIDITY (PERCENT)
 HIGHEST   100           800 AM
 LOWEST     82          1200 PM
 AVERAGE    91

..........................................................


THE SIOUX FALLS SD CLIMATE NORMALS FOR TODAY
                         NORMAL    RECORD    YEAR
 MAXIMUM TEMPERATURE (F)   32        53      1946
 MINIMUM TEMPERATURE (F)   13       -13      1978


SUNRISE AND SUNSET
DECEMBER  4 2016......SUNRISE   744 AM CST   SUNSET   451 PM CST
DECEMBER  5 2016......SUNRISE   745 AM CST   SUNSET   450 PM CST


-  INDICATES NEGATIVE NUMBERS.
R  INDICATES RECORD WAS SET OR TIED.
MM INDICATES DATA IS MISSING.
T  INDICATES TRACE AMOUNT.




$$
