585
CDUS43 KFSD 170622
CLIFSD


CLIMATE REPORT
NATIONAL WEATHER SERVICE SIOUX FALLS SD
1221 AM CST SAT FEB 17 2018


...................................

...THE SIOUX FALLS SD CLIMATE SUMMARY FOR FEBRUARY 16 2018...

CLIMATE NORMAL PERIOD 1981 TO 2010
CLIMATE RECORD PERIOD 1893 TO 2018


WEATHER ITEM   OBSERVED TIME   RECORD YEAR NORMAL DEPARTURE LAST
                VALUE   (LST)  VALUE       VALUE  FROM      YEAR
                                                  NORMAL
..................................................................
TEMPERATURE (F)
 YESTERDAY
  MAXIMUM         25   1159 PM  64    1981  32     -7       59
  MINIMUM          1    735 AM -30    1936  12    -11       26
  AVERAGE         13                        22     -9       43

PRECIPITATION (IN)
  YESTERDAY        0.00          0.68 1932   0.01  -0.01     0.00
  MONTH TO DATE    0.42                      0.29   0.13     0.10
  SINCE DEC 1      1.48                      1.54  -0.06     2.64
  SINCE JAN 1      0.80                      0.85  -0.05     0.72

SNOWFALL (IN)
  YESTERDAY        0.0           8.0  1938   0.2   -0.2      0.0
  MONTH TO DATE    6.0                       3.8    2.2       T
  SINCE DEC 1     22.2                      19.7    2.5     20.3
  SINCE JUL 1     22.4                      28.4   -6.0     26.3
  SNOW DEPTH       T

DEGREE DAYS
 HEATING
  YESTERDAY       52                        43      9       22
  MONTH TO DATE  867                       727    140      595
  SINCE DEC 1   3688                      3647     41     3341
  SINCE JUL 1   5097                      5359   -262     4476

 COOLING
  YESTERDAY        0                         0      0        0
  MONTH TO DATE    0                         0      0        0
  SINCE DEC 1      0                         0      0        0
  SINCE JAN 1      0                         0      0        0
..................................................................


WIND (MPH)
  HIGHEST WIND SPEED    24   HIGHEST WIND DIRECTION     S (190)
  HIGHEST GUST SPEED    29   HIGHEST GUST DIRECTION     S (200)
  AVERAGE WIND SPEED    11.9


SKY COVER
  POSSIBLE SUNSHINE  MM
  AVERAGE SKY COVER 0.2


WEATHER CONDITIONS
 THE FOLLOWING WEATHER WAS RECORDED YESTERDAY.
  NO SIGNIFICANT WEATHER WAS OBSERVED.


RELATIVE HUMIDITY (PERCENT)
 HIGHEST    79           500 AM
 LOWEST     49           100 PM
 AVERAGE    64

..........................................................


THE SIOUX FALLS SD CLIMATE NORMALS FOR TODAY
                         NORMAL    RECORD    YEAR
 MAXIMUM TEMPERATURE (F)   32        70      1981
 MINIMUM TEMPERATURE (F)   12       -21      1958


SUNRISE AND SUNSET
FEBRUARY 17 2018......SUNRISE   722 AM CST   SUNSET   600 PM CST
FEBRUARY 18 2018......SUNRISE   721 AM CST   SUNSET   601 PM CST


-  INDICATES NEGATIVE NUMBERS.
R  INDICATES RECORD WAS SET OR TIED.
MM INDICATES DATA IS MISSING.
T  INDICATES TRACE AMOUNT.




$$
