000
CDUS43 KFSD 250711
CLIFSD


CLIMATE REPORT
NATIONAL WEATHER SERVICE SIOUX FALLS SD
210 AM CDT TUE APR 25 2017


...................................

...THE SIOUX FALLS SD CLIMATE SUMMARY FOR APRIL 24 2017...

CLIMATE NORMAL PERIOD 1981 TO 2010
CLIMATE RECORD PERIOD 1893 TO 2017


WEATHER ITEM   OBSERVED TIME   RECORD YEAR NORMAL DEPARTURE LAST
                VALUE   (LST)  VALUE       VALUE  FROM      YEAR
                                                  NORMAL
..................................................................
TEMPERATURE (F)
 YESTERDAY
  MAXIMUM         69    512 PM  89    1906  63      6       74
  MINIMUM         43   1157 PM  20    1967  38      5       56
  AVERAGE         56                        50      6       65

PRECIPITATION (IN)
  YESTERDAY        0.01          2.64 1953   0.11  -0.10     0.52
  MONTH TO DATE    1.21                      2.38  -1.17     2.34
  SINCE MAR 1      1.75                      4.14  -2.39     4.43
  SINCE JAN 1      2.86                      5.30  -2.44     6.11

SNOWFALL (IN)
  YESTERDAY        0.0           4.0  1937   0.2   -0.2      0.0
  MONTH TO DATE    T                         4.2   -4.2       T
  SINCE MAR 1      8.0                      12.6   -4.6     12.2
  SINCE JUL 1     39.4                      44.1   -4.7     68.5
  SNOW DEPTH       0

DEGREE DAYS
 HEATING
  YESTERDAY        9                        15     -6        0
  MONTH TO DATE  322                       479   -157      365
  SINCE MAR 1   1232                      1474   -242     1129
  SINCE JUL 1   6038                      7324  -1286     6165

 COOLING
  YESTERDAY        0                         0      0        0
  MONTH TO DATE    1                         0      1        0
  SINCE MAR 1      1                         0      1        0
  SINCE JAN 1      1                         0      1        0
..................................................................


WIND (MPH)
  HIGHEST WIND SPEED    29   HIGHEST WIND DIRECTION     S (180)
  HIGHEST GUST SPEED    41   HIGHEST GUST DIRECTION     S (180)
  AVERAGE WIND SPEED    14.1


SKY COVER
  POSSIBLE SUNSHINE  MM
  AVERAGE SKY COVER 0.7


WEATHER CONDITIONS
 THE FOLLOWING WEATHER WAS RECORDED YESTERDAY.
  LIGHT RAIN


RELATIVE HUMIDITY (PERCENT)
 HIGHEST    77           900 PM
 LOWEST     39          1200 AM
 AVERAGE    58

..........................................................


THE SIOUX FALLS SD CLIMATE NORMALS FOR TODAY
                         NORMAL    RECORD    YEAR
 MAXIMUM TEMPERATURE (F)   63        94      1962
 MINIMUM TEMPERATURE (F)   38        22      1918


SUNRISE AND SUNSET
APRIL 25 2017.........SUNRISE   628 AM CDT   SUNSET   823 PM CDT
APRIL 26 2017.........SUNRISE   626 AM CDT   SUNSET   824 PM CDT


-  INDICATES NEGATIVE NUMBERS.
R  INDICATES RECORD WAS SET OR TIED.
MM INDICATES DATA IS MISSING.
T  INDICATES TRACE AMOUNT.




$$
