000
CDUS43 KFSD 280631
CLIFSD


CLIMATE REPORT
NATIONAL WEATHER SERVICE SIOUX FALLS SD
1230 AM CST SAT FEB 28 2015


...................................

...THE SIOUX FALLS SD CLIMATE SUMMARY FOR FEBRUARY 27 2015...

CLIMATE NORMAL PERIOD 1981 TO 2010
CLIMATE RECORD PERIOD 1893 TO 2015


WEATHER ITEM   OBSERVED TIME   RECORD YEAR NORMAL DEPARTURE LAST
                VALUE   (LST)  VALUE       VALUE  FROM      YEAR
                                                  NORMAL
..................................................................
TEMPERATURE (F)
 YESTERDAY
  MAXIMUM         14    537 PM  63    1895  35    -21        6
  MINIMUM        -12    559 AM -19    1899  16    -28      -11
  AVERAGE          1                        26    -25       -2

PRECIPITATION (IN)
  YESTERDAY        0.00          1.00 1948   0.03  -0.03     0.00
  MONTH TO DATE    0.41                      0.57  -0.16     0.67
  SINCE DEC 1      2.55                      1.82   0.73     2.11
  SINCE JAN 1      1.22                      1.13   0.09     0.98

SNOWFALL (IN)
  YESTERDAY        0.0           6.8  1969   0.2   -0.2      0.0
  MONTH TO DATE    6.2                       6.6   -0.4      8.9
  SINCE DEC 1     21.9                      22.5   -0.6     26.2
  SINCE JUL 1     30.2                      31.2   -1.0     34.1
  SNOW DEPTH       2

DEGREE DAYS
 HEATING
  YESTERDAY       64                        39     25       67
  MONTH TO DATE 1330                      1180    150     1429
  SINCE DEC 1   3944                      4100   -156     4672
  SINCE JUL 1   5700                      5812   -112     6293

 COOLING
  YESTERDAY        0                         0      0        0
  MONTH TO DATE    0                         0      0        0
  SINCE DEC 1      0                         0      0        0
  SINCE JAN 1      0                         0      0        0
..................................................................


WIND (MPH)
  HIGHEST WIND SPEED    16   HIGHEST WIND DIRECTION     S (180)
  HIGHEST GUST SPEED    21   HIGHEST GUST DIRECTION     S (170)
  AVERAGE WIND SPEED     6.5


SKY COVER
  POSSIBLE SUNSHINE  MM
  AVERAGE SKY COVER 0.0


WEATHER CONDITIONS
 THE FOLLOWING WEATHER WAS RECORDED YESTERDAY.
  NO SIGNIFICANT WEATHER WAS OBSERVED.


RELATIVE HUMIDITY (PERCENT)
 HIGHEST    83           100 AM
 LOWEST     58          1200 PM
 AVERAGE    71

..........................................................


THE SIOUX FALLS SD CLIMATE NORMALS FOR TODAY
                         NORMAL    RECORD    YEAR
 MAXIMUM TEMPERATURE (F)   36        66      2000
 MINIMUM TEMPERATURE (F)   17       -31      1962


SUNRISE AND SUNSET
FEBRUARY 28 2015......SUNRISE   705 AM CST   SUNSET   614 PM CST
MARCH  1 2015.........SUNRISE   704 AM CST   SUNSET   615 PM CST


-  INDICATES NEGATIVE NUMBERS.
R  INDICATES RECORD WAS SET OR TIED.
MM INDICATES DATA IS MISSING.
T  INDICATES TRACE AMOUNT.




$$
