000
CDUS43 KFSD 030659
CLIFSD


CLIMATE REPORT
NATIONAL WEATHER SERVICE SIOUX FALLS SD
158 AM CDT TUE MAY 3 2016


...................................

...THE SIOUX FALLS SD CLIMATE SUMMARY FOR MAY 2 2016...

CLIMATE NORMAL PERIOD 1981 TO 2010
CLIMATE RECORD PERIOD 1893 TO 2016


WEATHER ITEM   OBSERVED TIME   RECORD YEAR NORMAL DEPARTURE LAST
                VALUE   (LST)  VALUE       VALUE  FROM      YEAR
                                                  NORMAL
..................................................................
TEMPERATURE (F)
 YESTERDAY
  MAXIMUM         63    418 PM  88    1955  66     -3       81
  MINIMUM         32    528 AM  22    1908  41     -9       42
  AVERAGE         48                        53     -5       62

PRECIPITATION (IN)
  YESTERDAY        0.00          2.05 1902   0.11  -0.11     0.00
  MONTH TO DATE    0.06                      0.22  -0.16      T
  SINCE MAR 1      6.77                      4.99   1.78     1.33
  SINCE JAN 1      8.45                      6.15   2.30     2.55

SNOWFALL (IN)
  YESTERDAY        0.0           0.2  1954   0.0    0.0      0.0
  MONTH TO DATE    0.0                       0.1   -0.1      0.0
  SINCE MAR 1     12.2                      13.1   -0.9      1.7
  SINCE JUL 1     68.5                      44.6   23.9     31.9
  SNOW DEPTH       0

DEGREE DAYS
 HEATING
  YESTERDAY       17                        12      5        3
  MONTH TO DATE   33                        24      9        3
  SINCE MAR 1   1279                      1581   -302     1254
  SINCE JUL 1   6315                      7431  -1116     7003

 COOLING
  YESTERDAY        0                         0      0        0
  MONTH TO DATE    0                         0      0        1
  SINCE MAR 1      0                         5     -5        5
  SINCE JAN 1      0                         5     -5        5
..................................................................


WIND (MPH)
  HIGHEST WIND SPEED    10   HIGHEST WIND DIRECTION    NW (330)
  HIGHEST GUST SPEED    14   HIGHEST GUST DIRECTION    NW (330)
  AVERAGE WIND SPEED     2.5


SKY COVER
  POSSIBLE SUNSHINE  MM
  AVERAGE SKY COVER 0.4


WEATHER CONDITIONS
 THE FOLLOWING WEATHER WAS RECORDED YESTERDAY.
  FOG


RELATIVE HUMIDITY (PERCENT)
 HIGHEST   100           600 AM
 LOWEST     36           300 PM
 AVERAGE    68

..........................................................


THE SIOUX FALLS SD CLIMATE NORMALS FOR TODAY
                         NORMAL    RECORD    YEAR
 MAXIMUM TEMPERATURE (F)   66        92      1949
 MINIMUM TEMPERATURE (F)   42        18      1967


SUNRISE AND SUNSET
MAY  3 2016...........SUNRISE   616 AM CDT   SUNSET   832 PM CDT
MAY  4 2016...........SUNRISE   615 AM CDT   SUNSET   833 PM CDT


-  INDICATES NEGATIVE NUMBERS.
R  INDICATES RECORD WAS SET OR TIED.
MM INDICATES DATA IS MISSING.
T  INDICATES TRACE AMOUNT.




$$
