000
CDUS43 KFSD 272225
CLIFSD


CLIMATE REPORT
NATIONAL WEATHER SERVICE SIOUX FALLS SD
423 PM CST MON FEB 27 2017


...................................

...THE SIOUX FALLS SD CLIMATE SUMMARY FOR FEBRUARY 27 2017...
VALID TODAY AS OF 0400 PM LOCAL TIME.

CLIMATE NORMAL PERIOD 1981 TO 2010
CLIMATE RECORD PERIOD 1893 TO 2017


WEATHER ITEM   OBSERVED TIME   RECORD YEAR NORMAL DEPARTURE LAST
                VALUE   (LST)  VALUE       VALUE  FROM      YEAR
                                                  NORMAL
..................................................................
TEMPERATURE (F)
 TODAY
  MAXIMUM         44    359 PM  63    2016  35      9       63
                                      1895
  MINIMUM         20    606 AM -19    1899  16      4       27
  AVERAGE         32                        26      6       45

PRECIPITATION (IN)
  TODAY            0.00          1.00 1948   0.03  -0.03     0.00
  MONTH TO DATE    0.40                      0.57  -0.17     0.77
  SINCE DEC 1      2.94                      1.82   1.12     2.56
  SINCE JAN 1      1.02                      1.13  -0.11     1.25

SNOWFALL (IN)
  TODAY            0.0           6.8  1969   0.2   -0.2      0.0
  MONTH TO DATE    5.1                       6.6   -1.5      8.5
  SINCE DEC 1     25.4                      22.5    2.9     34.5
  SINCE JUL 1     31.4                      31.2    0.2     51.8
  SNOW DEPTH       1

DEGREE DAYS
 HEATING
  TODAY           33                        39     -6       20
  MONTH TO DATE  897                      1180   -283     1036
  SINCE DEC 1   3643                      4100   -457     3698
  SINCE JUL 1   4778                      5812  -1034     4972

 COOLING
  TODAY            0                         0      0        0
  MONTH TO DATE    0                         0      0        0
  SINCE DEC 1      0                         0      0        0
  SINCE JAN 1      0                         0      0        0
..................................................................


WIND (MPH)
  HIGHEST WIND SPEED    25   HIGHEST WIND DIRECTION     S (180)
  HIGHEST GUST SPEED    29   HIGHEST GUST DIRECTION     S (180)
  AVERAGE WIND SPEED    10.3


SKY COVER
  POSSIBLE SUNSHINE  MM
  AVERAGE SKY COVER 0.4


WEATHER CONDITIONS
 THE FOLLOWING WEATHER WAS RECORDED TODAY.
  NO SIGNIFICANT WEATHER WAS OBSERVED.


RELATIVE HUMIDITY (PERCENT)
 HIGHEST    88           700 AM
 LOWEST     49           100 PM
 AVERAGE    69

..........................................................


THE SIOUX FALLS SD CLIMATE NORMALS FOR TOMORROW
                         NORMAL    RECORD    YEAR
 MAXIMUM TEMPERATURE (F)   36        66      2000
 MINIMUM TEMPERATURE (F)   17       -31      1962


SUNRISE AND SUNSET
FEBRUARY 27 2017......SUNRISE   706 AM CST   SUNSET   614 PM CST
FEBRUARY 28 2017......SUNRISE   705 AM CST   SUNSET   615 PM CST


-  INDICATES NEGATIVE NUMBERS.
R  INDICATES RECORD WAS SET OR TIED.
MM INDICATES DATA IS MISSING.
T  INDICATES TRACE AMOUNT.




$$
