000
CDUS43 KFSD 242233
CLIFSD


CLIMATE REPORT
NATIONAL WEATHER SERVICE SIOUX FALLS SD
431 PM CST TUE JAN 24 2017


...................................

...THE SIOUX FALLS SD CLIMATE SUMMARY FOR JANUARY 24 2017...
VALID TODAY AS OF 0400 PM LOCAL TIME.

CLIMATE NORMAL PERIOD 1981 TO 2010
CLIMATE RECORD PERIOD 1893 TO 2017


WEATHER ITEM   OBSERVED TIME   RECORD YEAR NORMAL DEPARTURE LAST
                VALUE   (LST)  VALUE       VALUE  FROM      YEAR
                                                  NORMAL
..................................................................
TEMPERATURE (F)
 TODAY
  MAXIMUM         32   1144 AM  66    1981  27      5       31
  MINIMUM         30    351 PM -32    1904   7     23       15
                                      1894
  AVERAGE         31                        17     14       23

PRECIPITATION (IN)
  TODAY            T             0.22 1956   0.01  -0.01      T
                                      1941
  MONTH TO DATE    0.17                      0.43  -0.26     0.43
  SINCE DEC 1      2.09                      1.12   0.97     1.74
  SINCE JAN 1      0.17                      0.43  -0.26     0.43

SNOWFALL (IN)
  TODAY            T             2.6  1956   0.3   -0.3       T
  MONTH TO DATE    2.1                       5.9   -3.8      6.1
  SINCE DEC 1     13.0                      14.1   -1.1     25.2
  SINCE JUL 1     19.0                      22.8   -3.8     42.5
  SNOW DEPTH       0

DEGREE DAYS
 HEATING
  TODAY           34                        48    -14       42
  MONTH TO DATE 1097                      1170    -73     1216
  SINCE DEC 1   2486                      2591   -105     2410
  SINCE JUL 1   3621                      4303   -682     3684

 COOLING
  TODAY            0                         0      0        0
  MONTH TO DATE    0                         0      0        0
  SINCE DEC 1      0                         0      0        0
  SINCE JAN 1      0                         0      0        0
..................................................................


WIND (MPH)
  HIGHEST WIND SPEED    21   HIGHEST WIND DIRECTION     E (90)
  HIGHEST GUST SPEED    24   HIGHEST GUST DIRECTION     E (80)
  AVERAGE WIND SPEED    12.2


SKY COVER
  POSSIBLE SUNSHINE  MM
  AVERAGE SKY COVER 1.0


WEATHER CONDITIONS
 THE FOLLOWING WEATHER WAS RECORDED TODAY.
  LIGHT SNOW
  FOG


RELATIVE HUMIDITY (PERCENT)
 HIGHEST   100           500 AM
 LOWEST     85           700 AM
 AVERAGE    93

..........................................................


THE SIOUX FALLS SD CLIMATE NORMALS FOR TOMORROW
                         NORMAL    RECORD    YEAR
 MAXIMUM TEMPERATURE (F)   27        57      1944
 MINIMUM TEMPERATURE (F)    7       -28      1905
                                             1904


SUNRISE AND SUNSET
JANUARY 24 2017.......SUNRISE   751 AM CST   SUNSET   528 PM CST
JANUARY 25 2017.......SUNRISE   750 AM CST   SUNSET   529 PM CST


-  INDICATES NEGATIVE NUMBERS.
R  INDICATES RECORD WAS SET OR TIED.
MM INDICATES DATA IS MISSING.
T  INDICATES TRACE AMOUNT.




$$
