000
CDUS43 KFSD 222221
CLIFSD


CLIMATE REPORT
NATIONAL WEATHER SERVICE SIOUX FALLS SD
519 PM CDT SUN OCT 22 2017


...................................

...THE SIOUX FALLS SD CLIMATE SUMMARY FOR OCTOBER 22 2017...
VALID TODAY AS OF 0500 PM LOCAL TIME.

CLIMATE NORMAL PERIOD 1981 TO 2010
CLIMATE RECORD PERIOD 1893 TO 2017


WEATHER ITEM   OBSERVED TIME   RECORD YEAR NORMAL DEPARTURE LAST
                VALUE   (LST)  VALUE       VALUE  FROM      YEAR
                                                  NORMAL
..................................................................
TEMPERATURE (F)
 TODAY
  MAXIMUM         68    339 PM  84    1901  57     11       71
  MINIMUM         36    502 AM  17    1916  34      2       34
  AVERAGE         52                        45      7       53

PRECIPITATION (IN)
  TODAY            0.00          1.63 2008   0.06  -0.06     0.00
  MONTH TO DATE    5.24                      1.71   3.53     3.07
  SINCE SEP 1      6.86                      4.48   2.38    10.62
  SINCE JAN 1     24.45                     23.87   0.58    28.48

SNOWFALL (IN)
  TODAY            0.0           1.1  2002   0.1   -0.1      0.0
  MONTH TO DATE    T                         0.6   -0.6       T
  SINCE SEP 1      T                         0.6   -0.6       T
  SINCE JUL 1      T                         0.6   -0.6       T
  SNOW DEPTH       0

DEGREE DAYS
 HEATING
  TODAY           13                        20     -7       12
  MONTH TO DATE  228                       339   -111      265
  SINCE SEP 1    314                       512   -198      335
  SINCE JUL 1    320                       543   -223      343

 COOLING
  TODAY            0                         0      0        0
  MONTH TO DATE    4                         0      4        2
  SINCE SEP 1    102                        60     42       99
  SINCE JAN 1    776                       685     91      879
..................................................................


WIND (MPH)
  HIGHEST WIND SPEED    21   HIGHEST WIND DIRECTION     S (200)
  HIGHEST GUST SPEED    27   HIGHEST GUST DIRECTION     S (200)
  AVERAGE WIND SPEED     5.8


SKY COVER
  POSSIBLE SUNSHINE  MM
  AVERAGE SKY COVER 0.1


WEATHER CONDITIONS
 THE FOLLOWING WEATHER WAS RECORDED TODAY.
  NO SIGNIFICANT WEATHER WAS OBSERVED.


RELATIVE HUMIDITY (PERCENT)
 HIGHEST    85           300 AM
 LOWEST     26           400 PM
 AVERAGE    56

..........................................................


THE SIOUX FALLS SD CLIMATE NORMALS FOR TOMORROW
                         NORMAL    RECORD    YEAR
 MAXIMUM TEMPERATURE (F)   56        83      1899
 MINIMUM TEMPERATURE (F)   34        13      1895


SUNRISE AND SUNSET
OCTOBER 22 2017.......SUNRISE   750 AM CDT   SUNSET   632 PM CDT
OCTOBER 23 2017.......SUNRISE   751 AM CDT   SUNSET   630 PM CDT


-  INDICATES NEGATIVE NUMBERS.
R  INDICATES RECORD WAS SET OR TIED.
MM INDICATES DATA IS MISSING.
T  INDICATES TRACE AMOUNT.




$$
