000
CDUS43 KFSD 240642
CLIFSD


CLIMATE REPORT
NATIONAL WEATHER SERVICE SIOUX FALLS SD
140 AM CDT THU APR 24 2014


...................................

...THE SIOUX FALLS SD CLIMATE SUMMARY FOR APRIL 23 2014...

CLIMATE NORMAL PERIOD 1981 TO 2010
CLIMATE RECORD PERIOD 1893 TO 2014


WEATHER ITEM   OBSERVED TIME   RECORD YEAR NORMAL DEPARTURE LAST
                VALUE   (LST)  VALUE       VALUE  FROM      YEAR
                                                  NORMAL
..................................................................
TEMPERATURE (F)
 YESTERDAY
  MAXIMUM         65    325 PM  91    2009  62      3       34
  MINIMUM         47   1159 PM  20    1996  38      9       22
                                      1967
  AVERAGE         56                        50      6       28

PRECIPITATION (IN)
  YESTERDAY        T             1.52 1929   0.10  -0.10     0.00
  MONTH TO DATE    0.45                      2.27  -1.82     3.06
  SINCE MAR 1      1.16                      4.03  -2.87     3.94
  SINCE JAN 1      2.15                      5.19  -3.04     5.29

SNOWFALL (IN)
  YESTERDAY        0.0           1.4  2001   0.1   -0.1      0.0
  MONTH TO DATE    3.4                       4.0   -0.6     14.8
  SINCE MAR 1     11.1                      12.4   -1.3     16.3
  SINCE JUL 1     45.3                      43.9    1.4     41.8
  SNOW DEPTH       0

DEGREE DAYS
 HEATING
  YESTERDAY        9                        15     -6       37
  MONTH TO DATE  459                       464     -5      689
  SINCE MAR 1   1560                      1459    101     1842
  SINCE JUL 1   7907                      7309    598     7461

 COOLING
  YESTERDAY        0                         0      0        0
  MONTH TO DATE    0                         0      0        0
  SINCE MAR 1      0                         0      0        0
  SINCE JAN 1      0                         0      0        0
..................................................................


WIND (MPH)
  HIGHEST WIND SPEED    36   HIGHEST WIND DIRECTION    SE (140)
  HIGHEST GUST SPEED    46   HIGHEST GUST DIRECTION    SE (130)
  AVERAGE WIND SPEED    21.8


SKY COVER
  POSSIBLE SUNSHINE  MM
  AVERAGE SKY COVER 0.8


WEATHER CONDITIONS
 THE FOLLOWING WEATHER WAS RECORDED YESTERDAY.
  LIGHT RAIN


RELATIVE HUMIDITY (PERCENT)
 HIGHEST    76          1000 PM
 LOWEST     43          1200 AM
 AVERAGE    60

..........................................................


THE SIOUX FALLS SD CLIMATE NORMALS FOR TODAY
                         NORMAL    RECORD    YEAR
 MAXIMUM TEMPERATURE (F)   63        89      1906
 MINIMUM TEMPERATURE (F)   38        20      1967


SUNRISE AND SUNSET
APRIL 24 2014.........SUNRISE   630 AM CDT   SUNSET   821 PM CDT
APRIL 25 2014.........SUNRISE   628 AM CDT   SUNSET   822 PM CDT


-  INDICATES NEGATIVE NUMBERS.
R  INDICATES RECORD WAS SET OR TIED.
MM INDICATES DATA IS MISSING.
T  INDICATES TRACE AMOUNT.




$$
