081
CDUS43 KFSD 250652
CLIFSD


CLIMATE REPORT
NATIONAL WEATHER SERVICE SIOUX FALLS SD
1247 AM CST SAT FEB 25 2017


...................................

...THE SIOUX FALLS SD CLIMATE SUMMARY FOR FEBRUARY 24 2017...

CLIMATE NORMAL PERIOD 1981 TO 2010
CLIMATE RECORD PERIOD 1893 TO 2017


WEATHER ITEM   OBSERVED TIME   RECORD YEAR NORMAL DEPARTURE LAST
                VALUE   (LST)  VALUE       VALUE  FROM      YEAR
                                                  NORMAL
..................................................................
TEMPERATURE (F)
 YESTERDAY
  MAXIMUM         28    413 PM  61    1996  34     -6       38
  MINIMUM         19   1159 PM -30    1965  15      4       21
  AVERAGE         24                        24      0       30

PRECIPITATION (IN)
  YESTERDAY        T             0.57 2007   0.03  -0.03     0.01
  MONTH TO DATE    0.40                      0.49  -0.09     0.77
  SINCE DEC 1      2.94                      1.74   1.20     2.56
  SINCE JAN 1      1.02                      1.05  -0.03     1.25

SNOWFALL (IN)
  YESTERDAY        0.1           3.7  2001   0.2   -0.1      0.2
  MONTH TO DATE    5.1                       5.8   -0.7      8.5
  SINCE DEC 1     25.4                      21.7    3.7     34.5
  SINCE JUL 1     31.4                      30.4    1.0     51.8
  SNOW DEPTH       4

DEGREE DAYS
 HEATING
  YESTERDAY       41                        40      1       35
  MONTH TO DATE  780                      1061   -281      950
  SINCE DEC 1   3526                      3981   -455     3612
  SINCE JUL 1   4661                      5693  -1032     4886

 COOLING
  YESTERDAY        0                         0      0        0
  MONTH TO DATE    0                         0      0        0
  SINCE DEC 1      0                         0      0        0
  SINCE JAN 1      0                         0      0        0
..................................................................


WIND (MPH)
  HIGHEST WIND SPEED    31   HIGHEST WIND DIRECTION     N (350)
  HIGHEST GUST SPEED    40   HIGHEST GUST DIRECTION     N (360)
  AVERAGE WIND SPEED    21.6


SKY COVER
  POSSIBLE SUNSHINE  MM
  AVERAGE SKY COVER 1.0


WEATHER CONDITIONS
 THE FOLLOWING WEATHER WAS RECORDED YESTERDAY.
  LIGHT SNOW
  FOG
  HAZE
  BLOWING SNOW


RELATIVE HUMIDITY (PERCENT)
 HIGHEST    92          1200 AM
 LOWEST     55           100 PM
 AVERAGE    74

..........................................................


THE SIOUX FALLS SD CLIMATE NORMALS FOR TODAY
                         NORMAL    RECORD    YEAR
 MAXIMUM TEMPERATURE (F)   35        63      1896
 MINIMUM TEMPERATURE (F)   15       -14      1965


SUNRISE AND SUNSET
FEBRUARY 25 2017......SUNRISE   709 AM CST   SUNSET   611 PM CST
FEBRUARY 26 2017......SUNRISE   708 AM CST   SUNSET   612 PM CST


-  INDICATES NEGATIVE NUMBERS.
R  INDICATES RECORD WAS SET OR TIED.
MM INDICATES DATA IS MISSING.
T  INDICATES TRACE AMOUNT.




$$
