000
CDUS43 KFSD 262222
CLIFSD


CLIMATE REPORT
NATIONAL WEATHER SERVICE SIOUX FALLS SD
522 PM CDT TUE AUG 26 2014


...................................

...THE SIOUX FALLS SD CLIMATE SUMMARY FOR AUGUST 26 2014...
VALID TODAY AS OF 0500 PM LOCAL TIME.

CLIMATE NORMAL PERIOD 1981 TO 2010
CLIMATE RECORD PERIOD 1893 TO 2014


WEATHER ITEM   OBSERVED TIME   RECORD YEAR NORMAL DEPARTURE LAST
                VALUE   (LST)  VALUE       VALUE  FROM      YEAR
                                                  NORMAL
..................................................................
TEMPERATURE (F)
 TODAY
  MAXIMUM         73    359 PM 108    1973  80     -7       91
  MINIMUM         51    536 AM  40    1896  58     -7       75
  AVERAGE         62                        69     -7       83

PRECIPITATION (IN)
  TODAY            0.00          1.26 1903   0.09  -0.09     0.00
  MONTH TO DATE    4.01                      2.55   1.46     2.64
  SINCE JUN 1     18.51                      9.56   8.95     7.52
  SINCE JAN 1     23.49                     18.89   4.60    19.83

SNOWFALL (IN)
  TODAY            0.0           0.0    MM   0.0    0.0      0.0
  MONTH TO DATE    0.0                       0.0    0.0      0.0
  SINCE JUN 1      T                         0.0    0.0      0.0
  SINCE JUL 1      T                         0.0    0.0      0.0
  SNOW DEPTH       0

DEGREE DAYS
 HEATING
  TODAY            3                         1      2        0
  MONTH TO DATE    3                        13    -10       15
  SINCE JUN 1     50                        72    -22      103
  SINCE JUL 1     18                        21     -3       34

 COOLING
  TODAY            0                         5     -5       18
  MONTH TO DATE  166                       175     -9      153
  SINCE JUN 1    474                       566    -92      538
  SINCE JAN 1    527                       602    -75      580
..................................................................


WIND (MPH)
  HIGHEST WIND SPEED    15   HIGHEST WIND DIRECTION    NE (50)
  HIGHEST GUST SPEED    18   HIGHEST GUST DIRECTION     N (10)
  AVERAGE WIND SPEED     5.5


SKY COVER
  POSSIBLE SUNSHINE  MM
  AVERAGE SKY COVER 0.5


WEATHER CONDITIONS
 THE FOLLOWING WEATHER WAS RECORDED TODAY.
  NO SIGNIFICANT WEATHER WAS OBSERVED.


RELATIVE HUMIDITY (PERCENT)
 HIGHEST    96           600 AM
 LOWEST     57           300 PM
 AVERAGE    77

..........................................................


THE SIOUX FALLS SD CLIMATE NORMALS FOR TOMORROW
                         NORMAL    RECORD    YEAR
 MAXIMUM TEMPERATURE (F)   80       101      1973
 MINIMUM TEMPERATURE (F)   57        35      1896


SUNRISE AND SUNSET
AUGUST 26 2014........SUNRISE   644 AM CDT   SUNSET   813 PM CDT
AUGUST 27 2014........SUNRISE   645 AM CDT   SUNSET   811 PM CDT


-  INDICATES NEGATIVE NUMBERS.
R  INDICATES RECORD WAS SET OR TIED.
MM INDICATES DATA IS MISSING.
T  INDICATES TRACE AMOUNT.




$$
