000
CDUS43 KFSD 150653
CLIFSD


CLIMATE REPORT
NATIONAL WEATHER SERVICE SIOUX FALLS SD
1252 AM CST MON JAN 15 2018


...................................

...THE SIOUX FALLS SD CLIMATE SUMMARY FOR JANUARY 14 2018...

CLIMATE NORMAL PERIOD 1981 TO 2010
CLIMATE RECORD PERIOD 1893 TO 2018


WEATHER ITEM   OBSERVED TIME   RECORD YEAR NORMAL DEPARTURE LAST
                VALUE   (LST)  VALUE       VALUE  FROM      YEAR
                                                  NORMAL
..................................................................
TEMPERATURE (F)
 YESTERDAY
  MAXIMUM         28    417 PM  50    1914  26      2       29
                                      1901
  MINIMUM          6   1159 PM -31    1916   7     -1        4
  AVERAGE         17                        16      1       17

PRECIPITATION (IN)
  YESTERDAY        0.04          0.52 1952   0.02   0.02     0.00
  MONTH TO DATE    0.08                      0.26  -0.18     0.14
  SINCE DEC 1      0.76                      0.95  -0.19     2.06
  SINCE JAN 1      0.08                      0.26  -0.18     0.14

SNOWFALL (IN)
  YESTERDAY        0.4           3.5  1930   0.3    0.1      0.0
  MONTH TO DATE    1.6                       3.5   -1.9      2.1
  SINCE DEC 1     12.0                      11.7    0.3     13.0
  SINCE JUL 1     12.2                      20.4   -8.2     19.0
  SNOW DEPTH       1

DEGREE DAYS
 HEATING
  YESTERDAY       48                        49     -1       48
  MONTH TO DATE  757                       686     71      750
  SINCE DEC 1   2109                      2107      2     2139
  SINCE JUL 1   3518                      3819   -301     3274

 COOLING
  YESTERDAY        0                         0      0        0
  MONTH TO DATE    0                         0      0        0
  SINCE DEC 1      0                         0      0        0
  SINCE JAN 1      0                         0      0        0
..................................................................


WIND (MPH)
  HIGHEST WIND SPEED    30   HIGHEST WIND DIRECTION     N (340)
  HIGHEST GUST SPEED    38   HIGHEST GUST DIRECTION     N (340)
  AVERAGE WIND SPEED    13.5


SKY COVER
  POSSIBLE SUNSHINE  MM
  AVERAGE SKY COVER 1.0


WEATHER CONDITIONS
 THE FOLLOWING WEATHER WAS RECORDED YESTERDAY.
  LIGHT SNOW
  FOG
  HAZE
  BLOWING SNOW


RELATIVE HUMIDITY (PERCENT)
 HIGHEST    92          1100 AM
 LOWEST     67           100 AM
 AVERAGE    80

..........................................................


THE SIOUX FALLS SD CLIMATE NORMALS FOR TODAY
                         NORMAL    RECORD    YEAR
 MAXIMUM TEMPERATURE (F)   26        55      1914
 MINIMUM TEMPERATURE (F)    7       -32      1972


SUNRISE AND SUNSET
JANUARY 15 2018.......SUNRISE   757 AM CST   SUNSET   516 PM CST
JANUARY 16 2018.......SUNRISE   756 AM CST   SUNSET   517 PM CST


-  INDICATES NEGATIVE NUMBERS.
R  INDICATES RECORD WAS SET OR TIED.
MM INDICATES DATA IS MISSING.
T  INDICATES TRACE AMOUNT.




$$
