000
CDUS43 KFSD 270629
CLIFSD


CLIMATE REPORT
NATIONAL WEATHER SERVICE SIOUX FALLS SD
129 AM CDT SAT AUG 27 2016


...................................

...THE SIOUX FALLS SD CLIMATE SUMMARY FOR AUGUST 26 2016...

CLIMATE NORMAL PERIOD 1981 TO 2010
CLIMATE RECORD PERIOD 1893 TO 2016


WEATHER ITEM   OBSERVED TIME   RECORD YEAR NORMAL DEPARTURE LAST
                VALUE   (LST)  VALUE       VALUE  FROM      YEAR
                                                  NORMAL
..................................................................
TEMPERATURE (F)
 YESTERDAY
  MAXIMUM         75    318 PM 108    1973  80     -5       77
  MINIMUM         49    602 AM  40    1896  58     -9       49
  AVERAGE         62                        69     -7       63

PRECIPITATION (IN)
  YESTERDAY        0.00          1.26 1903   0.09  -0.09     0.01
  MONTH TO DATE    1.68                      2.55  -0.87     3.92
  SINCE JUN 1      5.72                      9.56  -3.84    12.40
  SINCE JAN 1     17.22                     18.89  -1.67    18.95

SNOWFALL (IN)
  YESTERDAY        0.0           0.0    MM   0.0    0.0      0.0
  MONTH TO DATE    0.0                       0.0    0.0      0.0
  SINCE JUN 1      0.0                       0.0    0.0      0.0
  SINCE JUL 1      0.0                       0.0    0.0      0.0
  SNOW DEPTH       0

DEGREE DAYS
 HEATING
  YESTERDAY        3                         1      2        2
  MONTH TO DATE    3                        13    -10       31
  SINCE JUN 1     17                        72    -55       46
  SINCE JUL 1      8                        21    -13       37

 COOLING
  YESTERDAY        0                         5     -5        0
  MONTH TO DATE  198                       175     23      159
  SINCE JUN 1    709                       566    143      534
  SINCE JAN 1    742                       602    140      556
..................................................................


WIND (MPH)
  HIGHEST WIND SPEED    15   HIGHEST WIND DIRECTION    SE (130)
  HIGHEST GUST SPEED    20   HIGHEST GUST DIRECTION    SE (140)
  AVERAGE WIND SPEED     6.2


SKY COVER
  POSSIBLE SUNSHINE  MM
  AVERAGE SKY COVER 0.7


WEATHER CONDITIONS
 THE FOLLOWING WEATHER WAS RECORDED YESTERDAY.
  NO SIGNIFICANT WEATHER WAS OBSERVED.


RELATIVE HUMIDITY (PERCENT)
 HIGHEST   100           400 AM
 LOWEST     46           300 PM
 AVERAGE    73

..........................................................


THE SIOUX FALLS SD CLIMATE NORMALS FOR TODAY
                         NORMAL    RECORD    YEAR
 MAXIMUM TEMPERATURE (F)   80       101      1973
 MINIMUM TEMPERATURE (F)   57        35      1896


SUNRISE AND SUNSET
AUGUST 27 2016........SUNRISE   646 AM CDT   SUNSET   810 PM CDT
AUGUST 28 2016........SUNRISE   647 AM CDT   SUNSET   808 PM CDT


-  INDICATES NEGATIVE NUMBERS.
R  INDICATES RECORD WAS SET OR TIED.
MM INDICATES DATA IS MISSING.
T  INDICATES TRACE AMOUNT.




$$
