000
CDUS43 KFSD 150623
CLIFSD


CLIMATE REPORT
NATIONAL WEATHER SERVICE SIOUX FALLS SD
121 AM CDT SUN OCT 15 2017


...................................

...THE SIOUX FALLS SD CLIMATE SUMMARY FOR OCTOBER 14 2017...

CLIMATE NORMAL PERIOD 1981 TO 2010
CLIMATE RECORD PERIOD 1893 TO 2017


WEATHER ITEM   OBSERVED TIME   RECORD YEAR NORMAL DEPARTURE LAST
                VALUE   (LST)  VALUE       VALUE  FROM      YEAR
                                                  NORMAL
..................................................................
TEMPERATURE (F)
 YESTERDAY
  MAXIMUM         56    349 PM  88    1958  61     -5       74
  MINIMUM         43    103 AM  19    1937  37      6       45
  AVERAGE         50                        49      1       60

PRECIPITATION (IN)
  YESTERDAY        0.11          2.27 2013   0.08   0.03     0.00
  MONTH TO DATE    5.24                      1.17   4.07     3.04
  SINCE SEP 1      6.86                      3.94   2.92    10.59
  SINCE JAN 1     24.45                     23.33   1.12    28.45

SNOWFALL (IN)
  YESTERDAY        0.0           0.4  1966   0.0    0.0      0.0
  MONTH TO DATE    T                         0.2   -0.2       T
  SINCE SEP 1      T                         0.2   -0.2       T
  SINCE JUL 1      T                         0.2   -0.2       T
  SNOW DEPTH       0

DEGREE DAYS
 HEATING
  YESTERDAY       15                        16     -1        5
  MONTH TO DATE  154                       193    -39      164
  SINCE SEP 1    240                       366   -126      234
  SINCE JUL 1    246                       397   -151      242

 COOLING
  YESTERDAY        0                         0      0        0
  MONTH TO DATE    2                         0      2        2
  SINCE SEP 1    100                        60     40       99
  SINCE JAN 1    774                       685     89      879
..................................................................


WIND (MPH)
  HIGHEST WIND SPEED    24   HIGHEST WIND DIRECTION    NW (330)
  HIGHEST GUST SPEED    33   HIGHEST GUST DIRECTION    NW (320)
  AVERAGE WIND SPEED     9.8


SKY COVER
  POSSIBLE SUNSHINE  MM
  AVERAGE SKY COVER 0.8


WEATHER CONDITIONS
 THE FOLLOWING WEATHER WAS RECORDED YESTERDAY.
  HEAVY RAIN
  LIGHT RAIN
  FOG


RELATIVE HUMIDITY (PERCENT)
 HIGHEST    93          1100 AM
 LOWEST     65          1200 AM
 AVERAGE    79

..........................................................


THE SIOUX FALLS SD CLIMATE NORMALS FOR TODAY
                         NORMAL    RECORD    YEAR
 MAXIMUM TEMPERATURE (F)   60        92      1958
 MINIMUM TEMPERATURE (F)   36        23      1974
                                             1972
                                             1952


SUNRISE AND SUNSET
OCTOBER 15 2017.......SUNRISE   741 AM CDT   SUNSET   643 PM CDT
OCTOBER 16 2017.......SUNRISE   743 AM CDT   SUNSET   641 PM CDT


-  INDICATES NEGATIVE NUMBERS.
R  INDICATES RECORD WAS SET OR TIED.
MM INDICATES DATA IS MISSING.
T  INDICATES TRACE AMOUNT.




$$
