000
CDUS43 KFSD 150630
CLIFSD


CLIMATE REPORT
NATIONAL WEATHER SERVICE SIOUX FALLS SD
1226 AM CST MON DEC 15 2014


...................................

...THE SIOUX FALLS SD CLIMATE SUMMARY FOR DECEMBER 14 2014...

CLIMATE NORMAL PERIOD 1981 TO 2010
CLIMATE RECORD PERIOD 1893 TO 2014


WEATHER ITEM   OBSERVED TIME   RECORD YEAR NORMAL DEPARTURE LAST
                VALUE   (LST)  VALUE       VALUE  FROM      YEAR
                                                  NORMAL
..................................................................
TEMPERATURE (F)
 YESTERDAY
  MAXIMUM         55    312 PM  57    1998  28     27       12
  MINIMUM         33   1159 PM -28    1901  10     23        3
  AVERAGE         44                        19     25        8

PRECIPITATION (IN)
  YESTERDAY        0.02          0.52 1922   0.02   0.00      T
  MONTH TO DATE    0.02                      0.36  -0.34     0.81
  SINCE DEC 1      0.02                      0.36  -0.34     0.81
  SINCE JAN 1     27.96                     26.05   1.91    25.47

SNOWFALL (IN)
  YESTERDAY        0.0           9.2  1996   0.3   -0.3      0.1
  MONTH TO DATE    T                         3.9   -3.9      8.9
  SINCE DEC 1      T                         3.9   -3.9      8.9
  SINCE JUL 1      8.3                      12.6   -4.3     16.8
  SNOW DEPTH       0

DEGREE DAYS
 HEATING
  YESTERDAY       21                        46    -25       57
  MONTH TO DATE  487                       612   -125      755
  SINCE DEC 1    487                       612   -125      755
  SINCE JUL 1   2243                      2324    -81     2376

 COOLING
  YESTERDAY        0                         0      0        0
  MONTH TO DATE    0                         0      0        0
  SINCE DEC 1      0                         0      0        0
  SINCE JAN 1    610                       690    -80      787
..................................................................


WIND (MPH)
  HIGHEST WIND SPEED    21   HIGHEST WIND DIRECTION     S (160)
  HIGHEST GUST SPEED    28   HIGHEST GUST DIRECTION     S (160)
  AVERAGE WIND SPEED    12.7


SKY COVER
  POSSIBLE SUNSHINE  MM
  AVERAGE SKY COVER 1.0


WEATHER CONDITIONS
 THE FOLLOWING WEATHER WAS RECORDED YESTERDAY.
  LIGHT RAIN
  FOG


RELATIVE HUMIDITY (PERCENT)
 HIGHEST   100           900 AM
 LOWEST     89           200 AM
 AVERAGE    95

..........................................................


THE SIOUX FALLS SD CLIMATE NORMALS FOR TODAY
                         NORMAL    RECORD    YEAR
 MAXIMUM TEMPERATURE (F)   28        55      1913
                                             1908
 MINIMUM TEMPERATURE (F)   10       -24      1901


SUNRISE AND SUNSET
DECEMBER 15 2014......SUNRISE   753 AM CST   SUNSET   451 PM CST
DECEMBER 16 2014......SUNRISE   754 AM CST   SUNSET   451 PM CST


-  INDICATES NEGATIVE NUMBERS.
R  INDICATES RECORD WAS SET OR TIED.
MM INDICATES DATA IS MISSING.
T  INDICATES TRACE AMOUNT.




$$
