000
CDUS43 KFSD 050645
CLIFSD


CLIMATE REPORT
NATIONAL WEATHER SERVICE SIOUX FALLS SD
1245 AM CST MON DEC 5 2016


...................................

...THE SIOUX FALLS SD CLIMATE SUMMARY FOR DECEMBER 4 2016...

CLIMATE NORMAL PERIOD 1981 TO 2010
CLIMATE RECORD PERIOD 1893 TO 2016


WEATHER ITEM   OBSERVED TIME   RECORD YEAR NORMAL DEPARTURE LAST
                VALUE   (LST)  VALUE       VALUE  FROM      YEAR
                                                  NORMAL
..................................................................
TEMPERATURE (F)
 YESTERDAY
  MAXIMUM         44    344 PM  53    1946  32     12       41
  MINIMUM         28    922 PM -13    1978  13     15        8
  AVERAGE         36                        23     13       25

PRECIPITATION (IN)
  YESTERDAY        0.00          0.68 1947   0.03  -0.03     0.00
  MONTH TO DATE    T                         0.12  -0.12     0.05
  SINCE DEC 1      T                         0.12  -0.12     0.05
  SINCE JAN 1     30.31                     25.81   4.50    31.68

SNOWFALL (IN)
  YESTERDAY        0.0           6.5  1924   0.3   -0.3      0.0
  MONTH TO DATE    T                         1.1   -1.1      0.9
  SINCE DEC 1      T                         1.1   -1.1      0.9
  SINCE JUL 1      6.0                       9.8   -3.8     18.2
  SNOW DEPTH       0

DEGREE DAYS
 HEATING
  YESTERDAY       29                        42    -13       40
  MONTH TO DATE  128                       167    -39      169
  SINCE DEC 1    128                       167    -39      169
  SINCE JUL 1   1263                      1879   -616     1443

 COOLING
  YESTERDAY        0                         0      0        0
  MONTH TO DATE    0                         0      0        0
  SINCE DEC 1      0                         0      0        0
  SINCE JAN 1    879                       690    189      715
..................................................................


WIND (MPH)
  HIGHEST WIND SPEED    20   HIGHEST WIND DIRECTION     S (180)
  HIGHEST GUST SPEED    26   HIGHEST GUST DIRECTION     S (190)
  AVERAGE WIND SPEED     7.8


SKY COVER
  POSSIBLE SUNSHINE  MM
  AVERAGE SKY COVER 0.5


WEATHER CONDITIONS
 THE FOLLOWING WEATHER WAS RECORDED YESTERDAY.
  FOG


RELATIVE HUMIDITY (PERCENT)
 HIGHEST   100          1200 AM
 LOWEST     65           300 PM
 AVERAGE    83

..........................................................


THE SIOUX FALLS SD CLIMATE NORMALS FOR TODAY
                         NORMAL    RECORD    YEAR
 MAXIMUM TEMPERATURE (F)   32        59      1963
 MINIMUM TEMPERATURE (F)   13       -11      1950


SUNRISE AND SUNSET
DECEMBER  5 2016......SUNRISE   745 AM CST   SUNSET   450 PM CST
DECEMBER  6 2016......SUNRISE   746 AM CST   SUNSET   450 PM CST


-  INDICATES NEGATIVE NUMBERS.
R  INDICATES RECORD WAS SET OR TIED.
MM INDICATES DATA IS MISSING.
T  INDICATES TRACE AMOUNT.




$$
