000
CDUS43 KFSD 300630
CLIFSD


CLIMATE REPORT
NATIONAL WEATHER SERVICE SIOUX FALLS SD
129 AM CDT SAT APR 30 2016


...................................

...THE SIOUX FALLS SD CLIMATE SUMMARY FOR APRIL 29 2016...

CLIMATE NORMAL PERIOD 1981 TO 2010
CLIMATE RECORD PERIOD 1893 TO 2016


WEATHER ITEM   OBSERVED TIME   RECORD YEAR NORMAL DEPARTURE LAST
                VALUE   (LST)  VALUE       VALUE  FROM      YEAR
                                                  NORMAL
..................................................................
TEMPERATURE (F)
 YESTERDAY
  MAXIMUM         51    425 PM  90    2007  65    -14       70
  MINIMUM         39    654 AM  19    1958  40     -1       33
  AVERAGE         45                        52     -7       52

PRECIPITATION (IN)
  YESTERDAY        0.00          1.16 1920   0.11  -0.11     0.00
  MONTH TO DATE    3.90                      2.91   0.99     1.00
  SINCE MAR 1      5.99                      4.67   1.32     1.33
  SINCE JAN 1      7.67                      5.83   1.84     2.55

SNOWFALL (IN)
  YESTERDAY        0.0           5.7  1950   0.0    0.0      0.0
  MONTH TO DATE    T                         4.5   -4.5       T
  SINCE MAR 1     12.2                      12.9   -0.7      1.7
  SINCE JUL 1     68.5                      44.4   24.1     31.9
  SNOW DEPTH       0

DEGREE DAYS
 HEATING
  YESTERDAY       20                        13      7       13
  MONTH TO DATE  461                       549    -88      422
  SINCE MAR 1   1225                      1544   -319     1242
  SINCE JUL 1   6261                      7394  -1133     6991

 COOLING
  YESTERDAY        0                         0      0        0
  MONTH TO DATE    0                         0      0        4
  SINCE MAR 1      0                         0      0        4
  SINCE JAN 1      0                         0      0        4
..................................................................


WIND (MPH)
  HIGHEST WIND SPEED    20   HIGHEST WIND DIRECTION    SE (120)
  HIGHEST GUST SPEED    25   HIGHEST GUST DIRECTION     E (110)
  AVERAGE WIND SPEED     8.8


SKY COVER
  POSSIBLE SUNSHINE  MM
  AVERAGE SKY COVER 0.9


WEATHER CONDITIONS
 THE FOLLOWING WEATHER WAS RECORDED YESTERDAY.
  FOG


RELATIVE HUMIDITY (PERCENT)
 HIGHEST    92           100 AM
 LOWEST     61           600 PM
 AVERAGE    77

..........................................................


THE SIOUX FALLS SD CLIMATE NORMALS FOR TODAY
                         NORMAL    RECORD    YEAR
 MAXIMUM TEMPERATURE (F)   65        92      2007
                                             1992
 MINIMUM TEMPERATURE (F)   40        17      1903


SUNRISE AND SUNSET
APRIL 30 2016.........SUNRISE   620 AM CDT   SUNSET   829 PM CDT
MAY  1 2016...........SUNRISE   619 AM CDT   SUNSET   830 PM CDT


-  INDICATES NEGATIVE NUMBERS.
R  INDICATES RECORD WAS SET OR TIED.
MM INDICATES DATA IS MISSING.
T  INDICATES TRACE AMOUNT.




$$
