000
CDUS43 KFSD 010710
CLIFSD


CLIMATE REPORT
NATIONAL WEATHER SERVICE SIOUX FALLS SD
209 AM CDT TUE SEP 1 2015


...................................

...THE SIOUX FALLS SD CLIMATE SUMMARY FOR AUGUST 31 2015...

CLIMATE NORMAL PERIOD 1981 TO 2010
CLIMATE RECORD PERIOD 1893 TO 2015


WEATHER ITEM   OBSERVED TIME   RECORD YEAR NORMAL DEPARTURE LAST
                VALUE   (LST)  VALUE       VALUE  FROM      YEAR
                                                  NORMAL
..................................................................
TEMPERATURE (F)
 YESTERDAY
  MAXIMUM         83    244 PM  97    1898  79      4       82
  MINIMUM         64    514 AM  37    1895  56      8       61
  AVERAGE         74                        68      6       72

PRECIPITATION (IN)
  YESTERDAY        0.00          3.99 1982   0.10  -0.10      T
  MONTH TO DATE    6.57                      3.05   3.52     4.95
  SINCE JUN 1     15.05                     10.06   4.99    19.45
  SINCE JAN 1     21.60                     19.39   2.21    24.43

SNOWFALL (IN)
  YESTERDAY        0.0           0.0    MM   0.0    0.0      0.0
  MONTH TO DATE    0.0                       0.0    0.0      0.0
  SINCE JUN 1      0.0                       0.0    0.0       T
  SINCE JUL 1      0.0                       0.0    0.0       T
  SNOW DEPTH       0

DEGREE DAYS
 HEATING
  YESTERDAY        0                         2     -2        0
  MONTH TO DATE   34                        21     13        3
  SINCE JUN 1     49                        82    -33       50
  SINCE JUL 1     40                        31      9       18

 COOLING
  YESTERDAY        9                         4      5        7
  MONTH TO DATE  178                       198    -20      190
  SINCE JUN 1    553                       589    -36      498
  SINCE JAN 1    575                       625    -50      551
..................................................................


WIND (MPH)
  HIGHEST WIND SPEED    22   HIGHEST WIND DIRECTION     S (190)
  HIGHEST GUST SPEED    28   HIGHEST GUST DIRECTION     S (200)
  AVERAGE WIND SPEED    13.0


SKY COVER
  POSSIBLE SUNSHINE  MM
  AVERAGE SKY COVER 0.3


WEATHER CONDITIONS
 THE FOLLOWING WEATHER WAS RECORDED YESTERDAY.
  FOG


RELATIVE HUMIDITY (PERCENT)
 HIGHEST    93          1200 AM
 LOWEST     65           200 PM
 AVERAGE    79

..........................................................


THE SIOUX FALLS SD CLIMATE NORMALS FOR TODAY
                         NORMAL    RECORD    YEAR
 MAXIMUM TEMPERATURE (F)   79        97      1913
                                             1898
 MINIMUM TEMPERATURE (F)   56        36      1974


SUNRISE AND SUNSET
SEPTEMBER  1 2015.....SUNRISE   650 AM CDT   SUNSET   803 PM CDT
SEPTEMBER  2 2015.....SUNRISE   652 AM CDT   SUNSET   801 PM CDT


-  INDICATES NEGATIVE NUMBERS.
R  INDICATES RECORD WAS SET OR TIED.
MM INDICATES DATA IS MISSING.
T  INDICATES TRACE AMOUNT.




$$
