000
CDUS43 KFSD 130736
CLIFSD


CLIMATE REPORT
NATIONAL WEATHER SERVICE SIOUX FALLS SD
134 AM CST MON NOV 13 2017


...................................

...THE SIOUX FALLS SD CLIMATE SUMMARY FOR NOVEMBER 12 2017...

CLIMATE NORMAL PERIOD 1981 TO 2010
CLIMATE RECORD PERIOD 1893 TO 2017


WEATHER ITEM   OBSERVED TIME   RECORD YEAR NORMAL DEPARTURE LAST
                VALUE   (LST)  VALUE       VALUE  FROM      YEAR
                                                  NORMAL
..................................................................
TEMPERATURE (F)
 YESTERDAY
  MAXIMUM         47    314 PM  68    2001  45      2       56
                                      1999
  MINIMUM         21    746 AM  -6    1911  25     -4       32
  AVERAGE         34                        35     -1       44

PRECIPITATION (IN)
  YESTERDAY        0.00          1.07 1922   0.04  -0.04     0.00
  MONTH TO DATE    0.03                      0.54  -0.51     0.02
  SINCE SEP 1      6.93                      5.48   1.45    10.66
  SINCE JAN 1     24.52                     24.87  -0.35    28.52

SNOWFALL (IN)
  YESTERDAY        0.0           7.5  1959   0.2   -0.2      0.0
  MONTH TO DATE    0.2                       2.0   -1.8      0.0
  SINCE SEP 1      0.2                       3.3   -3.1       T
  SINCE JUL 1      0.2                       3.3   -3.1       T
  SNOW DEPTH       0

DEGREE DAYS
 HEATING
  YESTERDAY       31                        30      1       21
  MONTH TO DATE  378                       326     52      173
  SINCE SEP 1    915                      1035   -120      626
  SINCE JUL 1    921                      1066   -145      634

 COOLING
  YESTERDAY        0                         0      0        0
  MONTH TO DATE    0                         0      0        0
  SINCE SEP 1    102                        65     37       99
  SINCE JAN 1    776                       690     86      879
..................................................................


WIND (MPH)
  HIGHEST WIND SPEED     8   HIGHEST WIND DIRECTION     S (180)
  HIGHEST GUST SPEED    11   HIGHEST GUST DIRECTION    SW (240)
  AVERAGE WIND SPEED     2.9


SKY COVER
  POSSIBLE SUNSHINE  MM
  AVERAGE SKY COVER 0.1


WEATHER CONDITIONS
 THE FOLLOWING WEATHER WAS RECORDED YESTERDAY.
  FOG


RELATIVE HUMIDITY (PERCENT)
 HIGHEST   100           700 AM
 LOWEST     45           200 PM
 AVERAGE    73

..........................................................


THE SIOUX FALLS SD CLIMATE NORMALS FOR TODAY
                         NORMAL    RECORD    YEAR
 MAXIMUM TEMPERATURE (F)   44        79      1999
 MINIMUM TEMPERATURE (F)   24        -8      1940


SUNRISE AND SUNSET
NOVEMBER 13 2017......SUNRISE   719 AM CST   SUNSET   503 PM CST
NOVEMBER 14 2017......SUNRISE   720 AM CST   SUNSET   503 PM CST


-  INDICATES NEGATIVE NUMBERS.
R  INDICATES RECORD WAS SET OR TIED.
MM INDICATES DATA IS MISSING.
T  INDICATES TRACE AMOUNT.




$$
