701
CDUS43 KFSD 230650
CLIFSD


CLIMATE REPORT
NATIONAL WEATHER SERVICE SIOUX FALLS SD
149 AM CDT SAT JUL 23 2016


...................................

...THE SIOUX FALLS SD CLIMATE SUMMARY FOR JULY 22 2016...

CLIMATE NORMAL PERIOD 1981 TO 2010
CLIMATE RECORD PERIOD 1893 TO 2016


WEATHER ITEM   OBSERVED TIME   RECORD YEAR NORMAL DEPARTURE LAST
                VALUE   (LST)  VALUE       VALUE  FROM      YEAR
                                                  NORMAL
..................................................................
TEMPERATURE (F)
 YESTERDAY
  MAXIMUM         93    354 PM 107    1936  84      9       81
  MINIMUM         78    555 AM  47    1947  62     16       67
  AVERAGE         86                        73     13       74

PRECIPITATION (IN)
  YESTERDAY        0.00          1.24 1922   0.10  -0.10      T
  MONTH TO DATE    1.34                      2.21  -0.87     2.11
  SINCE JUN 1      3.06                      6.13  -3.07     6.40
  SINCE JAN 1     14.56                     15.46  -0.90    12.95

SNOWFALL (IN)
  YESTERDAY        0.0           0.0    MM   0.0    0.0      0.0
  MONTH TO DATE    0.0                       0.0    0.0      0.0
  SINCE JUN 1      0.0                       0.0    0.0      0.0
  SINCE JUL 1      0.0                       0.0    0.0      0.0
  SNOW DEPTH       0

DEGREE DAYS
 HEATING
  YESTERDAY        0                         0      0        0
  MONTH TO DATE    5                         0      5        6
  SINCE JUN 1     14                        51    -37       15
  SINCE JUL 1      5                         0      5        6

 COOLING
  YESTERDAY       21                         8     13        9
  MONTH TO DATE  200                       184     16      149
  SINCE JUN 1    435                       319    116      288
  SINCE JAN 1    468                       355    113      310
..................................................................


WIND (MPH)
  HIGHEST WIND SPEED    21   HIGHEST WIND DIRECTION     E (80)
  HIGHEST GUST SPEED    25   HIGHEST GUST DIRECTION     E (90)
  AVERAGE WIND SPEED    10.4


SKY COVER
  POSSIBLE SUNSHINE  MM
  AVERAGE SKY COVER 0.6


WEATHER CONDITIONS
 THE FOLLOWING WEATHER WAS RECORDED YESTERDAY.
  FOG


RELATIVE HUMIDITY (PERCENT)
 HIGHEST    91          1200 AM
 LOWEST     64           100 PM
 AVERAGE    78

..........................................................


THE SIOUX FALLS SD CLIMATE NORMALS FOR TODAY
                         NORMAL    RECORD    YEAR
 MAXIMUM TEMPERATURE (F)   84       105      1941
 MINIMUM TEMPERATURE (F)   62        42      1904


SUNRISE AND SUNSET
JULY 23 2016..........SUNRISE   608 AM CDT   SUNSET   859 PM CDT
JULY 24 2016..........SUNRISE   609 AM CDT   SUNSET   858 PM CDT


-  INDICATES NEGATIVE NUMBERS.
R  INDICATES RECORD WAS SET OR TIED.
MM INDICATES DATA IS MISSING.
T  INDICATES TRACE AMOUNT.




$$
