000
CDUS43 KFSD 260706
CLIFSD


CLIMATE REPORT
NATIONAL WEATHER SERVICE SIOUX FALLS SD
105 AM CST SAT NOV 26 2016


...................................

...THE SIOUX FALLS SD CLIMATE SUMMARY FOR NOVEMBER 25 2016...

CLIMATE NORMAL PERIOD 1981 TO 2010
CLIMATE RECORD PERIOD 1893 TO 2016


WEATHER ITEM   OBSERVED TIME   RECORD YEAR NORMAL DEPARTURE LAST
                VALUE   (LST)  VALUE       VALUE  FROM      YEAR
                                                  NORMAL
..................................................................
TEMPERATURE (F)
 YESTERDAY
  MAXIMUM         49    209 PM  67    1960  37     12       39
  MINIMUM         26    718 AM -13    1996  18      8       32
  AVERAGE         38                        27     11       36

PRECIPITATION (IN)
  YESTERDAY        0.00          1.10 1896   0.05  -0.05     0.00
  MONTH TO DATE    0.90                      1.17  -0.27     3.12
  SINCE SEP 1     11.54                      6.11   5.43     9.26
  SINCE JAN 1     29.40                     25.50   3.90    30.86

SNOWFALL (IN)
  YESTERDAY        0.0           4.3  1959   0.4   -0.4      0.0
  MONTH TO DATE    5.0                       5.9   -0.9      7.2
  SINCE SEP 1      5.0                       7.2   -2.2      7.2
  SINCE JUL 1      5.0                       7.2   -2.2      7.2
  SNOW DEPTH       0

DEGREE DAYS
 HEATING
  YESTERDAY       27                        38    -11       29
  MONTH TO DATE  530                       773   -243      592
  SINCE SEP 1    983                      1482   -499     1031
  SINCE JUL 1    991                      1513   -522     1071

 COOLING
  YESTERDAY        0                         0      0        0
  MONTH TO DATE    0                         0      0        0
  SINCE SEP 1     99                        65     34      140
  SINCE JAN 1    879                       690    189      715
..................................................................


WIND (MPH)
  HIGHEST WIND SPEED    13   HIGHEST WIND DIRECTION     S (180)
  HIGHEST GUST SPEED    17   HIGHEST GUST DIRECTION     S (170)
  AVERAGE WIND SPEED     5.4


SKY COVER
  POSSIBLE SUNSHINE  MM
  AVERAGE SKY COVER 0.5


WEATHER CONDITIONS
 THE FOLLOWING WEATHER WAS RECORDED YESTERDAY.
  NO SIGNIFICANT WEATHER WAS OBSERVED.


RELATIVE HUMIDITY (PERCENT)
 HIGHEST   100           400 AM
 LOWEST     56           200 PM
 AVERAGE    78

..........................................................


THE SIOUX FALLS SD CLIMATE NORMALS FOR TODAY
                         NORMAL    RECORD    YEAR
 MAXIMUM TEMPERATURE (F)   36        67      1914
 MINIMUM TEMPERATURE (F)   17       -12      1996
                                             1898


SUNRISE AND SUNSET
NOVEMBER 26 2016......SUNRISE   735 AM CST   SUNSET   453 PM CST
NOVEMBER 27 2016......SUNRISE   736 AM CST   SUNSET   453 PM CST


-  INDICATES NEGATIVE NUMBERS.
R  INDICATES RECORD WAS SET OR TIED.
MM INDICATES DATA IS MISSING.
T  INDICATES TRACE AMOUNT.




$$
