000
CDUS43 KFSD 090632
CLIFSD


CLIMATE REPORT
NATIONAL WEATHER SERVICE SIOUX FALLS SD
1231 AM CST THU NOV 9 2017


...................................

...THE SIOUX FALLS SD CLIMATE SUMMARY FOR NOVEMBER 8 2017...

CLIMATE NORMAL PERIOD 1981 TO 2010
CLIMATE RECORD PERIOD 1893 TO 2017


WEATHER ITEM   OBSERVED TIME   RECORD YEAR NORMAL DEPARTURE LAST
                VALUE   (LST)  VALUE       VALUE  FROM      YEAR
                                                  NORMAL
..................................................................
TEMPERATURE (F)
 YESTERDAY
  MAXIMUM         49    414 PM  81    1999  47      2       59
  MINIMUM         20    736 AM  -3    1900  27     -7       32
  AVERAGE         35                        37     -2       46

PRECIPITATION (IN)
  YESTERDAY        0.00          1.25 1970   0.04  -0.04     0.00
  MONTH TO DATE    0.03                      0.36  -0.33     0.02
  SINCE SEP 1      6.93                      5.30   1.63    10.66
  SINCE JAN 1     24.52                     24.69  -0.17    28.52

SNOWFALL (IN)
  YESTERDAY        0.0           8.0  1985   0.2   -0.2      0.0
  MONTH TO DATE    0.2                       1.3   -1.1      0.0
  SINCE SEP 1      0.2                       2.6   -2.4       T
  SINCE JUL 1      0.2                       2.6   -2.4       T
  SNOW DEPTH       0

DEGREE DAYS
 HEATING
  YESTERDAY       30                        28      2       19
  MONTH TO DATE  239                       208     31       97
  SINCE SEP 1    776                       917   -141      550
  SINCE JUL 1    782                       948   -166      558

 COOLING
  YESTERDAY        0                         0      0        0
  MONTH TO DATE    0                         0      0        0
  SINCE SEP 1    102                        65     37       99
  SINCE JAN 1    776                       690     86      879
..................................................................


WIND (MPH)
  HIGHEST WIND SPEED    18   HIGHEST WIND DIRECTION     N (10)
  HIGHEST GUST SPEED    25   HIGHEST GUST DIRECTION     N (10)
  AVERAGE WIND SPEED     6.9


SKY COVER
  POSSIBLE SUNSHINE  MM
  AVERAGE SKY COVER 0.5


WEATHER CONDITIONS
 THE FOLLOWING WEATHER WAS RECORDED YESTERDAY.
  FOG


RELATIVE HUMIDITY (PERCENT)
 HIGHEST   100           700 AM
 LOWEST     53           500 PM
 AVERAGE    77

..........................................................


THE SIOUX FALLS SD CLIMATE NORMALS FOR TODAY
                         NORMAL    RECORD    YEAR
 MAXIMUM TEMPERATURE (F)   47        73      1999
 MINIMUM TEMPERATURE (F)   26         5      1898


SUNRISE AND SUNSET
NOVEMBER  9 2017......SUNRISE   713 AM CST   SUNSET   508 PM CST
NOVEMBER 10 2017......SUNRISE   715 AM CST   SUNSET   507 PM CST


-  INDICATES NEGATIVE NUMBERS.
R  INDICATES RECORD WAS SET OR TIED.
MM INDICATES DATA IS MISSING.
T  INDICATES TRACE AMOUNT.




$$
