918
CDUS43 KFSD 220721
CLIFSD


CLIMATE REPORT
NATIONAL WEATHER SERVICE SIOUX FALLS SD
209 AM CDT FRI SEP 22 2017


...................................

...THE SIOUX FALLS SD CLIMATE SUMMARY FOR SEPTEMBER 21 2017...

CLIMATE NORMAL PERIOD 1981 TO 2010
CLIMATE RECORD PERIOD 1893 TO 2017


WEATHER ITEM   OBSERVED TIME   RECORD YEAR NORMAL DEPARTURE LAST
                VALUE   (LST)  VALUE       VALUE  FROM      YEAR
                                                  NORMAL
..................................................................
TEMPERATURE (F)
 YESTERDAY
  MAXIMUM         86    513 PM  93    1937  71     15       88
  MINIMUM         49   1247 AM  25    1913  47      2       63
  AVERAGE         68                        59      9       76

PRECIPITATION (IN)
  YESTERDAY        0.00          1.70 1959   0.10  -0.10     0.00
  MONTH TO DATE    0.60                      1.98  -1.38     6.32
  SINCE SEP 1      0.60                      1.98  -1.38     6.32
  SINCE JAN 1     18.19                     21.37  -3.18    24.18

SNOWFALL (IN)
  YESTERDAY        0.0           0.0    MM   0.0    0.0      0.0
  MONTH TO DATE    0.0                       0.0    0.0      0.0
  SINCE SEP 1      0.0                       0.0    0.0      0.0
  SINCE JUL 1      0.0                       0.0    0.0      0.0
  SNOW DEPTH       0

DEGREE DAYS
 HEATING
  YESTERDAY        0                         7     -7        0
  MONTH TO DATE   44                        90    -46       25
  SINCE SEP 1     44                        90    -46       25
  SINCE JUL 1     50                       121    -71       33

 COOLING
  YESTERDAY        3                         1      2       11
  MONTH TO DATE   77                        54     23       72
  SINCE SEP 1     77                        54     23       72
  SINCE JAN 1    751                       679     72      852
..................................................................


WIND (MPH)
  HIGHEST WIND SPEED    26   HIGHEST WIND DIRECTION    SE (140)
  HIGHEST GUST SPEED    38   HIGHEST GUST DIRECTION     S (170)
  AVERAGE WIND SPEED    13.0


SKY COVER
  POSSIBLE SUNSHINE  MM
  AVERAGE SKY COVER 0.2


WEATHER CONDITIONS
 THE FOLLOWING WEATHER WAS RECORDED YESTERDAY.
  NO SIGNIFICANT WEATHER WAS OBSERVED.


RELATIVE HUMIDITY (PERCENT)
 HIGHEST    93          1200 AM
 LOWEST     61           300 PM
 AVERAGE    77

..........................................................


THE SIOUX FALLS SD CLIMATE NORMALS FOR TODAY
                         NORMAL    RECORD    YEAR
 MAXIMUM TEMPERATURE (F)   71        94      1936
                                             1908
 MINIMUM TEMPERATURE (F)   46        24      1974


SUNRISE AND SUNSET
SEPTEMBER 22 2017.....SUNRISE   714 AM CDT   SUNSET   724 PM CDT
SEPTEMBER 23 2017.....SUNRISE   716 AM CDT   SUNSET   722 PM CDT


-  INDICATES NEGATIVE NUMBERS.
R  INDICATES RECORD WAS SET OR TIED.
MM INDICATES DATA IS MISSING.
T  INDICATES TRACE AMOUNT.




$$
