000
CDUS43 KFSD 270622
CLIFSD


CLIMATE REPORT
NATIONAL WEATHER SERVICE SIOUX FALLS SD
1222 AM CST TUE JAN 27 2015


...................................

...THE SIOUX FALLS SD CLIMATE SUMMARY FOR JANUARY 26 2015...

CLIMATE NORMAL PERIOD 1981 TO 2010
CLIMATE RECORD PERIOD 1893 TO 2015


WEATHER ITEM   OBSERVED TIME   RECORD YEAR NORMAL DEPARTURE LAST
                VALUE   (LST)  VALUE       VALUE  FROM      YEAR
                                                  NORMAL
..................................................................
TEMPERATURE (F)
 YESTERDAY
  MAXIMUM         48    339 PM  63    2002  27     21       40
  MINIMUM         30   1147 PM -27    1897   7     23       -2
  AVERAGE         39                        17     22       19

PRECIPITATION (IN)
  YESTERDAY        0.00          0.60 1917   0.02  -0.02      T
  MONTH TO DATE    0.57                      0.47   0.10     0.21
  SINCE DEC 1      1.90                      1.16   0.74     1.34
  SINCE JAN 1      0.57                      0.47   0.10     0.21

SNOWFALL (IN)
  YESTERDAY        0.0           5.5  1979   0.2   -0.2       T
  MONTH TO DATE    6.6                       6.4    0.2      3.8
  SINCE DEC 1     12.5                      14.6   -2.1     16.4
  SINCE JUL 1     20.8                      23.3   -2.5     24.3
  SNOW DEPTH       T

DEGREE DAYS
 HEATING
  YESTERDAY       26                        48    -22       46
  MONTH TO DATE 1195                      1266    -71     1317
  SINCE DEC 1   2444                      2687   -243     2964
  SINCE JUL 1   4200                      4399   -199     4585

 COOLING
  YESTERDAY        0                         0      0        0
  MONTH TO DATE    0                         0      0        0
  SINCE DEC 1      0                         0      0        0
  SINCE JAN 1      0                         0      0        0
..................................................................


WIND (MPH)
  HIGHEST WIND SPEED    24   HIGHEST WIND DIRECTION    NW (320)
  HIGHEST GUST SPEED    30   HIGHEST GUST DIRECTION    NW (320)
  AVERAGE WIND SPEED    10.7


SKY COVER
  POSSIBLE SUNSHINE  MM
  AVERAGE SKY COVER 0.2


WEATHER CONDITIONS
 THE FOLLOWING WEATHER WAS RECORDED YESTERDAY.
  NO SIGNIFICANT WEATHER WAS OBSERVED.


RELATIVE HUMIDITY (PERCENT)
 HIGHEST    92          1200 AM
 LOWEST     65           400 PM
 AVERAGE    79

..........................................................


THE SIOUX FALLS SD CLIMATE NORMALS FOR TODAY
                         NORMAL    RECORD    YEAR
 MAXIMUM TEMPERATURE (F)   27        54      1989
 MINIMUM TEMPERATURE (F)    7       -26      1897


SUNRISE AND SUNSET
JANUARY 27 2015.......SUNRISE   749 AM CST   SUNSET   531 PM CST
JANUARY 28 2015.......SUNRISE   748 AM CST   SUNSET   533 PM CST


-  INDICATES NEGATIVE NUMBERS.
R  INDICATES RECORD WAS SET OR TIED.
MM INDICATES DATA IS MISSING.
T  INDICATES TRACE AMOUNT.




$$
