000
CDUS43 KFSD 202221
CLIFSD


CLIMATE REPORT
NATIONAL WEATHER SERVICE SIOUX FALLS SD
521 PM CDT TUE SEP 20 2016


...................................

...THE SIOUX FALLS SD CLIMATE SUMMARY FOR SEPTEMBER 20 2016...
VALID TODAY AS OF 0500 PM LOCAL TIME.

CLIMATE NORMAL PERIOD 1981 TO 2010
CLIMATE RECORD PERIOD 1893 TO 2016


WEATHER ITEM   OBSERVED TIME   RECORD YEAR NORMAL DEPARTURE LAST
                VALUE   (LST)  VALUE       VALUE  FROM      YEAR
                                                  NORMAL
..................................................................
TEMPERATURE (F)
 TODAY
  MAXIMUM         86    243 PM  93    1910  72     14       78
  MINIMUM         54    105 AM  25    1918  47      7       54
  AVERAGE         70                        59     11       66

PRECIPITATION (IN)
  TODAY            0.00          2.91 1950   0.09  -0.09     0.00
  MONTH TO DATE    6.32                      1.88   4.44     1.11
  SINCE SEP 1      6.32                      1.88   4.44     1.11
  SINCE JAN 1     24.18                     21.27   2.91    22.71

SNOWFALL (IN)
  TODAY            0.0           0.0    MM   0.0    0.0      0.0
  MONTH TO DATE    0.0                       0.0    0.0      0.0
  SINCE SEP 1      0.0                       0.0    0.0      0.0
  SINCE JUL 1      0.0                       0.0    0.0      0.0
  SNOW DEPTH       0

DEGREE DAYS
 HEATING
  TODAY            0                         7     -7        0
  MONTH TO DATE   25                        83    -58       47
  SINCE SEP 1     25                        83    -58       47
  SINCE JUL 1     33                       114    -81       87

 COOLING
  TODAY            5                         1      4        1
  MONTH TO DATE   61                        53      8      108
  SINCE SEP 1     61                        53      8      108
  SINCE JAN 1    841                       678    163      683
..................................................................


WIND (MPH)
  HIGHEST WIND SPEED    22   HIGHEST WIND DIRECTION     S (190)
  HIGHEST GUST SPEED    28   HIGHEST GUST DIRECTION     S (170)
  AVERAGE WIND SPEED     8.7


SKY COVER
  POSSIBLE SUNSHINE  MM
  AVERAGE SKY COVER 0.4


WEATHER CONDITIONS
 THE FOLLOWING WEATHER WAS RECORDED TODAY.
  THUNDERSTORM


RELATIVE HUMIDITY (PERCENT)
 HIGHEST    93           100 AM
 LOWEST     45          1200 PM
 AVERAGE    69

..........................................................


THE SIOUX FALLS SD CLIMATE NORMALS FOR TOMORROW
                         NORMAL    RECORD    YEAR
 MAXIMUM TEMPERATURE (F)   71        93      1937
 MINIMUM TEMPERATURE (F)   47        25      1913


SUNRISE AND SUNSET
SEPTEMBER 20 2016.....SUNRISE   712 AM CDT   SUNSET   727 PM CDT
SEPTEMBER 21 2016.....SUNRISE   714 AM CDT   SUNSET   725 PM CDT


-  INDICATES NEGATIVE NUMBERS.
R  INDICATES RECORD WAS SET OR TIED.
MM INDICATES DATA IS MISSING.
T  INDICATES TRACE AMOUNT.




$$
