000
CDUS43 KFSD 270650
CLIFSD


CLIMATE REPORT
NATIONAL WEATHER SERVICE SIOUX FALLS SD
150 AM CDT WED MAY 27 2015


...................................

...THE SIOUX FALLS SD CLIMATE SUMMARY FOR MAY 26 2015...

CLIMATE NORMAL PERIOD 1981 TO 2010
CLIMATE RECORD PERIOD 1893 TO 2015


WEATHER ITEM   OBSERVED TIME   RECORD YEAR NORMAL DEPARTURE LAST
                VALUE   (LST)  VALUE       VALUE  FROM      YEAR
                                                  NORMAL
..................................................................
TEMPERATURE (F)
 YESTERDAY
  MAXIMUM         69    541 PM  96    1914  73     -4       77
  MINIMUM         51   1156 PM  31    1971  50      1       61
  AVERAGE         60                        61     -1       69

PRECIPITATION (IN)
  YESTERDAY        T             2.95 1908   0.11  -0.11     0.01
  MONTH TO DATE    3.24                      2.81   0.43     1.03
  SINCE MAR 1      4.57                      7.58  -3.01     2.91
  SINCE JAN 1      5.79                      8.74  -2.95     3.90

SNOWFALL (IN)
  YESTERDAY        0.0          MM      MM   0.0    0.0      0.0
  MONTH TO DATE    T                         0.4   -0.4      0.0
  SINCE MAR 1      1.7                      13.4  -11.7     11.1
  SINCE JUL 1     31.9                      44.9  -13.0     45.3
  SNOW DEPTH       0

DEGREE DAYS
 HEATING
  YESTERDAY        5                         5      0        0
  MONTH TO DATE  207                       225    -18      270
  SINCE MAR 1   1458                      1782   -324     1941
  SINCE JUL 1   7207                      7632   -425     8288

 COOLING
  YESTERDAY        0                         1     -1        4
  MONTH TO DATE    9                        22    -13       10
  SINCE MAR 1     13                        27    -14       10
  SINCE JAN 1     13                        27    -14       10
..................................................................


WIND (MPH)
  HIGHEST WIND SPEED    15   HIGHEST WIND DIRECTION     N (360)
  HIGHEST GUST SPEED    19   HIGHEST GUST DIRECTION    NE (40)
  AVERAGE WIND SPEED     8.1


SKY COVER
  POSSIBLE SUNSHINE  MM
  AVERAGE SKY COVER 0.9


WEATHER CONDITIONS
 THE FOLLOWING WEATHER WAS RECORDED YESTERDAY.
  LIGHT RAIN


RELATIVE HUMIDITY (PERCENT)
 HIGHEST    93           200 AM
 LOWEST     59           500 PM
 AVERAGE    76

..........................................................


THE SIOUX FALLS SD CLIMATE NORMALS FOR TODAY
                         NORMAL    RECORD    YEAR
 MAXIMUM TEMPERATURE (F)   73        92      1969
                                             1913
                                             1895
 MINIMUM TEMPERATURE (F)   50        29      1907


SUNRISE AND SUNSET
MAY 27 2015...........SUNRISE   552 AM CDT   SUNSET   857 PM CDT
MAY 28 2015...........SUNRISE   551 AM CDT   SUNSET   858 PM CDT


-  INDICATES NEGATIVE NUMBERS.
R  INDICATES RECORD WAS SET OR TIED.
MM INDICATES DATA IS MISSING.
T  INDICATES TRACE AMOUNT.




$$
