000
CDUS43 KFSD 170629
CLIFSD


CLIMATE REPORT
NATIONAL WEATHER SERVICE SIOUX FALLS SD
1227 AM CST SUN DEC 17 2017


...................................

...THE SIOUX FALLS SD CLIMATE SUMMARY FOR DECEMBER 16 2017...

CLIMATE NORMAL PERIOD 1981 TO 2010
CLIMATE RECORD PERIOD 1893 TO 2017


WEATHER ITEM   OBSERVED TIME   RECORD YEAR NORMAL DEPARTURE LAST
                VALUE   (LST)  VALUE       VALUE  FROM      YEAR
                                                  NORMAL
..................................................................
TEMPERATURE (F)
 YESTERDAY
  MAXIMUM         46    211 PM  60    1939  28     18       16
  MINIMUM         27   1015 PM -22    1914   9     18        7
  AVERAGE         37                        19     18       12

PRECIPITATION (IN)
  YESTERDAY        0.00          0.38 1961   0.02  -0.02     0.37
  MONTH TO DATE    0.07                      0.40  -0.33     0.66
  SINCE DEC 1      0.07                      0.40  -0.33     0.66
  SINCE JAN 1     24.59                     26.09  -1.50    30.97

SNOWFALL (IN)
  YESTERDAY        0.0           6.2  2016   0.2   -0.2      6.2
  MONTH TO DATE    1.2                       4.4   -3.2     10.0
  SINCE DEC 1      1.2                       4.4   -3.2     10.0
  SINCE JUL 1      1.4                      13.1  -11.7     16.0
  SNOW DEPTH       0

DEGREE DAYS
 HEATING
  YESTERDAY       28                        46    -18       53
  MONTH TO DATE  544                       704   -160      762
  SINCE DEC 1    544                       704   -160      762
  SINCE JUL 1   1953                      2416   -463     1897

 COOLING
  YESTERDAY        0                         0      0        0
  MONTH TO DATE    0                         0      0        0
  SINCE DEC 1      0                         0      0        0
  SINCE JAN 1    776                       690     86      879
..................................................................


WIND (MPH)
  HIGHEST WIND SPEED    18   HIGHEST WIND DIRECTION     N (350)
  HIGHEST GUST SPEED    22   HIGHEST GUST DIRECTION     N (350)
  AVERAGE WIND SPEED     7.0


SKY COVER
  POSSIBLE SUNSHINE  MM
  AVERAGE SKY COVER 0.4


WEATHER CONDITIONS
 THE FOLLOWING WEATHER WAS RECORDED YESTERDAY.
  NO SIGNIFICANT WEATHER WAS OBSERVED.


RELATIVE HUMIDITY (PERCENT)
 HIGHEST    92           900 PM
 LOWEST     60           100 PM
 AVERAGE    76

..........................................................


THE SIOUX FALLS SD CLIMATE NORMALS FOR TODAY
                         NORMAL    RECORD    YEAR
 MAXIMUM TEMPERATURE (F)   28        56      1962
 MINIMUM TEMPERATURE (F)    9       -24      1922


SUNRISE AND SUNSET
DECEMBER 17 2017......SUNRISE   755 AM CST   SUNSET   452 PM CST
DECEMBER 18 2017......SUNRISE   755 AM CST   SUNSET   452 PM CST


-  INDICATES NEGATIVE NUMBERS.
R  INDICATES RECORD WAS SET OR TIED.
MM INDICATES DATA IS MISSING.
T  INDICATES TRACE AMOUNT.




$$
