000
CDUS43 KFSD 302229
CLIFSD


CLIMATE REPORT
NATIONAL WEATHER SERVICE SIOUX FALLS SD
425 PM CST WED NOV 30 2016


...................................

...THE SIOUX FALLS SD CLIMATE SUMMARY FOR NOVEMBER 30 2016...
VALID TODAY AS OF 0400 PM LOCAL TIME.

CLIMATE NORMAL PERIOD 1981 TO 2010
CLIMATE RECORD PERIOD 1893 TO 2016


WEATHER ITEM   OBSERVED TIME   RECORD YEAR NORMAL DEPARTURE LAST
                VALUE   (LST)  VALUE       VALUE  FROM      YEAR
                                                  NORMAL
..................................................................
TEMPERATURE (F)
 TODAY
  MAXIMUM         33    359 PM  60    1951  34     -1       30
  MINIMUM         31    921 AM -17    1964  15     16       28
  AVERAGE         32                        24      8       29

PRECIPITATION (IN)
  TODAY            T             0.68 1954   0.04  -0.04     0.65
  MONTH TO DATE    1.79                      1.36   0.43     3.89
  SINCE SEP 1     12.43                      6.30   6.13    10.03
  SINCE JAN 1     30.29                     25.69   4.60    31.63

SNOWFALL (IN)
  TODAY            T             8.7  2015   0.3   -0.3      8.7
  MONTH TO DATE    5.6                       7.4   -1.8     17.3
  SINCE SEP 1      5.6                       8.7   -3.1     17.3
  SINCE JUL 1      5.6                       8.7   -3.1     17.3
  SNOW DEPTH       T

DEGREE DAYS
 HEATING
  TODAY           33                        41     -8       36
  MONTH TO DATE  674                       971   -297      795
  SINCE SEP 1   1127                      1681   -554     1234
  SINCE JUL 1   1135                      1712   -577     1274

 COOLING
  TODAY            0                         0      0        0
  MONTH TO DATE    0                         0      0        0
  SINCE SEP 1     99                        65     34      140
  SINCE JAN 1    879                       690    189      715
..................................................................


WIND (MPH)
  HIGHEST WIND SPEED    24   HIGHEST WIND DIRECTION    NW (300)
  HIGHEST GUST SPEED    30   HIGHEST GUST DIRECTION    NW (310)
  AVERAGE WIND SPEED    16.3


SKY COVER
  POSSIBLE SUNSHINE  MM
  AVERAGE SKY COVER 1.0


WEATHER CONDITIONS
 THE FOLLOWING WEATHER WAS RECORDED TODAY.
  LIGHT SNOW
  FOG


RELATIVE HUMIDITY (PERCENT)
 HIGHEST   100           400 AM
 LOWEST     89          1100 AM
 AVERAGE    95

..........................................................


THE SIOUX FALLS SD CLIMATE NORMALS FOR TOMORROW
                         NORMAL    RECORD    YEAR
 MAXIMUM TEMPERATURE (F)   33        63      1998
 MINIMUM TEMPERATURE (F)   15       -13      1897


SUNRISE AND SUNSET
NOVEMBER 30 2016......SUNRISE   740 AM CST   SUNSET   452 PM CST
DECEMBER  1 2016......SUNRISE   741 AM CST   SUNSET   451 PM CST


-  INDICATES NEGATIVE NUMBERS.
R  INDICATES RECORD WAS SET OR TIED.
MM INDICATES DATA IS MISSING.
T  INDICATES TRACE AMOUNT.




$$
