000
CDUS43 KFSD 090648
CLIFSD


CLIMATE REPORT
NATIONAL WEATHER SERVICE SIOUX FALLS SD
1247 AM CST THU FEB 9 2017


...................................

...THE SIOUX FALLS SD CLIMATE SUMMARY FOR FEBRUARY 8 2017...

CLIMATE NORMAL PERIOD 1981 TO 2010
CLIMATE RECORD PERIOD 1893 TO 2017


WEATHER ITEM   OBSERVED TIME   RECORD YEAR NORMAL DEPARTURE LAST
                VALUE   (LST)  VALUE       VALUE  FROM      YEAR
                                                  NORMAL
..................................................................
TEMPERATURE (F)
 YESTERDAY
  MAXIMUM         17    346 PM  58    2002  29    -12       25
                                      1991
  MINIMUM          6    836 AM -38    1899  10     -4       14
  AVERAGE         12                        19     -7       20

PRECIPITATION (IN)
  YESTERDAY        0.00          0.79 1966   0.01  -0.01     0.01
  MONTH TO DATE    T                         0.14  -0.14     0.32
  SINCE DEC 1      2.54                      1.39   1.15     2.11
  SINCE JAN 1      0.62                      0.70  -0.08     0.80

SNOWFALL (IN)
  YESTERDAY        0.0           6.0  1909   0.3   -0.3      0.2
  MONTH TO DATE    T                         2.0   -2.0      4.6
  SINCE DEC 1     20.3                      17.9    2.4     30.6
  SINCE JUL 1     26.3                      26.6   -0.3     47.9
  SNOW DEPTH       T

DEGREE DAYS
 HEATING
  YESTERDAY       53                        46      7       45
  MONTH TO DATE  357                       372    -15      326
  SINCE DEC 1   3103                      3292   -189     2988
  SINCE JUL 1   4238                      5004   -766     4262

 COOLING
  YESTERDAY        0                         0      0        0
  MONTH TO DATE    0                         0      0        0
  SINCE DEC 1      0                         0      0        0
  SINCE JAN 1      0                         0      0        0
..................................................................


WIND (MPH)
  HIGHEST WIND SPEED    18   HIGHEST WIND DIRECTION    NW (310)
  HIGHEST GUST SPEED    22   HIGHEST GUST DIRECTION    NW (310)
  AVERAGE WIND SPEED    12.1


SKY COVER
  POSSIBLE SUNSHINE  MM
  AVERAGE SKY COVER 0.7


WEATHER CONDITIONS
 THE FOLLOWING WEATHER WAS RECORDED YESTERDAY.
  NO SIGNIFICANT WEATHER WAS OBSERVED.


RELATIVE HUMIDITY (PERCENT)
 HIGHEST    76           600 AM
 LOWEST     49           300 PM
 AVERAGE    63

..........................................................


THE SIOUX FALLS SD CLIMATE NORMALS FOR TODAY
                         NORMAL    RECORD    YEAR
 MAXIMUM TEMPERATURE (F)   30        58      1977
 MINIMUM TEMPERATURE (F)   10       -42      1899


SUNRISE AND SUNSET
FEBRUARY  9 2017......SUNRISE   733 AM CST   SUNSET   550 PM CST
FEBRUARY 10 2017......SUNRISE   732 AM CST   SUNSET   551 PM CST


-  INDICATES NEGATIVE NUMBERS.
R  INDICATES RECORD WAS SET OR TIED.
MM INDICATES DATA IS MISSING.
T  INDICATES TRACE AMOUNT.




$$
