520
CDUS43 KFSD 120727
CLIFSD


CLIMATE REPORT
NATIONAL WEATHER SERVICE SIOUX FALLS SD
127 AM CST THU JAN 12 2017


...................................

...THE SIOUX FALLS SD CLIMATE SUMMARY FOR JANUARY 11 2017...

CLIMATE NORMAL PERIOD 1981 TO 2010
CLIMATE RECORD PERIOD 1893 TO 2017


WEATHER ITEM   OBSERVED TIME   RECORD YEAR NORMAL DEPARTURE LAST
                VALUE   (LST)  VALUE       VALUE  FROM      YEAR
                                                  NORMAL
..................................................................
TEMPERATURE (F)
 YESTERDAY
  MAXIMUM         11    200 PM  51    1958  26    -15       27
  MINIMUM          5    811 PM -32    1918   7     -2       -6
  AVERAGE          8                        16     -8       11

PRECIPITATION (IN)
  YESTERDAY        T             0.42 1930   0.02  -0.02      T
  MONTH TO DATE    0.12                      0.21  -0.09     0.31
  SINCE DEC 1      2.04                      0.90   1.14     1.62
  SINCE JAN 1      0.12                      0.21  -0.09     0.31

SNOWFALL (IN)
  YESTERDAY        T             5.0  1930   0.2   -0.2       T
                                      1905
  MONTH TO DATE    1.7                       2.7   -1.0      4.5
  SINCE DEC 1     12.6                      10.9    1.7     23.6
  SINCE JUL 1     18.6                      19.6   -1.0     40.9
  SNOW DEPTH       1

DEGREE DAYS
 HEATING
  YESTERDAY       57                        49      8       54
  MONTH TO DATE  590                       539     51      534
  SINCE DEC 1   1979                      1960     19     1728
  SINCE JUL 1   3114                      3672   -558     3002

 COOLING
  YESTERDAY        0                         0      0        0
  MONTH TO DATE    0                         0      0        0
  SINCE DEC 1      0                         0      0        0
  SINCE JAN 1      0                         0      0        0
..................................................................


WIND (MPH)
  HIGHEST WIND SPEED    22   HIGHEST WIND DIRECTION     N (360)
  HIGHEST GUST SPEED    26   HIGHEST GUST DIRECTION     N (360)
  AVERAGE WIND SPEED    11.7


SKY COVER
  POSSIBLE SUNSHINE  MM
  AVERAGE SKY COVER 0.7


WEATHER CONDITIONS
 THE FOLLOWING WEATHER WAS RECORDED YESTERDAY.
  LIGHT SNOW


RELATIVE HUMIDITY (PERCENT)
 HIGHEST    88           200 AM
 LOWEST     63           800 PM
 AVERAGE    76

..........................................................


THE SIOUX FALLS SD CLIMATE NORMALS FOR TODAY
                         NORMAL    RECORD    YEAR
 MAXIMUM TEMPERATURE (F)   26        58      1987
 MINIMUM TEMPERATURE (F)    7       -38      1912


SUNRISE AND SUNSET
JANUARY 12 2017.......SUNRISE   758 AM CST   SUNSET   513 PM CST
JANUARY 13 2017.......SUNRISE   758 AM CST   SUNSET   514 PM CST


-  INDICATES NEGATIVE NUMBERS.
R  INDICATES RECORD WAS SET OR TIED.
MM INDICATES DATA IS MISSING.
T  INDICATES TRACE AMOUNT.




$$
