000
CDUS43 KFSD 130640
CLIFSD


CLIMATE REPORT
NATIONAL WEATHER SERVICE SIOUX FALLS SD
1238 AM CST SAT DEC 13 2014


...................................

...THE SIOUX FALLS SD CLIMATE SUMMARY FOR DECEMBER 12 2014...

CLIMATE NORMAL PERIOD 1981 TO 2010
CLIMATE RECORD PERIOD 1893 TO 2014


WEATHER ITEM   OBSERVED TIME   RECORD YEAR NORMAL DEPARTURE LAST
                VALUE   (LST)  VALUE       VALUE  FROM      YEAR
                                                  NORMAL
..................................................................
TEMPERATURE (F)
 YESTERDAY
  MAXIMUM         47   1026 PM  58    1913  29     18       29
  MINIMUM         33    506 AM -22    1932  10     23        5
  AVERAGE         40                        20     20       17

PRECIPITATION (IN)
  YESTERDAY        0.00          0.40 1968   0.03  -0.03     0.00
                                      1897
  MONTH TO DATE    T                         0.32  -0.32     0.81
  SINCE DEC 1      T                         0.32  -0.32     0.81
  SINCE JAN 1     27.94                     26.01   1.93    25.47

SNOWFALL (IN)
  YESTERDAY        0.0           5.0  1968   0.3   -0.3      0.0
  MONTH TO DATE    T                         3.4   -3.4      8.8
  SINCE DEC 1      T                         3.4   -3.4      8.8
  SINCE JUL 1      8.3                      12.1   -3.8     16.7
  SNOW DEPTH       0

DEGREE DAYS
 HEATING
  YESTERDAY       25                        45    -20       48
  MONTH TO DATE  447                       520    -73      644
  SINCE DEC 1    447                       520    -73      644
  SINCE JUL 1   2203                      2232    -29     2265

 COOLING
  YESTERDAY        0                         0      0        0
  MONTH TO DATE    0                         0      0        0
  SINCE DEC 1      0                         0      0        0
  SINCE JAN 1    610                       690    -80      787
..................................................................


WIND (MPH)
  HIGHEST WIND SPEED    20   HIGHEST WIND DIRECTION     S (200)
  HIGHEST GUST SPEED    28   HIGHEST GUST DIRECTION    SW (210)
  AVERAGE WIND SPEED    14.2


SKY COVER
  POSSIBLE SUNSHINE  MM
  AVERAGE SKY COVER 0.9


WEATHER CONDITIONS
 THE FOLLOWING WEATHER WAS RECORDED YESTERDAY.
  FOG


RELATIVE HUMIDITY (PERCENT)
 HIGHEST   100           700 AM
 LOWEST     76           300 PM
 AVERAGE    88

..........................................................


THE SIOUX FALLS SD CLIMATE NORMALS FOR TODAY
                         NORMAL    RECORD    YEAR
 MAXIMUM TEMPERATURE (F)   29        60      1921
 MINIMUM TEMPERATURE (F)   10       -28      1917
                                             1903


SUNRISE AND SUNSET
DECEMBER 13 2014......SUNRISE   752 AM CST   SUNSET   451 PM CST
DECEMBER 14 2014......SUNRISE   752 AM CST   SUNSET   451 PM CST


-  INDICATES NEGATIVE NUMBERS.
R  INDICATES RECORD WAS SET OR TIED.
MM INDICATES DATA IS MISSING.
T  INDICATES TRACE AMOUNT.




$$
