000
CDUS43 KFSD 160710
CLIFSD


CLIMATE REPORT
NATIONAL WEATHER SERVICE SIOUX FALLS SD
208 AM CDT FRI SEP 16 2016


...................................

...THE SIOUX FALLS SD CLIMATE SUMMARY FOR SEPTEMBER 15 2016...

CLIMATE NORMAL PERIOD 1981 TO 2010
CLIMATE RECORD PERIOD 1893 TO 2016


WEATHER ITEM   OBSERVED TIME   RECORD YEAR NORMAL DEPARTURE LAST
                VALUE   (LST)  VALUE       VALUE  FROM      YEAR
                                                  NORMAL
..................................................................
TEMPERATURE (F)
 YESTERDAY
  MAXIMUM         67    753 AM  99    1955  74     -7       84
  MINIMUM         61    704 PM  28    1916  50     11       65
  AVERAGE         64                        62      2       75

PRECIPITATION (IN)
  YESTERDAY        3.61R         1.50 1988   0.09   3.52      T
  MONTH TO DATE    6.32                      1.44   4.88     1.05
  SINCE SEP 1      6.32                      1.44   4.88     1.05
  SINCE JAN 1     24.18                     20.83   3.35    22.65

SNOWFALL (IN)
  YESTERDAY        0.0           0.0    MM   0.0    0.0      0.0
  MONTH TO DATE    0.0                       0.0    0.0      0.0
  SINCE SEP 1      0.0                       0.0    0.0      0.0
  SINCE JUL 1      0.0                       0.0    0.0      0.0
  SNOW DEPTH       0

DEGREE DAYS
 HEATING
  YESTERDAY        1                         5     -4        0
  MONTH TO DATE   25                        51    -26       24
  SINCE SEP 1     25                        51    -26       24
  SINCE JUL 1     33                        82    -49       64

 COOLING
  YESTERDAY        0                         2     -2       10
  MONTH TO DATE   44                        46     -2       90
  SINCE SEP 1     44                        46     -2       90
  SINCE JAN 1    824                       671    153      665
..................................................................


WIND (MPH)
  HIGHEST WIND SPEED    21   HIGHEST WIND DIRECTION     E (110)
  HIGHEST GUST SPEED    27   HIGHEST GUST DIRECTION     E (110)
  AVERAGE WIND SPEED     6.9


SKY COVER
  POSSIBLE SUNSHINE  MM
  AVERAGE SKY COVER 1.0


WEATHER CONDITIONS
 THE FOLLOWING WEATHER WAS RECORDED YESTERDAY.
  THUNDERSTORM
  HEAVY RAIN
  RAIN
  LIGHT RAIN
  FOG


RELATIVE HUMIDITY (PERCENT)
 HIGHEST   100           600 AM
 LOWEST     78          1200 AM
 AVERAGE    89

..........................................................


THE SIOUX FALLS SD CLIMATE NORMALS FOR TODAY
                         NORMAL    RECORD    YEAR
 MAXIMUM TEMPERATURE (F)   73        96      1955
 MINIMUM TEMPERATURE (F)   49        28      1903
                                             1893


SUNRISE AND SUNSET
SEPTEMBER 16 2016.....SUNRISE   708 AM CDT   SUNSET   734 PM CDT
SEPTEMBER 17 2016.....SUNRISE   709 AM CDT   SUNSET   732 PM CDT


-  INDICATES NEGATIVE NUMBERS.
R  INDICATES RECORD WAS SET OR TIED.
MM INDICATES DATA IS MISSING.
T  INDICATES TRACE AMOUNT.




$$
