000
CDUS43 KFSD 172219
CLIFSD


CLIMATE REPORT
NATIONAL WEATHER SERVICE SIOUX FALLS SD
518 PM CDT SAT JUN 17 2017


...................................

...THE SIOUX FALLS SD CLIMATE SUMMARY FOR JUNE 17 2017...
VALID TODAY AS OF 0500 PM LOCAL TIME.

CLIMATE NORMAL PERIOD 1981 TO 2010
CLIMATE RECORD PERIOD 1893 TO 2017


WEATHER ITEM   OBSERVED TIME   RECORD YEAR NORMAL DEPARTURE LAST
                VALUE   (LST)  VALUE       VALUE  FROM      YEAR
                                                  NORMAL
..................................................................
TEMPERATURE (F)
 TODAY
  MAXIMUM         77    108 PM  97    1940  80     -3       93
                                      1898
  MINIMUM         58    326 AM  38    1974  57      1       67
  AVERAGE         68                        68      0       80

PRECIPITATION (IN)
  TODAY            0.18          2.31 1956   0.13   0.05     0.24
  MONTH TO DATE    1.54                      2.26  -0.72     1.00
  SINCE JUN 1      1.54                      2.26  -0.72     1.00
  SINCE JAN 1      9.29                     11.59  -2.30    12.50

SNOWFALL (IN)
  TODAY            0.0           0.0    MM   0.0    0.0      0.0
  MONTH TO DATE    0.0                       0.0    0.0      0.0
  SINCE JUN 1      0.0                       0.0    0.0      0.0
  SINCE JUL 1     42.9                      44.5   -1.6     68.5
  SNOW DEPTH       0

DEGREE DAYS
 HEATING
  TODAY            0                         1     -1        0
  MONTH TO DATE    3                        42    -39        9
  SINCE JUN 1      3                        42    -39        9
  SINCE JUL 1   6440                      7697  -1257     6504

 COOLING
  TODAY            3                         5     -2       15
  MONTH TO DATE  166                        55    111      146
  SINCE JUN 1    166                        55    111      146
  SINCE JAN 1    192                        91    101      179
..................................................................


WIND (MPH)
  HIGHEST WIND SPEED    25   HIGHEST WIND DIRECTION    NW (320)
  HIGHEST GUST SPEED    32   HIGHEST GUST DIRECTION    NW (320)
  AVERAGE WIND SPEED     3.5


SKY COVER
  POSSIBLE SUNSHINE  MM
  AVERAGE SKY COVER 0.7


WEATHER CONDITIONS
 THE FOLLOWING WEATHER WAS RECORDED TODAY.
  THUNDERSTORM
  LIGHT RAIN
  FOG


RELATIVE HUMIDITY (PERCENT)
 HIGHEST    90           500 AM
 LOWEST     61           200 PM
 AVERAGE    76

..........................................................


THE SIOUX FALLS SD CLIMATE NORMALS FOR TOMORROW
                         NORMAL    RECORD    YEAR
 MAXIMUM TEMPERATURE (F)   80       101      1953
 MINIMUM TEMPERATURE (F)   57        42      1926
                                             1902


SUNRISE AND SUNSET
JUNE 17 2017..........SUNRISE   545 AM CDT   SUNSET   911 PM CDT
JUNE 18 2017..........SUNRISE   545 AM CDT   SUNSET   911 PM CDT


-  INDICATES NEGATIVE NUMBERS.
R  INDICATES RECORD WAS SET OR TIED.
MM INDICATES DATA IS MISSING.
T  INDICATES TRACE AMOUNT.




$$
